{"id":424,"date":"2015-03-20T07:05:20","date_gmt":"2015-03-20T07:05:20","guid":{"rendered":"http:\/\/blogsaverroes.juntadeandalucia.es\/pre\/ceip\/?page_id=424"},"modified":"2021-12-14T14:24:32","modified_gmt":"2021-12-14T14:24:32","slug":"educacion-infantil","status":"publish","type":"page","link":"https:\/\/blogsaverroes.juntadeandalucia.es\/eisantamaria\/educacion-infantil\/","title":{"rendered":"Educaci\u00f3n Infantil"},"content":{"rendered":"<div id=\"block-terra-page-title\">\n<p>La educaci\u00f3n infantil contribuye al desarrollo f\u00edsico, afectivo, social e intelectual de los ni\u00f1os y ni\u00f1as desde que nacen hasta los seis a\u00f1os de edad. Es de car\u00e1cter voluntario, por lo que los alumnos pueden incorporarse a esta etapa en cualquiera de los cursos.<\/p>\n<p><span style=\"font-size: 16px\">Se ordena en dos ciclos:<\/span><\/p>\n<\/div>\n<div id=\"block-terra-content\" class=\"block block-system block-system-main-block\">\n<div class=\"content\">\n<article class=\"node node--type-pagina-estandar node--promoted node--view-mode-full clearfix\" role=\"article\">\n<div class=\"node__content clearfix\">\n<div class=\"layout--cont-estruct container clearfix\">\n<div class=\"row\">\n<div class=\"col-12 col-md-12 col-lg-8\">\n<div class=\"cont-secc col-12 contenidos_nivel3 editor\">\n<div class=\"block block-layout-builder block-field-blocknodepagina-estandarfield-contenido\">\n<div class=\"content\">\n<div class=\"clearfix text-formatted field field--name-field-contenido field--type-text-with-summary field--label-hidden field__item\">\n<ul>\n<li>Primer ciclo: comprendido entre 0 y 3 a\u00f1os.<\/li>\n<li>Segundo ciclo: comprendido entre 3 y 6 a\u00f1os.<\/li>\n<\/ul>\n<p>El primer ciclo de educaci\u00f3n infantil se imparte en escuelas infantiles autorizadas por la administraci\u00f3n educativa, que garantizar\u00e1 progresivamente la existencia de puestos escolares para atender a la demanda de las familias.<\/p>\n<p>El segundo ciclo se imparte en centros propios (escuelas infantiles) o compartidos con primaria (en los CEIP o Centros de Educaci\u00f3n Infantil y Primaria).<\/p>\n<p>Las familias colaboran en la financiaci\u00f3n del primer ciclo de educaci\u00f3n infantil en funci\u00f3n de sus ingresos econ\u00f3micos. El segundo ciclo es de car\u00e1cter gratuito en los centros p\u00fablicos y concertados.<\/p>\n<p>&nbsp;<\/p>\n<h2>Infantil 0-3 a\u00f1os: Descripci\u00f3n de la etapa<\/h2>\n<p>El primer ciclo de Educaci\u00f3n infantil contribuye al desarrollo equilibrado de las capacidades afectivas, motrices, cognitivas y de comunicaci\u00f3n y lenguaje de los ni\u00f1os y ni\u00f1as desde el nacimiento hasta los 3 a\u00f1os de edad.<\/p>\n<p>La Educaci\u00f3n Infantil ayudar\u00e1 de forma decisiva al desarrollo y aprendizaje de los ni\u00f1os y las ni\u00f1as desde los primeros a\u00f1os de su vida. Desarrollar\u00e1 las capacidades y competencias necesarias para su integraci\u00f3n activa en la sociedad y posibilitar\u00e1 aprendizajes relevantes en continua interacci\u00f3n con el medio f\u00edsico, natural, social y cultural a trav\u00e9s de la utilizaci\u00f3n de diversos lenguajes.<\/p>\n<p>La incorporaci\u00f3n a la escuela infantil de las ni\u00f1as y los ni\u00f1os en estas edades va a suponer entrar en contacto con una realidad cada vez m\u00e1s amplia y diversa, multiplic\u00e1ndose las oportunidades de interaccionar con lo que les rodea. Las distintas situaciones vividas y las m\u00faltiples experiencias que la escuela les procura, les&nbsp; permitir\u00e1 tomar conciencia del medio en el que transcurre nuestra vida y del que formamos parte.<\/p>\n<p>Este primer ciclo de Educaci\u00f3n Infantil se imparte en escuelas infantiles&nbsp; autorizadas por la administraci\u00f3n educativa, garantizando progresivamente la existencia de puestos escolares para atender a la creciente demanda de las familias.<\/p>\n<\/div>\n<\/div>\n<\/div>\n<\/div>\n<\/div>\n<\/div>\n<\/div>\n<\/div>\n<\/article>\n<\/div>\n<\/div>\n<p>&nbsp;<\/p>\n","protected":false},"excerpt":{"rendered":"<p>La educaci\u00f3n infantil contribuye al desarrollo f\u00edsico, afectivo, social e intelectual de los ni\u00f1os y ni\u00f1as desde que nacen hasta los seis a\u00f1os de edad. Es de car\u00e1cter voluntario, por lo que los alumnos pueden incorporarse a esta etapa en cualquiera de los cursos. Se ordena en dos ciclos: Primer ciclo: comprendido entre 0 y [&hellip;]<\/p>\n","protected":false},"author":1,"featured_media":0,"parent":0,"menu_order":0,"comment_status":"closed","ping_status":"open","template":"page-c.php","meta":{"ngg_post_thumbnail":0,"footnotes":"","_mc_calendar":[]},"aioseo_notices":[],"_links":{"self":[{"href":"https:\/\/blogsaverroes.juntadeandalucia.es\/eisantamaria\/wp-json\/wp\/v2\/pages\/424"}],"collection":[{"href":"https:\/\/blogsaverroes.juntadeandalucia.es\/eisantamaria\/wp-json\/wp\/v2\/pages"}],"about":[{"href":"https:\/\/blogsaverroes.juntadeandalucia.es\/eisantamaria\/wp-json\/wp\/v2\/types\/page"}],"author":[{"embeddable":true,"href":"https:\/\/blogsaverroes.juntadeandalucia.es\/eisantamaria\/wp-json\/wp\/v2\/users\/1"}],"replies":[{"embeddable":true,"href":"https:\/\/blogsaverroes.juntadeandalucia.es\/eisantamaria\/wp-json\/wp\/v2\/comments?post=424"}],"version-history":[{"count":5,"href":"https:\/\/blogsaverroes.juntadeandalucia.es\/eisantamaria\/wp-json\/wp\/v2\/pages\/424\/revisions"}],"predecessor-version":[{"id":2360,"href":"https:\/\/blogsaverroes.juntadeandalucia.es\/eisantamaria\/wp-json\/wp\/v2\/pages\/424\/revisions\/2360"}],"wp:attachment":[{"href":"https:\/\/blogsaverroes.juntadeandalucia.es\/eisantamaria\/wp-json\/wp\/v2\/media?parent=424"}],"curies":[{"name":"wp","href":"https:\/\/api.w.org\/{rel}","templated":true}]}}