{"id":77,"date":"2015-03-16T06:54:56","date_gmt":"2015-03-16T06:54:56","guid":{"rendered":"http:\/\/blogsaverroes.juntadeandalucia.es\/pre\/ceip\/?page_id=77"},"modified":"2024-09-14T18:12:03","modified_gmt":"2024-09-14T18:12:03","slug":"secretaria","status":"publish","type":"page","link":"https:\/\/blogsaverroes.juntadeandalucia.es\/eisantamaria\/secretaria\/","title":{"rendered":"Secretar\u00eda"},"content":{"rendered":"<p>Las Escuelas Infantiles de titularidad de la Junta de Andaluc\u00eda carecen de una secretar\u00eda como tal, pero s\u00ed desarrollamos las funciones propias de una Secretar\u00eda que son muy importantes en la vida de un centro, especialmente en la relaci\u00f3n que se mantiene con las familias en los diferentes tr\u00e1mites administrativos: admisi\u00f3n, matr\u00edcula, certificados, impresos de tasas,&#8230; etc.<\/p>\n<p>Estos tr\u00e1mites son atendidos por la direcci\u00f3n de la Escuela y no tenemos establecido un horario de atenci\u00f3n espec\u00edfico, pero s\u00ed <strong>es necesario<\/strong> llamar previamente para <strong>pedir cita<\/strong>.<\/p>\n<p>Ciertos tr\u00e1mites puedes realizarlos a trav\u00e9s de la secretar\u00eda virtual a la que acceder\u00e1s desde el siguiente enlace:<a href=\"https:\/\/www.juntadeandalucia.es\/educacion\/secretariavirtual\/\"><img decoding=\"async\" class=\"wp-image-2501 aligncenter\" src=\"https:\/\/blogsaverroes.juntadeandalucia.es\/eisantamaria\/files\/2022\/03\/secr-virtual.jpg\" alt=\"\" width=\"239\" height=\"54\" srcset=\"https:\/\/blogsaverroes.juntadeandalucia.es\/eisantamaria\/files\/2022\/03\/secr-virtual.jpg 833w, https:\/\/blogsaverroes.juntadeandalucia.es\/eisantamaria\/files\/2022\/03\/secr-virtual-300x68.jpg 300w, https:\/\/blogsaverroes.juntadeandalucia.es\/eisantamaria\/files\/2022\/03\/secr-virtual-768x174.jpg 768w\" sizes=\"(max-width: 239px) 100vw, 239px\" \/><\/a><\/p>\n<p><strong>Informaci\u00f3n de tr\u00e1mites<\/strong>:<\/p>\n<table style=\"border-collapse: collapse;width: 99.1885%;height: 68px\">\n<tbody>\n<tr style=\"height: 48px\">\n<td style=\"width: 100%;height: 48px\">Actualmente, ante la existencia de vacantes, <strong>se pueden presentar solicitudes de admisi\u00f3n fuera de plazo<\/strong> para ni\u00f1os o ni\u00f1as nacidos\/as en los a\u00f1os 2022, 2023 y 2024 <strong>para el curso escolar 2024\/2025.<\/strong><\/td>\n<\/tr>\n<\/tbody>\n<\/table>\n","protected":false},"excerpt":{"rendered":"<p>Las Escuelas Infantiles de titularidad de la Junta de Andaluc\u00eda carecen de una secretar\u00eda como tal, pero s\u00ed desarrollamos las funciones propias de una Secretar\u00eda que son muy importantes en la vida de un centro, especialmente en la relaci\u00f3n que se mantiene con las familias en los diferentes tr\u00e1mites administrativos: admisi\u00f3n, matr\u00edcula, certificados, impresos de [&hellip;]<\/p>\n","protected":false},"author":1,"featured_media":0,"parent":0,"menu_order":0,"comment_status":"closed","ping_status":"open","template":"page-c.php","meta":{"ngg_post_thumbnail":0,"footnotes":"","_mc_calendar":[]},"aioseo_notices":[],"_links":{"self":[{"href":"https:\/\/blogsaverroes.juntadeandalucia.es\/eisantamaria\/wp-json\/wp\/v2\/pages\/77"}],"collection":[{"href":"https:\/\/blogsaverroes.juntadeandalucia.es\/eisantamaria\/wp-json\/wp\/v2\/pages"}],"about":[{"href":"https:\/\/blogsaverroes.juntadeandalucia.es\/eisantamaria\/wp-json\/wp\/v2\/types\/page"}],"author":[{"embeddable":true,"href":"https:\/\/blogsaverroes.juntadeandalucia.es\/eisantamaria\/wp-json\/wp\/v2\/users\/1"}],"replies":[{"embeddable":true,"href":"https:\/\/blogsaverroes.juntadeandalucia.es\/eisantamaria\/wp-json\/wp\/v2\/comments?post=77"}],"version-history":[{"count":22,"href":"https:\/\/blogsaverroes.juntadeandalucia.es\/eisantamaria\/wp-json\/wp\/v2\/pages\/77\/revisions"}],"predecessor-version":[{"id":3304,"href":"https:\/\/blogsaverroes.juntadeandalucia.es\/eisantamaria\/wp-json\/wp\/v2\/pages\/77\/revisions\/3304"}],"wp:attachment":[{"href":"https:\/\/blogsaverroes.juntadeandalucia.es\/eisantamaria\/wp-json\/wp\/v2\/media?parent=77"}],"curies":[{"name":"wp","href":"https:\/\/api.w.org\/{rel}","templated":true}]}}