{"id":752,"date":"2022-11-07T13:28:52","date_gmt":"2022-11-07T12:28:52","guid":{"rendered":"https:\/\/blogsaverroes.juntadeandalucia.es\/eisoldeportocarrero\/?page_id=752"},"modified":"2025-09-08T17:57:20","modified_gmt":"2025-09-08T15:57:20","slug":"calendario-escolar","status":"publish","type":"page","link":"https:\/\/blogsaverroes.juntadeandalucia.es\/eisoldeportocarrero\/calendario-escolar\/","title":{"rendered":"Calendario escolar 2025\/26"},"content":{"rendered":"<p>&nbsp;<\/p>\n<p><a href=\"https:\/\/blogsaverroes.juntadeandalucia.es\/eisoldeportocarrero\/files\/2025\/09\/Calendario_Escolar_25-26_Almeria-1.pdf\"><span style=\"font-size: 36pt\">Calendario_Escolar_25-26_Almer\u00eda<\/span><\/a><\/p>\n<p>Tener en cuenta la festividad de nuestro Municipio, San Marcos, que se celebrar\u00e1 el d\u00eda 27 de abril y se cambiar\u00e1 por el 7 de enero de 2025.<\/p>\n<p>Por tanto, cambiamos el 7 de enero por el 27 de abril de 2025.<\/p>\n","protected":false},"excerpt":{"rendered":"<p>&nbsp; Calendario_Escolar_25-26_Almer\u00eda Tener en cuenta la festividad de nuestro Municipio, San Marcos, que se celebrar\u00e1 el d\u00eda 27 de abril y se cambiar\u00e1 por el&hellip;<\/p>\n","protected":false},"author":13406,"featured_media":852,"parent":0,"menu_order":0,"comment_status":"closed","ping_status":"closed","template":"","meta":{"ngg_post_thumbnail":0,"footnotes":""},"aioseo_notices":[],"_links":{"self":[{"href":"https:\/\/blogsaverroes.juntadeandalucia.es\/eisoldeportocarrero\/wp-json\/wp\/v2\/pages\/752"}],"collection":[{"href":"https:\/\/blogsaverroes.juntadeandalucia.es\/eisoldeportocarrero\/wp-json\/wp\/v2\/pages"}],"about":[{"href":"https:\/\/blogsaverroes.juntadeandalucia.es\/eisoldeportocarrero\/wp-json\/wp\/v2\/types\/page"}],"author":[{"embeddable":true,"href":"https:\/\/blogsaverroes.juntadeandalucia.es\/eisoldeportocarrero\/wp-json\/wp\/v2\/users\/13406"}],"replies":[{"embeddable":true,"href":"https:\/\/blogsaverroes.juntadeandalucia.es\/eisoldeportocarrero\/wp-json\/wp\/v2\/comments?post=752"}],"version-history":[{"count":8,"href":"https:\/\/blogsaverroes.juntadeandalucia.es\/eisoldeportocarrero\/wp-json\/wp\/v2\/pages\/752\/revisions"}],"predecessor-version":[{"id":1905,"href":"https:\/\/blogsaverroes.juntadeandalucia.es\/eisoldeportocarrero\/wp-json\/wp\/v2\/pages\/752\/revisions\/1905"}],"wp:featuredmedia":[{"embeddable":true,"href":"https:\/\/blogsaverroes.juntadeandalucia.es\/eisoldeportocarrero\/wp-json\/wp\/v2\/media\/852"}],"wp:attachment":[{"href":"https:\/\/blogsaverroes.juntadeandalucia.es\/eisoldeportocarrero\/wp-json\/wp\/v2\/media?parent=752"}],"curies":[{"name":"wp","href":"https:\/\/api.w.org\/{rel}","templated":true}]}}