{"id":876,"date":"2022-11-13T12:02:54","date_gmt":"2022-11-13T11:02:54","guid":{"rendered":"https:\/\/blogsaverroes.juntadeandalucia.es\/eisoldeportocarrero\/?page_id=876"},"modified":"2025-12-10T11:05:09","modified_gmt":"2025-12-10T10:05:09","slug":"programa-crecemos-y-sentimos","status":"publish","type":"page","link":"https:\/\/blogsaverroes.juntadeandalucia.es\/eisoldeportocarrero\/planes-y-proyectos\/programa-crecemos-y-sentimos\/","title":{"rendered":"Programa &#8220;Crecemos y sentimos&#8221;"},"content":{"rendered":"<p><span style=\"font-weight: 400;font-size: 12pt\">Nuestra finalidad es educar a la la ni\u00f1a y al ni\u00f1o en una serie de valores humanos que deber\u00e1n regir su conducta dentro y fuera del \u00e1mbito escolar:<\/span><\/p>\n<ul>\n<li style=\"font-weight: 400\"><span style=\"font-size: 12pt\"><i><span style=\"font-weight: 400\">Igualdad de derechos y oportunidades entre ambos sexos.<\/span><\/i><\/span><\/li>\n<\/ul>\n<ul>\n<li style=\"font-weight: 400\"><span style=\"font-weight: 400;font-size: 12pt\">Aceptaci\u00f3n y respeto hacia las diferentes culturas y razas.&nbsp;<\/span><\/li>\n<\/ul>\n<ul>\n<li style=\"font-weight: 400\"><span style=\"font-weight: 400;font-size: 12pt\">Cultura de paz y cooperaci\u00f3n entre las personas.<\/span><\/li>\n<\/ul>\n<ul>\n<li style=\"font-weight: 400\"><span style=\"font-weight: 400;font-size: 12pt\">Respeto y defensa del Medio Ambiente.<\/span><\/li>\n<\/ul>\n<ul>\n<li style=\"font-weight: 400\"><span style=\"font-weight: 400;font-size: 12pt\">Estilo de vida saludable.<\/span><\/li>\n<\/ul>\n<ul>\n<li style=\"font-weight: 400\"><span style=\"font-weight: 400;font-size: 12pt\">Actitud cr\u00edtica ante el consumismo.<\/span><\/li>\n<\/ul>\n<ul>\n<li style=\"font-weight: 400\"><span style=\"font-weight: 400;font-size: 12pt\">Utilizaci\u00f3n responsable del tiempo libre y del ocio.&nbsp;<\/span><\/li>\n<\/ul>\n<ul>\n<li style=\"font-weight: 400\"><span style=\"font-weight: 400;font-size: 12pt\">Conocimiento y respeto hacia la cultura andaluza.<\/span><\/li>\n<\/ul>\n<p><span style=\"font-weight: 400;font-size: 12pt\">Todos estos valores y temas transversales se trabajan en el centro desde el curso&nbsp; 2017\/2018 de forma conjunta bajo el programa \u201c9 meses 9 cuentos\u201d, esto surgi\u00f3 de una&nbsp; propuesta de mejora en la que se vio la necesidad de darle sentido y trabajar de forma&nbsp; conjunta todos estos valores. De este modo todos los coordinadores de los diferentes planes&nbsp; del centro se re\u00fanen y seleccionan 9 cuentos con los que se trabajan los valores, resaltando&nbsp; las efem\u00e9rides de cada mes y dise\u00f1ando un planing de actividades que se le facilita al claustro&nbsp; en las reuniones de ciclo. En el curso 20\/21, el colegio recibi\u00f3 el primer premio a nivel andaluz \u201cPromoci\u00f3n de la cultura de Paz y Convivencia Escolar en Andaluc\u00eda\u201d.<\/span><\/p>\n<p><span style=\"font-weight: 400;font-size: 12pt\">Durante el curso 2022\/23 se da un nuevo enfoque a este proyecto integrador de Planes y Programas, cambiando su nombre y sus l\u00edneas de intervenci\u00f3n; en concreto , pasa a llamarse \u201cCrecemos y sentimos\u201d y se pretenden abordar diferentes tipolog\u00edas textuales y formatos para el fomento del lenguaje oral conectando todas las tem\u00e1ticas con la neuroeducaci\u00f3n y la educaci\u00f3n en valores, tan en alza en el panorama educativo actual.<\/span><\/p>\n<p>Pod\u00e9is ver todas las publicaciones que se van realizando desde la pesta\u00f1a &#8220;blog del centro&#8221;.<\/p>\n","protected":false},"excerpt":{"rendered":"<p>Nuestra finalidad es educar a la la ni\u00f1a y al ni\u00f1o en una serie de valores humanos que deber\u00e1n regir su conducta dentro y fuera&hellip;<\/p>\n","protected":false},"author":13406,"featured_media":0,"parent":55,"menu_order":0,"comment_status":"closed","ping_status":"closed","template":"","meta":{"ngg_post_thumbnail":0,"footnotes":""},"aioseo_notices":[],"_links":{"self":[{"href":"https:\/\/blogsaverroes.juntadeandalucia.es\/eisoldeportocarrero\/wp-json\/wp\/v2\/pages\/876"}],"collection":[{"href":"https:\/\/blogsaverroes.juntadeandalucia.es\/eisoldeportocarrero\/wp-json\/wp\/v2\/pages"}],"about":[{"href":"https:\/\/blogsaverroes.juntadeandalucia.es\/eisoldeportocarrero\/wp-json\/wp\/v2\/types\/page"}],"author":[{"embeddable":true,"href":"https:\/\/blogsaverroes.juntadeandalucia.es\/eisoldeportocarrero\/wp-json\/wp\/v2\/users\/13406"}],"replies":[{"embeddable":true,"href":"https:\/\/blogsaverroes.juntadeandalucia.es\/eisoldeportocarrero\/wp-json\/wp\/v2\/comments?post=876"}],"version-history":[{"count":3,"href":"https:\/\/blogsaverroes.juntadeandalucia.es\/eisoldeportocarrero\/wp-json\/wp\/v2\/pages\/876\/revisions"}],"predecessor-version":[{"id":1998,"href":"https:\/\/blogsaverroes.juntadeandalucia.es\/eisoldeportocarrero\/wp-json\/wp\/v2\/pages\/876\/revisions\/1998"}],"up":[{"embeddable":true,"href":"https:\/\/blogsaverroes.juntadeandalucia.es\/eisoldeportocarrero\/wp-json\/wp\/v2\/pages\/55"}],"wp:attachment":[{"href":"https:\/\/blogsaverroes.juntadeandalucia.es\/eisoldeportocarrero\/wp-json\/wp\/v2\/media?parent=876"}],"curies":[{"name":"wp","href":"https:\/\/api.w.org\/{rel}","templated":true}]}}