{"id":198,"date":"2015-03-17T09:55:36","date_gmt":"2015-03-17T09:55:36","guid":{"rendered":"http:\/\/blogsaverroes.juntadeandalucia.es\/pre\/ceip\/?page_id=198"},"modified":"2021-04-05T17:02:18","modified_gmt":"2021-04-05T17:02:18","slug":"docencianopresencial","status":"publish","type":"page","link":"https:\/\/blogsaverroes.juntadeandalucia.es\/eizapata\/docencianopresencial\/","title":{"rendered":"RECURSOS EN CASO DE SUSPENSI\u00d3N DE LA DOCENCIA PRESENCIAL"},"content":{"rendered":"<p><strong>Adecuaci\u00f3n del horario lectivo para compatibilizarlo con el nuevo marco de docencia<\/strong><br \/>\nEn el caso de situaci\u00f3n excepcional de docencia presencial, se tomar\u00e1 como referencia lo que se establece en la INSTRUCCI\u00d3N 10\/2020, DE 15 DE JUNIO, DE LA DIRECCI\u00d3N GENERAL DE ORDENACI\u00d3N Y EVALUACI\u00d3N EDUCATIVA RELATIVA A LAS MEDIDAS EDUCATI-<br \/>\nVAS A ADOPTAR EN EL INICIO DEL CURSO 2020\/2021 EN LOS CENTROS DOCENTES ANDALUCES QUE IMPARTEN ENSE\u00d1ANZAS DE R\u00c9GIMEN GENERAL, apartado noveno,punto 2.<\/p>\n<p>Por otra parte, las medidas de organizaci\u00f3n y planificaci\u00f3n que permitan detectar y afrontar los aprendizajes imprescindibles no adquiridos y que contemplen tanto el marco de docencia presencial como docencia no presencial, tomando como referencia lo que se enuncia en nuestro Proyecto Educativo, ser\u00e1n:<\/p>\n<p>-Prever la posibilidad de que se produzca la necesidad de alternar determinados momentos de docencia presencial con otros de docencia semipresencial o incluso no presencial durante el curso 2020\/2021. Por ello, se hace imprescindible establecer adaptaciones en el marco de la organizaci\u00f3n del curr\u00edculo, de la metodolog\u00eda did\u00e1ctica, as\u00ed como de la evaluaci\u00f3n.<br \/>\nDurante un periodo excepcional de docencia telem\u00e1tica, que se realizar\u00e1 a trav\u00e9s de la plataforma Google Classroom, es fundamental el trabajo colaborativo de los dos maestros\/as del centro en coordinaci\u00f3n con el equipo directivo (persona que ejerce el Refuerzo Pedag\u00f3gico), sin olvidar el importante papel que desempe\u00f1an las familias en el proceso de aprendizaje de sus hijos\/as, sobre todo en el caso de los alumnos\/as de menor edad.<br \/>\nLa planificaci\u00f3n y el desarrollo de la actividad docente en contextos de aprendizaje diversos tendr\u00e1 en cuenta, de nuevo, los siguientes principios (INSTRUCCI\u00d3N 10\/2020, DE 15 DE JUNIO,DE LA DIRECCI\u00d3N GENERAL DE ORDENACI\u00d3N Y EVALUACI\u00d3N EDUCATIVA RELATIVA A LAS MEDIDAS EDUCATIVAS A ADOPTAR EN EL INICIO DEL CURSO 2020\/2021 EN LOS CENTROS DOCENTES ANDALUCES QUE IMPARTEN ENSE\u00d1ANZAS DE R\u00c9GI-<br \/>\nMEN GENERAL):<\/p>\n<p>1. Se preservar\u00e1 la salud f\u00edsica y emocional de todos los agentes que intervienen en el sistema educativo.<br \/>\n2. Se fomentar\u00e1 la adecuaci\u00f3n del proceso de ense\u00f1anza y aprendizaje a las diversas circunstancias que pudieran producirse a lo largo del curso, as\u00ed como a las caracter\u00edsticas concretas del alumnado, considerando su contexto y realidad, con el objetivo de intentar paliar la desigualdad que pudiera provocar la existencia de una brecha digital que, en muchos casos, tambi\u00e9n es una brecha socioeducativa. Esta adecuaci\u00f3n favorecer\u00e1 el seguimiento de todo el alumnado, especialmente del que presenta necesidades espec\u00edficas de apoyo educativo (si los hubiere).<br \/>\n3. Se primar\u00e1 el refuerzo y la recuperaci\u00f3n, poniendo el foco en los aprendizajes imprescindibles.<br \/>\n4. Se atender\u00e1 a los principios de colegialidad e integraci\u00f3n de la evaluaci\u00f3n por parte de los equipos docentes.<br \/>\n5. Se procurar\u00e1 que las medidas y actuaciones que se lleven a cabo no supongan incrementar las cargas administrativas del profesorado y la burocracia de los centros.<\/p>\n<p><strong>ESCENARIOS O SITUACIONES QUE DEBEMOS CONTEMPLAR:<\/strong><\/p>\n<p>Se deben contemplar al menos los siguientes escenarios o situaciones, seg\u00fan se establece en el ANEXO al punto 7 del documento \u201cMEDIDAS DE PREVENCI\u00d3N, PROTECCI\u00d3N, VIGILANCIA Y PROMOCI\u00d3N DE LA SALUD COVID-19\u201d (20 junio 2020):<\/p>\n<p>1. Posibilidad de que uno o varios docentes o discentes puedan estar en situaci\u00f3n de cuarentena:<\/p>\n<p>Docentes:<\/p>\n<p>En este caso, y en espera de lo que resuelva la Delegaci\u00f3n Territorial de Educaci\u00f3n en lo que se refiere a posibles sustituciones, se cubrir\u00e1n las ausencias con el personal del centro, optimizando en la medida de lo posible los recursos humanos disponibles para poder atender al alumnado de forma presencial siempre que sea posible.<\/p>\n<p>Discentes:<\/p>\n<p>Con objeto de garantizar la continuidad de los procesos de ense\u00f1anza-aprendizaje del alumnado que se encuentre en cuarentena por prescripci\u00f3n m\u00e9dica, os presentamos la siguiente informaci\u00f3n:<\/p>\n<p>En casa, durante la cuarentena:<\/p>\n<p><strong>EDUCACION INFANTIL<\/strong><\/p>\n<p>Se presentan las siguientes recomendaciones de trabajo para el alumnado que se encuentre en cuarentena por prescripci\u00f3n m\u00e9dica, garantizando as\u00ed la continuidad de los procesos de ense\u00f1anzaaprendizaje:<\/p>\n<p>&#8211; Mantener en la medida de lo posible los h\u00e1bitos y rutinas con un horario flexible.<br \/>\n&#8211; Realizar actividades pl\u00e1sticas (colorear, recortar, pintar, dibujar&#8230;), desarrollando la creatividad.<br \/>\n&#8211; Ofrecerles juegos de expresi\u00f3n corporal (bailes, dramatizaciones, juegos con pelotas, de m\u00edmica&#8230;).<br \/>\n&#8211; Actividades de lecto-escritura tipo: escribir en may\u00fascula palabras que empiezan por, identificar letras en diferentes medios (carteles, revistas, cosas que hay en casa&#8230;), escribir su nombre o el de sus compa\u00f1eros\/as, juegos de letras de asociar con im\u00e1genes, escritura espont\u00e1nea de palabras, realizaci\u00f3n de trazos sencillos, realizar peque\u00f1as sopas de letras, recitar canciones, poes\u00edas, adivinanzas con soporte oral y visual, etc.<br \/>\n&#8211; Actividades de l\u00f3gica-matem\u00e1tica: formar puzles sencillos, utilizar juegos de construcciones, realizar conteo de cosas que tienen en casa y en actividades de la vida diaria, realizar sumas y restas sencillas a trav\u00e9s de la manipulaci\u00f3n (los ni\u00f1os\/as de 5 a\u00f1os las pueden expresar en papel), realizar el trazo de n\u00fameros&#8230;<br \/>\n&#8211; Lectura de cuentos con ayuda de adultos y realizar actividades como: hacer un dibujo de lo que me sugiera, inventarme otro final, contarlo con sus palabras&#8230;<br \/>\n&#8211; Hacer juegos en familia.<br \/>\n&#8211; Reforzar conceptos b\u00e1sicos: grande-peque\u00f1o-mediano, largo-corto, alto-bajo&#8230;todo ello a trav\u00e9s de objetos, dibujos y juegos manipulativos de la vida diaria.<br \/>\n&#8211; Ayudar en casa en tareas sencillas (poner la mesa, recoger, hacer la cama, vestirse solo\/a&#8230;).<br \/>\n&#8211; Realizar actividades interactivas online. Los ni\u00f1os\/as siempre deben usar estos recursos webs en compa\u00f1\u00eda de personas adultas que les ayuden y orienten, haciendo un uso razonable de los mismos.<br \/>\nTodas estas recomendaciones de trabajo es muy importante llevarlas a cabo a estas edades a trav\u00e9s del juego y de la manipulaci\u00f3n. Se habilitar\u00e1 un tiempo para que el alumno\/a pueda conectarse por videoconferencia con la tutora y el resto de compa\u00f1eros\/as al menos a1 vez al d\u00eda, si fuese necesario.<\/p>\n<p><strong>EDUCACION PRIMARIA<\/strong><\/p>\n<p>Se presentan las siguientes recomendaciones de trabajo para el alumnado que se encuentre en cuarentena por prescripci\u00f3n m\u00e9dica, garantizando as\u00ed la continuidad de los procesos de ense\u00f1anzaaprendizaje:<\/p>\n<p>\u00c1REA DE MATEM\u00c1TICAS<\/p>\n<p>En el \u00e1rea de Matem\u00e1ticas la recomendaci\u00f3n se centra en tres bloques: numeraci\u00f3n y c\u00e1lculo, geometr\u00eda y resoluci\u00f3n de problemas.<br \/>\nPara la realizaci\u00f3n de las tareas es importante tener en cuenta siempre el orden, la limpieza, la letra y los n\u00fameros bien realizados y el coloreado de los dibujos. Junto a ello, deb\u00e9is adecuar el trabajo a la edad y el nivel acad\u00e9mico de vuestros hijos\/as:<\/p>\n<p>1. NUMERACI\u00d3N Y C\u00c1LCULO:<\/p>\n<p>&#8211; Hacer dictados de n\u00fameros.<br \/>\n&#8211; Escribir con letras c\u00f3mo se leen los n\u00fameros.<br \/>\n&#8211; Descomposici\u00f3n de n\u00fameros.<br \/>\n&#8211; Realizar ejercicios de c\u00e1lculo mental.<br \/>\n&#8211; Comparaci\u00f3n de los n\u00fameros.<br \/>\n&#8211; Series num\u00e9ricas.<br \/>\n&#8211; Operaciones: sumas, restas<\/p>\n<p>2. GEOMETRIA:<\/p>\n<p>&#8211; Series con figuras.<br \/>\n&#8211; Realizaci\u00f3n de ejercicios de simetr\u00edas sencillos, con puntos, con cuadr\u00edcula.<\/p>\n<p>3. RESOLUCI\u00d3N DE PROBLEMAS:<\/p>\n<p>&#8211; Plantearles problemas de la vida cotidiana y de temas relacionados con sus intereses, con una o varias operaciones en funci\u00f3n del nivel del alumnado. Para su resoluci\u00f3n es muy importante leer el problema tantas veces como sea necesario hasta su comprensi\u00f3n, subrayar los datos de azul y la pregunta de rojo. Adem\u00e1s deben establecer los siguientes apartados:<br \/>\na) Datos: reflejar los datos que nos ofrece el problema y que hacen falta para poder solucionarlo mediante dibujos, palabras clave y n\u00fameros&#8230;<br \/>\nb) Operaciones: en este apartado tienen que reflejar la operaci\u00f3n necesaria para resolver el problema.<br \/>\nc) Soluci\u00f3n: oraci\u00f3n completa dando el resultado al problema planteado. Antes de escribir la soluci\u00f3n es conveniente volver a leer la pregunta y comprobar si el resultado es coherente y l\u00f3gico.<\/p>\n<p>\u00c1REA DE LENGUAJE<\/p>\n<p>En el \u00e1rea de Lenguaje la recomendaci\u00f3n se centra en la lectura, la escritura y la oralidad.<br \/>\nCuando se escriba es importante realizar un trabajo limpio, ordenado y con buena letra, coloreando los dibujos si los hubiera.<\/p>\n<p>1. LECTURA (se debe tener en cuenta la edad y el nivel lector. La lectura se debe hacer silenciosa y en voz alta):<\/p>\n<p>&#8211; Lecturas de diferentes tipos de textos (cuentos, f\u00e1bulas, leyendas, poes\u00edas, teatro, c\u00f3mics, noticias, cartas, entrevistas&#8230;). Posteriormente se pueden hacer actividades de comprensi\u00f3n escrita, por ejemplo, plantear preguntas sobre la lectura y responderlas oralmente o por escrito, hacer un resumen oral o escrito de la misma, preguntas verdadero-falso&#8230;<br \/>\n&#8211; Lectura de adivinanzas, retah\u00edlas y trabalenguas. Despu\u00e9s las pueden escribir, memorizar y reproducir oralmente.<br \/>\n&#8211; Acompa\u00f1amiento lector: las lecturas anteriores realizarlas en familia, en voz alta, turn\u00e1ndose los lectores\/as.<br \/>\n&#8211; Lectura de producciones escritas propias: leer en voz alta a los familiares producciones propias, narraciones, poes\u00edas, descripciones, etc.<br \/>\n&#8211; Lectura de recetas de cocina y posteriormente elaborarlas en familia.<\/p>\n<p>2. ESCRITURA (se debe tener en cuenta la edad y el nivel escritor. Se fomentar\u00e1 la creatividad):<\/p>\n<p>&#8211; Dictados con la ayuda de un familiar, repasando las reglas de ortograf\u00eda trabajadas.<br \/>\n&#8211; Copiados de textos o fragmentos.<br \/>\n&#8211; Escribir oraciones a partir de una palabra, pareja de palabras, palabras desconocidas que antes deben buscar en el diccionario o explic\u00e1rselas un adulto, etc.<br \/>\n&#8211; Escritura de deseos.<br \/>\n&#8211; Escribir descripciones de personas-personajes, animales o lugares. Se puede realizar a partir de una lectura, una audici\u00f3n o el visionado de una pel\u00edcula.<br \/>\n&#8211; Escribir una postal, una carta y\/o una felicitaci\u00f3n.<br \/>\n&#8211; Escribir un diario contando aquello que le va ocurriendo estos d\u00edas, sucesos importantes, an\u00e9cdotas, etc.<br \/>\n&#8211; Escribir una entrevista a alg\u00fan familiar y posteriormente entrevistar a ese familiar y escribir sus respuestas.<br \/>\n&#8211; Escribir un correo electr\u00f3nico a alg\u00fan amigo\/a, familiar&#8230;con la ayuda de un adulto.<br \/>\n&#8211; Inventar y escribir cuentos, poes\u00edas, c\u00f3mics y\/o noticias.<br \/>\n&#8211; Cambiar los cuentos: inventar y escribir un cuento a partir de uno conocido, pueden cambiar el final, sus personajes&#8230;<br \/>\n&#8211; Inventar y escribir un peque\u00f1o teatro, utilizando di\u00e1logos. Despu\u00e9s lo pueden representar a los familiares, a\u00f1adiendo vestimenta, maquillaje, atrezo, etc.<br \/>\n&#8211; Tras visionar una pel\u00edcula escribir un resumen, una rese\u00f1a u opini\u00f3n.<br \/>\n&#8211; \u201cLa ilustraci\u00f3n tambi\u00e9n habla\u201d: observar las ilustraciones de un cuento e inventar y escribir el texto que lo acompa\u00f1ar\u00eda.<\/p>\n<p>3. ORALIDAD (se debe tener en cuenta la edad y el nivel de expresi\u00f3n oral):<\/p>\n<p>&#8211; Algunas de las actividades de escritura anteriores se pueden hacer oralmente: decir oraciones a partir de una palabra, pareja de palabras&#8230;, expresar deseos, decir descripciones de personaspersonajes, animales o lugares, contar aquello que le va ocurriendo estos d\u00edas, sucesos importantes, an\u00e9cdotas&#8230;, entrevistar a alg\u00fan familiar, contar un cuento conocido o inventado, representar un teatro escrito por ellos\/as, resumir y\/u opinar sobre una pel\u00edcula que hayan visto&#8230;<br \/>\n&#8211; Audiciones de cuentos, f\u00e1bulas, leyendas, poes\u00edas, teatro, noticias, entrevistas&#8230; Las audiciones pueden ser digitales o a trav\u00e9s de din\u00e1micas como \u201ccuentacuentos\u201d. Posteriormente se pueden hacer actividades de comprensi\u00f3n oral, por ejemplo, plantear preguntas sobre la audici\u00f3n y responderlas oralmente, hacer un resumen oral de lo escuchado, preguntas verdadero-falso oralmente&#8230;<br \/>\n&#8211; Audiciones de adivinanzas, retah\u00edlas, trabalenguas y canciones. Despu\u00e9s pueden memorizarlas y reproducirlas oralmente, recit\u00e1ndolas, cant\u00e1ndolas, etc.<br \/>\n&#8211; \u201c\u00bfQu\u00e9 ha cambiado?\u201d: el alumno\/a o un familiar narra oralmente un cuento conocido y modifica algo, debiendo el\/la oyente adivinar el enga\u00f1o.<br \/>\n&#8211; Contar chistes.<br \/>\n&#8211; Dar instrucciones orales y seguirlas, por ejemplo a trav\u00e9s de la elaboraci\u00f3n de una receta de cocina, jugando a alg\u00fan juego de mesa, de construcci\u00f3n&#8230;<br \/>\n&#8211; Debatir oralmente sobre alg\u00fan tema concreto interesante para el alumno\/a.<br \/>\n&#8211; \u201cEl retrato chino\u201d: mediante preguntas, intentamos adivinar el protagonista de un cuento tradicional o de un conocido libro de literatura infantil. Ej. Si fuera un&#8230; (animal, instrumento musical, alimento, etc.) ser\u00eda&#8230;<br \/>\nAnimamos a que el alumnado realice actividades interactivas online. Los ni\u00f1os\/as siempre deben usar estos recursos webs en compa\u00f1\u00eda de personas adultas que les ayuden y orienten, haciendo un uso razonable de los mismos. Se habilitar\u00e1 un tiempo para que el alumno\/a pueda conectarse por videoconferencia con la tutora y el resto de compa\u00f1eros\/as al menos a1 vez al d\u00eda, si fuese necesario.<br \/>\nTras la cuarentena, al regreso del alumno\/a al centro, el tutor\/a preparar\u00e1 un Plan Espec\u00edfico para facilitarle su reincorporaci\u00f3n y la continuidad de su proceso de aprendizaje. Junto a ello, si fuera necesario, en la medida de lo posible, el profesorado Refuerzo Pedag\u00f3gico atender\u00e1 de forma prioritaria a este alumnado.<br \/>\nAdecuaci\u00f3n del horario individual del profesorado para realizar el seguimiento de los aprendizajes del alumnado y atenci\u00f3n a sus familias.<\/p>\n<p>En caso de situaci\u00f3n excepcional de docencia telem\u00e1tica, el horario alternativo individual del profesorado ser\u00e1:<\/p>\n<p>En casa, durante el cierre del colegio:<\/p>\n<p style=\"text-align: center\"><a href=\"https:\/\/blogsaverroes.juntadeandalucia.es\/eizapata\/que-es-el-ampa\/doc1\/\">HORARIO<\/a><\/p>\n<p>Los docentes se conectar\u00e1n con el alumnado a trav\u00e9s de la plataforma Classroom que se encuentra habilitada desde la p\u00e1gina web del centro:<\/p>\n<p style=\"text-align: center\"><a href=\"https:\/\/classroom.google.com\/u\/1\/c\/MjY3NDc0NTAyNDEz\">ACCESO A CLASSROOM<\/a><\/p>\n<p><strong>Adecuaci\u00f3n del horario del centro para la atenci\u00f3n a necesidades de gesti\u00f3n administrativa y acad\u00e9micas de las familias y, en su caso, del alumnado.<\/strong><\/p>\n<p>La adecuaci\u00f3n del horario del centro, en caso de situaci\u00f3n excepcional de docencia telem\u00e1tica, para la atenci\u00f3n a necesidades de gesti\u00f3n administrativa y acad\u00e9micas de las familias y, en su caso, del alumnado, se realizar\u00e1 mediante cita previa en horario de lunes a viernes de 9:15 a 11:15 h, y se priorizar\u00e1n las gestiones telef\u00f3nicas y por correo corporativo.<\/p>\n","protected":false},"excerpt":{"rendered":"<p>Adecuaci\u00f3n del horario lectivo para compatibilizarlo con el nuevo marco de docencia En el caso de situaci\u00f3n excepcional de docencia presencial, se tomar\u00e1 como referencia lo que se establece en la INSTRUCCI\u00d3N 10\/2020, DE 15 DE JUNIO, DE LA DIRECCI\u00d3N GENERAL DE ORDENACI\u00d3N Y EVALUACI\u00d3N EDUCATIVA RELATIVA A LAS MEDIDAS EDUCATI- VAS A ADOPTAR EN &hellip; <\/p>\n<p class=\"link-more\"><a href=\"https:\/\/blogsaverroes.juntadeandalucia.es\/eizapata\/docencianopresencial\/\" class=\"more-link\">Continuar leyendo<span class=\"screen-reader-text\"> \u00abRECURSOS EN CASO DE SUSPENSI\u00d3N DE LA DOCENCIA PRESENCIAL\u00bb<\/span><\/a><\/p>\n","protected":false},"author":1,"featured_media":0,"parent":0,"menu_order":0,"comment_status":"closed","ping_status":"open","template":"","meta":{"ngg_post_thumbnail":0,"footnotes":"","_mc_calendar":[]},"aioseo_notices":[],"_links":{"self":[{"href":"https:\/\/blogsaverroes.juntadeandalucia.es\/eizapata\/wp-json\/wp\/v2\/pages\/198"}],"collection":[{"href":"https:\/\/blogsaverroes.juntadeandalucia.es\/eizapata\/wp-json\/wp\/v2\/pages"}],"about":[{"href":"https:\/\/blogsaverroes.juntadeandalucia.es\/eizapata\/wp-json\/wp\/v2\/types\/page"}],"author":[{"embeddable":true,"href":"https:\/\/blogsaverroes.juntadeandalucia.es\/eizapata\/wp-json\/wp\/v2\/users\/1"}],"replies":[{"embeddable":true,"href":"https:\/\/blogsaverroes.juntadeandalucia.es\/eizapata\/wp-json\/wp\/v2\/comments?post=198"}],"version-history":[{"count":7,"href":"https:\/\/blogsaverroes.juntadeandalucia.es\/eizapata\/wp-json\/wp\/v2\/pages\/198\/revisions"}],"predecessor-version":[{"id":2865,"href":"https:\/\/blogsaverroes.juntadeandalucia.es\/eizapata\/wp-json\/wp\/v2\/pages\/198\/revisions\/2865"}],"wp:attachment":[{"href":"https:\/\/blogsaverroes.juntadeandalucia.es\/eizapata\/wp-json\/wp\/v2\/media?parent=198"}],"curies":[{"name":"wp","href":"https:\/\/api.w.org\/{rel}","templated":true}]}}