{"id":2979,"date":"2022-03-10T07:55:56","date_gmt":"2022-03-10T07:55:56","guid":{"rendered":"https:\/\/blogsaverroes.juntadeandalucia.es\/eizapata\/?page_id=2979"},"modified":"2025-03-04T13:06:12","modified_gmt":"2025-03-04T13:06:12","slug":"blog-cda-2","status":"publish","type":"page","link":"https:\/\/blogsaverroes.juntadeandalucia.es\/eizapata\/blog-cda-2\/","title":{"rendered":"Proyecto Catadores de libros"},"content":{"rendered":"<p>El Proyecto Catadores de libros lo pone en funcionamiento en nuestro centro durante el curso 2021\/2022, nuestra compa\u00f1era Elena Corredera D\u00edaz, coordinadora de la Organizaci\u00f3n y Funcionamiento de nuestra Biblioteca Escolar.<\/p>\n<p><a href=\"https:\/\/blogsaverroes.juntadeandalucia.es\/eizapata\/files\/2023\/01\/cffeb46b-bd46-41de-bc31-244a936a9e1f.jpg\"><img loading=\"lazy\" decoding=\"async\" class=\"aligncenter size-full wp-image-3088\" src=\"https:\/\/blogsaverroes.juntadeandalucia.es\/eizapata\/files\/2023\/01\/cffeb46b-bd46-41de-bc31-244a936a9e1f.jpg\" alt=\"\" width=\"1024\" height=\"768\" srcset=\"https:\/\/blogsaverroes.juntadeandalucia.es\/eizapata\/files\/2023\/01\/cffeb46b-bd46-41de-bc31-244a936a9e1f.jpg 1024w, https:\/\/blogsaverroes.juntadeandalucia.es\/eizapata\/files\/2023\/01\/cffeb46b-bd46-41de-bc31-244a936a9e1f-300x225.jpg 300w, https:\/\/blogsaverroes.juntadeandalucia.es\/eizapata\/files\/2023\/01\/cffeb46b-bd46-41de-bc31-244a936a9e1f-768x576.jpg 768w\" sizes=\"(max-width: 706px) 89vw, (max-width: 767px) 82vw, 740px\" \/><\/a><\/p>\n<p>Este Proyecto nace de algunas propuestas que hoy en d\u00eda vemos habitualmente en Redes Sociales como por ejemplo \u00abBookflix\u00bb, para propuesta para potenciar \u00abel enganche por la lectura\u00bb.<\/p>\n<p>Gracias a la puesta en marcha del Proyecto, nuestra compa\u00f1era consigui\u00f3 estrechar lazos con la Biblioteca municipal \u00abJos\u00e9 Moreno Villa\u00bb de Churriana.<\/p>\n<p>En la actualidad, la biblioteca \u00abJos\u00e9 Moreno Villa\u00bb nos env\u00eda ejemplares de libros nuevos que llegan a sus instalaciones y es el alumnado de la E.I. Zapata el primero en \u00abcatarlo\u00bb.<\/p>\n<p>Este env\u00edo se hace en una caja en la que hay una carta con un men\u00fa muy completo con entrantes, para compartir,&nbsp; principales y postres. \u00a1Todo exquisito!<\/p>\n<p><a href=\"https:\/\/blogsaverroes.juntadeandalucia.es\/eizapata\/files\/2023\/01\/WhatsApp-Image-2023-01-19-at-13.35.55.jpeg\"><img loading=\"lazy\" decoding=\"async\" class=\"aligncenter size-full wp-image-3089\" src=\"https:\/\/blogsaverroes.juntadeandalucia.es\/eizapata\/files\/2023\/01\/WhatsApp-Image-2023-01-19-at-13.35.55.jpeg\" alt=\"\" width=\"1200\" height=\"1600\" srcset=\"https:\/\/blogsaverroes.juntadeandalucia.es\/eizapata\/files\/2023\/01\/WhatsApp-Image-2023-01-19-at-13.35.55.jpeg 1200w, https:\/\/blogsaverroes.juntadeandalucia.es\/eizapata\/files\/2023\/01\/WhatsApp-Image-2023-01-19-at-13.35.55-225x300.jpeg 225w, https:\/\/blogsaverroes.juntadeandalucia.es\/eizapata\/files\/2023\/01\/WhatsApp-Image-2023-01-19-at-13.35.55-768x1024.jpeg 768w, https:\/\/blogsaverroes.juntadeandalucia.es\/eizapata\/files\/2023\/01\/WhatsApp-Image-2023-01-19-at-13.35.55-1152x1536.jpeg 1152w\" sizes=\"(max-width: 706px) 89vw, (max-width: 767px) 82vw, 740px\" \/><\/a><\/p>\n<p><a href=\"https:\/\/blogsaverroes.juntadeandalucia.es\/eizapata\/files\/2023\/01\/WhatsApp-Image-2023-01-19-at-13.35.58.jpeg\"><img loading=\"lazy\" decoding=\"async\" class=\"aligncenter size-full wp-image-3090\" src=\"https:\/\/blogsaverroes.juntadeandalucia.es\/eizapata\/files\/2023\/01\/WhatsApp-Image-2023-01-19-at-13.35.58.jpeg\" alt=\"\" width=\"1600\" height=\"1069\" srcset=\"https:\/\/blogsaverroes.juntadeandalucia.es\/eizapata\/files\/2023\/01\/WhatsApp-Image-2023-01-19-at-13.35.58.jpeg 1600w, https:\/\/blogsaverroes.juntadeandalucia.es\/eizapata\/files\/2023\/01\/WhatsApp-Image-2023-01-19-at-13.35.58-300x200.jpeg 300w, https:\/\/blogsaverroes.juntadeandalucia.es\/eizapata\/files\/2023\/01\/WhatsApp-Image-2023-01-19-at-13.35.58-1024x684.jpeg 1024w, https:\/\/blogsaverroes.juntadeandalucia.es\/eizapata\/files\/2023\/01\/WhatsApp-Image-2023-01-19-at-13.35.58-768x513.jpeg 768w, https:\/\/blogsaverroes.juntadeandalucia.es\/eizapata\/files\/2023\/01\/WhatsApp-Image-2023-01-19-at-13.35.58-1536x1026.jpeg 1536w\" sizes=\"(max-width: 706px) 89vw, (max-width: 767px) 82vw, 740px\" \/><\/a><\/p>\n<p>Una vez nuestro alumnado ha \u00abcatado\u00bb los libros, env\u00edan su recomendaci\u00f3n digital que se expone mediante un c\u00f3digo Qr en la sala infantil de la Biblioteca \u00abJos\u00e9 Moreno Villa\u00bb.<\/p>\n<p><a href=\"https:\/\/blogsaverroes.juntadeandalucia.es\/eizapata\/files\/2023\/01\/2a40dc43-9f15-4aff-9ae1-459caa2b3f5e.jpg\"><img loading=\"lazy\" decoding=\"async\" class=\"aligncenter size-full wp-image-3093\" src=\"https:\/\/blogsaverroes.juntadeandalucia.es\/eizapata\/files\/2023\/01\/2a40dc43-9f15-4aff-9ae1-459caa2b3f5e.jpg\" alt=\"\" width=\"899\" height=\"1599\" srcset=\"https:\/\/blogsaverroes.juntadeandalucia.es\/eizapata\/files\/2023\/01\/2a40dc43-9f15-4aff-9ae1-459caa2b3f5e.jpg 899w, https:\/\/blogsaverroes.juntadeandalucia.es\/eizapata\/files\/2023\/01\/2a40dc43-9f15-4aff-9ae1-459caa2b3f5e-169x300.jpg 169w, https:\/\/blogsaverroes.juntadeandalucia.es\/eizapata\/files\/2023\/01\/2a40dc43-9f15-4aff-9ae1-459caa2b3f5e-576x1024.jpg 576w, https:\/\/blogsaverroes.juntadeandalucia.es\/eizapata\/files\/2023\/01\/2a40dc43-9f15-4aff-9ae1-459caa2b3f5e-768x1366.jpg 768w, https:\/\/blogsaverroes.juntadeandalucia.es\/eizapata\/files\/2023\/01\/2a40dc43-9f15-4aff-9ae1-459caa2b3f5e-864x1536.jpg 864w\" sizes=\"(max-width: 706px) 89vw, (max-width: 767px) 82vw, 740px\" \/><\/a><\/p>\n<p><a href=\"https:\/\/blogsaverroes.juntadeandalucia.es\/eizapata\/files\/2023\/01\/f4b0c3b8-6e22-47f2-8478-88168e43f8f0.jpg\"><img loading=\"lazy\" decoding=\"async\" class=\"aligncenter size-full wp-image-3094\" src=\"https:\/\/blogsaverroes.juntadeandalucia.es\/eizapata\/files\/2023\/01\/f4b0c3b8-6e22-47f2-8478-88168e43f8f0.jpg\" alt=\"\" width=\"1599\" height=\"899\" srcset=\"https:\/\/blogsaverroes.juntadeandalucia.es\/eizapata\/files\/2023\/01\/f4b0c3b8-6e22-47f2-8478-88168e43f8f0.jpg 1599w, https:\/\/blogsaverroes.juntadeandalucia.es\/eizapata\/files\/2023\/01\/f4b0c3b8-6e22-47f2-8478-88168e43f8f0-300x169.jpg 300w, https:\/\/blogsaverroes.juntadeandalucia.es\/eizapata\/files\/2023\/01\/f4b0c3b8-6e22-47f2-8478-88168e43f8f0-1024x576.jpg 1024w, https:\/\/blogsaverroes.juntadeandalucia.es\/eizapata\/files\/2023\/01\/f4b0c3b8-6e22-47f2-8478-88168e43f8f0-768x432.jpg 768w, https:\/\/blogsaverroes.juntadeandalucia.es\/eizapata\/files\/2023\/01\/f4b0c3b8-6e22-47f2-8478-88168e43f8f0-1536x864.jpg 1536w\" sizes=\"(max-width: 706px) 89vw, (max-width: 767px) 82vw, 740px\" \/><\/a><\/p>\n<p>Si ten\u00e9is \u00abgusa\u00bb y no sab\u00e9is que picar&#8230; os dejamos para degustar estas ricas recomendaciones.<\/p>\n<p>&nbsp;<\/p>\n<p>\u00a1BUEN PROVECHO!<\/p>\n<p><a href=\"https:\/\/blogsaverroes.juntadeandalucia.es\/eizapata\/files\/2023\/01\/1.jpg\"><img loading=\"lazy\" decoding=\"async\" class=\"aligncenter size-full wp-image-3095\" src=\"https:\/\/blogsaverroes.juntadeandalucia.es\/eizapata\/files\/2023\/01\/1.jpg\" alt=\"\" width=\"1587\" height=\"2245\" srcset=\"https:\/\/blogsaverroes.juntadeandalucia.es\/eizapata\/files\/2023\/01\/1.jpg 1587w, https:\/\/blogsaverroes.juntadeandalucia.es\/eizapata\/files\/2023\/01\/1-212x300.jpg 212w, https:\/\/blogsaverroes.juntadeandalucia.es\/eizapata\/files\/2023\/01\/1-724x1024.jpg 724w, https:\/\/blogsaverroes.juntadeandalucia.es\/eizapata\/files\/2023\/01\/1-768x1086.jpg 768w, https:\/\/blogsaverroes.juntadeandalucia.es\/eizapata\/files\/2023\/01\/1-1086x1536.jpg 1086w, https:\/\/blogsaverroes.juntadeandalucia.es\/eizapata\/files\/2023\/01\/1-1448x2048.jpg 1448w\" sizes=\"(max-width: 706px) 89vw, (max-width: 767px) 82vw, 740px\" \/><\/a> <a href=\"https:\/\/blogsaverroes.juntadeandalucia.es\/eizapata\/files\/2023\/01\/2.jpg\"><img loading=\"lazy\" decoding=\"async\" class=\"aligncenter size-full wp-image-3096\" src=\"https:\/\/blogsaverroes.juntadeandalucia.es\/eizapata\/files\/2023\/01\/2.jpg\" alt=\"\" width=\"1587\" height=\"2245\" srcset=\"https:\/\/blogsaverroes.juntadeandalucia.es\/eizapata\/files\/2023\/01\/2.jpg 1587w, https:\/\/blogsaverroes.juntadeandalucia.es\/eizapata\/files\/2023\/01\/2-212x300.jpg 212w, https:\/\/blogsaverroes.juntadeandalucia.es\/eizapata\/files\/2023\/01\/2-724x1024.jpg 724w, https:\/\/blogsaverroes.juntadeandalucia.es\/eizapata\/files\/2023\/01\/2-768x1086.jpg 768w, https:\/\/blogsaverroes.juntadeandalucia.es\/eizapata\/files\/2023\/01\/2-1086x1536.jpg 1086w, https:\/\/blogsaverroes.juntadeandalucia.es\/eizapata\/files\/2023\/01\/2-1448x2048.jpg 1448w\" sizes=\"(max-width: 706px) 89vw, (max-width: 767px) 82vw, 740px\" \/><\/a> <a href=\"https:\/\/blogsaverroes.juntadeandalucia.es\/eizapata\/files\/2023\/01\/3.jpg\"><img loading=\"lazy\" decoding=\"async\" class=\"aligncenter size-full wp-image-3098\" src=\"https:\/\/blogsaverroes.juntadeandalucia.es\/eizapata\/files\/2023\/01\/3.jpg\" alt=\"\" width=\"1587\" height=\"2245\" srcset=\"https:\/\/blogsaverroes.juntadeandalucia.es\/eizapata\/files\/2023\/01\/3.jpg 1587w, https:\/\/blogsaverroes.juntadeandalucia.es\/eizapata\/files\/2023\/01\/3-212x300.jpg 212w, https:\/\/blogsaverroes.juntadeandalucia.es\/eizapata\/files\/2023\/01\/3-724x1024.jpg 724w, https:\/\/blogsaverroes.juntadeandalucia.es\/eizapata\/files\/2023\/01\/3-768x1086.jpg 768w, https:\/\/blogsaverroes.juntadeandalucia.es\/eizapata\/files\/2023\/01\/3-1086x1536.jpg 1086w, https:\/\/blogsaverroes.juntadeandalucia.es\/eizapata\/files\/2023\/01\/3-1448x2048.jpg 1448w\" sizes=\"(max-width: 706px) 89vw, (max-width: 767px) 82vw, 740px\" \/><\/a> <a href=\"https:\/\/blogsaverroes.juntadeandalucia.es\/eizapata\/files\/2023\/01\/4.jpg\"><img loading=\"lazy\" decoding=\"async\" class=\"aligncenter size-full wp-image-3099\" src=\"https:\/\/blogsaverroes.juntadeandalucia.es\/eizapata\/files\/2023\/01\/4.jpg\" alt=\"\" width=\"1587\" height=\"2245\" srcset=\"https:\/\/blogsaverroes.juntadeandalucia.es\/eizapata\/files\/2023\/01\/4.jpg 1587w, https:\/\/blogsaverroes.juntadeandalucia.es\/eizapata\/files\/2023\/01\/4-212x300.jpg 212w, https:\/\/blogsaverroes.juntadeandalucia.es\/eizapata\/files\/2023\/01\/4-724x1024.jpg 724w, https:\/\/blogsaverroes.juntadeandalucia.es\/eizapata\/files\/2023\/01\/4-768x1086.jpg 768w, https:\/\/blogsaverroes.juntadeandalucia.es\/eizapata\/files\/2023\/01\/4-1086x1536.jpg 1086w, https:\/\/blogsaverroes.juntadeandalucia.es\/eizapata\/files\/2023\/01\/4-1448x2048.jpg 1448w\" sizes=\"(max-width: 706px) 89vw, (max-width: 767px) 82vw, 740px\" \/><\/a> <a href=\"https:\/\/blogsaverroes.juntadeandalucia.es\/eizapata\/files\/2023\/01\/5.jpg\"><img loading=\"lazy\" decoding=\"async\" class=\"aligncenter size-full wp-image-3100\" src=\"https:\/\/blogsaverroes.juntadeandalucia.es\/eizapata\/files\/2023\/01\/5.jpg\" alt=\"\" width=\"1587\" height=\"2245\" srcset=\"https:\/\/blogsaverroes.juntadeandalucia.es\/eizapata\/files\/2023\/01\/5.jpg 1587w, https:\/\/blogsaverroes.juntadeandalucia.es\/eizapata\/files\/2023\/01\/5-212x300.jpg 212w, https:\/\/blogsaverroes.juntadeandalucia.es\/eizapata\/files\/2023\/01\/5-724x1024.jpg 724w, https:\/\/blogsaverroes.juntadeandalucia.es\/eizapata\/files\/2023\/01\/5-768x1086.jpg 768w, https:\/\/blogsaverroes.juntadeandalucia.es\/eizapata\/files\/2023\/01\/5-1086x1536.jpg 1086w, https:\/\/blogsaverroes.juntadeandalucia.es\/eizapata\/files\/2023\/01\/5-1448x2048.jpg 1448w\" sizes=\"(max-width: 706px) 89vw, (max-width: 767px) 82vw, 740px\" \/><\/a> <a href=\"https:\/\/blogsaverroes.juntadeandalucia.es\/eizapata\/files\/2023\/01\/6.jpg\"><img loading=\"lazy\" decoding=\"async\" class=\"aligncenter size-full wp-image-3101\" src=\"https:\/\/blogsaverroes.juntadeandalucia.es\/eizapata\/files\/2023\/01\/6.jpg\" alt=\"\" width=\"1587\" height=\"2245\" srcset=\"https:\/\/blogsaverroes.juntadeandalucia.es\/eizapata\/files\/2023\/01\/6.jpg 1587w, https:\/\/blogsaverroes.juntadeandalucia.es\/eizapata\/files\/2023\/01\/6-212x300.jpg 212w, https:\/\/blogsaverroes.juntadeandalucia.es\/eizapata\/files\/2023\/01\/6-724x1024.jpg 724w, https:\/\/blogsaverroes.juntadeandalucia.es\/eizapata\/files\/2023\/01\/6-768x1086.jpg 768w, https:\/\/blogsaverroes.juntadeandalucia.es\/eizapata\/files\/2023\/01\/6-1086x1536.jpg 1086w, https:\/\/blogsaverroes.juntadeandalucia.es\/eizapata\/files\/2023\/01\/6-1448x2048.jpg 1448w\" sizes=\"(max-width: 706px) 89vw, (max-width: 767px) 82vw, 740px\" \/><\/a> <a href=\"https:\/\/blogsaverroes.juntadeandalucia.es\/eizapata\/files\/2023\/01\/7.jpg\"><img loading=\"lazy\" decoding=\"async\" class=\"aligncenter size-full wp-image-3102\" src=\"https:\/\/blogsaverroes.juntadeandalucia.es\/eizapata\/files\/2023\/01\/7.jpg\" alt=\"\" width=\"1587\" height=\"2245\" srcset=\"https:\/\/blogsaverroes.juntadeandalucia.es\/eizapata\/files\/2023\/01\/7.jpg 1587w, https:\/\/blogsaverroes.juntadeandalucia.es\/eizapata\/files\/2023\/01\/7-212x300.jpg 212w, https:\/\/blogsaverroes.juntadeandalucia.es\/eizapata\/files\/2023\/01\/7-724x1024.jpg 724w, https:\/\/blogsaverroes.juntadeandalucia.es\/eizapata\/files\/2023\/01\/7-768x1086.jpg 768w, https:\/\/blogsaverroes.juntadeandalucia.es\/eizapata\/files\/2023\/01\/7-1086x1536.jpg 1086w, https:\/\/blogsaverroes.juntadeandalucia.es\/eizapata\/files\/2023\/01\/7-1448x2048.jpg 1448w\" sizes=\"(max-width: 706px) 89vw, (max-width: 767px) 82vw, 740px\" \/><\/a><br \/>\n<iframe loading=\"lazy\" src=\"https:\/\/www.facebook.com\/plugins\/post.php?href=https%3A%2F%2Fwww.facebook.com%2Fei.zapata.5%2Fposts%2Fpfbid021HkXjampwGCceUwsxM81PDHkXSjEUuE2A3DKWPcRAioQRJg8i1FJYKAadmANUc1pl&amp;show_text=true&amp;width=500\" width=\"500\" height=\"793\" frameborder=\"0\" scrolling=\"no\"><\/iframe><\/p>\n<p><iframe loading=\"lazy\" src=\"https:\/\/www.facebook.com\/plugins\/post.php?href=https%3A%2F%2Fwww.facebook.com%2Fei.zapata.5%2Fposts%2Fpfbid0Gffv1EEUChWnRCawEu3k8qEfhTRD85uACzZZUNo16i6ZnxHCXtNvN9YT8EXBmrxjl&amp;show_text=true&amp;width=500\" width=\"500\" height=\"710\" frameborder=\"0\" scrolling=\"no\"><\/iframe><br \/>\n<iframe loading=\"lazy\" src=\"https:\/\/www.facebook.com\/plugins\/post.php?href=https%3A%2F%2Fwww.facebook.com%2Fei.zapata.5%2Fposts%2Fpfbid09qnVLZKSrxXwZuMLXMoZNJnnBYoUSJTo9Z2FQhcxmEq9WkCvBcgnk8h6U5UcRBYvl&amp;show_text=true&amp;width=500\" width=\"500\" height=\"710\" frameborder=\"0\" scrolling=\"no\"><\/iframe><\/p>\n<p><iframe loading=\"lazy\" src=\"https:\/\/www.facebook.com\/plugins\/post.php?href=https%3A%2F%2Fwww.facebook.com%2Fei.zapata.5%2Fposts%2Fpfbid0DWXTc7uKV9JZ8mpJABcrEM1AJ9unbyvqxEw5uDWj1sWic4Rs8TFwksXLtzeDsZZVl&amp;show_text=true&amp;width=500\" width=\"500\" height=\"698\" frameborder=\"0\" scrolling=\"no\"><\/iframe><br \/>\n&nbsp;<\/p>\n<p><iframe loading=\"lazy\" src=\"https:\/\/www.facebook.com\/plugins\/post.php?href=https%3A%2F%2Fwww.facebook.com%2Fei.zapata.5%2Fposts%2Fpfbid0Z9JUCbRcKVXF24LDh5yFLt5TgKnfHH21J56NAeuRvo9ZnGXTDf65nNr7DS9VBA3hl&amp;show_text=true&amp;width=500\" width=\"500\" height=\"792\" scrolling=\"no\" frameborder=\"0\"><\/iframe><\/p>\n","protected":false},"excerpt":{"rendered":"<p>El Proyecto Catadores de libros lo pone en funcionamiento en nuestro centro durante el curso 2021\/2022, nuestra compa\u00f1era Elena Corredera D\u00edaz, coordinadora de la Organizaci\u00f3n y Funcionamiento de nuestra Biblioteca Escolar. Este Proyecto nace de algunas propuestas que hoy en d\u00eda vemos habitualmente en Redes Sociales como por ejemplo \u00abBookflix\u00bb, para propuesta para potenciar \u00abel &hellip; <\/p>\n<p class=\"link-more\"><a href=\"https:\/\/blogsaverroes.juntadeandalucia.es\/eizapata\/blog-cda-2\/\" class=\"more-link\">Continuar leyendo<span class=\"screen-reader-text\"> \u00abProyecto Catadores de libros\u00bb<\/span><\/a><\/p>\n","protected":false},"author":10362,"featured_media":0,"parent":0,"menu_order":0,"comment_status":"closed","ping_status":"closed","template":"","meta":{"ngg_post_thumbnail":0,"footnotes":"","_mc_calendar":[]},"aioseo_notices":[],"_links":{"self":[{"href":"https:\/\/blogsaverroes.juntadeandalucia.es\/eizapata\/wp-json\/wp\/v2\/pages\/2979"}],"collection":[{"href":"https:\/\/blogsaverroes.juntadeandalucia.es\/eizapata\/wp-json\/wp\/v2\/pages"}],"about":[{"href":"https:\/\/blogsaverroes.juntadeandalucia.es\/eizapata\/wp-json\/wp\/v2\/types\/page"}],"author":[{"embeddable":true,"href":"https:\/\/blogsaverroes.juntadeandalucia.es\/eizapata\/wp-json\/wp\/v2\/users\/10362"}],"replies":[{"embeddable":true,"href":"https:\/\/blogsaverroes.juntadeandalucia.es\/eizapata\/wp-json\/wp\/v2\/comments?post=2979"}],"version-history":[{"count":12,"href":"https:\/\/blogsaverroes.juntadeandalucia.es\/eizapata\/wp-json\/wp\/v2\/pages\/2979\/revisions"}],"predecessor-version":[{"id":3611,"href":"https:\/\/blogsaverroes.juntadeandalucia.es\/eizapata\/wp-json\/wp\/v2\/pages\/2979\/revisions\/3611"}],"wp:attachment":[{"href":"https:\/\/blogsaverroes.juntadeandalucia.es\/eizapata\/wp-json\/wp\/v2\/media?parent=2979"}],"curies":[{"name":"wp","href":"https:\/\/api.w.org\/{rel}","templated":true}]}}