{"id":3151,"date":"2023-05-17T10:51:50","date_gmt":"2023-05-17T10:51:50","guid":{"rendered":"https:\/\/blogsaverroes.juntadeandalucia.es\/eizapata\/?page_id=3151"},"modified":"2023-05-17T12:16:26","modified_gmt":"2023-05-17T12:16:26","slug":"dia-del-pedal-en-zapata","status":"publish","type":"page","link":"https:\/\/blogsaverroes.juntadeandalucia.es\/eizapata\/dia-del-pedal-en-zapata\/","title":{"rendered":"D\u00cdA DEL PEDAL EN ZAPATA"},"content":{"rendered":"<p class=\"article-body__text article-body__text--entry article-body__text-middle\"><strong>Zapata acogi\u00f3 el s\u00e1bado 4 de junio de 2022, una <\/strong><strong>primera edici\u00f3n del D\u00eda del Pedal .<\/strong><\/p>\n<p class=\"article-body__text article-body__text--entry article-body__text-middle\">Fue una jornada l\u00fadica, deportiva y de convivencia organizada por la E.I. Zapata y la Asociaci\u00f3n de vecinos de Zapata, en la que los amantes de la bicicleta disfrutaron de un recorrido por la Barriada.<\/p>\n<p>Consulta en nuestra web futuras ediciones.<\/p>\n<div class=\"article-body--seo-closed\">\n<p class=\"article-body__text \">&nbsp;<\/p>\n<\/div>\n","protected":false},"excerpt":{"rendered":"<p>Zapata acogi\u00f3 el s\u00e1bado 4 de junio de 2022, una primera edici\u00f3n del D\u00eda del Pedal . Fue una jornada l\u00fadica, deportiva y de convivencia organizada por la E.I. Zapata y la Asociaci\u00f3n de vecinos de Zapata, en la que los amantes de la bicicleta disfrutaron de un recorrido por la Barriada. Consulta en nuestra &hellip; <\/p>\n<p class=\"link-more\"><a href=\"https:\/\/blogsaverroes.juntadeandalucia.es\/eizapata\/dia-del-pedal-en-zapata\/\" class=\"more-link\">Continuar leyendo<span class=\"screen-reader-text\"> \u00abD\u00cdA DEL PEDAL EN ZAPATA\u00bb<\/span><\/a><\/p>\n","protected":false},"author":10362,"featured_media":0,"parent":0,"menu_order":0,"comment_status":"closed","ping_status":"closed","template":"","meta":{"ngg_post_thumbnail":0,"footnotes":"","_mc_calendar":[]},"aioseo_notices":[],"_links":{"self":[{"href":"https:\/\/blogsaverroes.juntadeandalucia.es\/eizapata\/wp-json\/wp\/v2\/pages\/3151"}],"collection":[{"href":"https:\/\/blogsaverroes.juntadeandalucia.es\/eizapata\/wp-json\/wp\/v2\/pages"}],"about":[{"href":"https:\/\/blogsaverroes.juntadeandalucia.es\/eizapata\/wp-json\/wp\/v2\/types\/page"}],"author":[{"embeddable":true,"href":"https:\/\/blogsaverroes.juntadeandalucia.es\/eizapata\/wp-json\/wp\/v2\/users\/10362"}],"replies":[{"embeddable":true,"href":"https:\/\/blogsaverroes.juntadeandalucia.es\/eizapata\/wp-json\/wp\/v2\/comments?post=3151"}],"version-history":[{"count":3,"href":"https:\/\/blogsaverroes.juntadeandalucia.es\/eizapata\/wp-json\/wp\/v2\/pages\/3151\/revisions"}],"predecessor-version":[{"id":3204,"href":"https:\/\/blogsaverroes.juntadeandalucia.es\/eizapata\/wp-json\/wp\/v2\/pages\/3151\/revisions\/3204"}],"wp:attachment":[{"href":"https:\/\/blogsaverroes.juntadeandalucia.es\/eizapata\/wp-json\/wp\/v2\/media?parent=3151"}],"curies":[{"name":"wp","href":"https:\/\/api.w.org\/{rel}","templated":true}]}}