{"id":3643,"date":"2025-10-29T10:05:04","date_gmt":"2025-10-29T10:05:04","guid":{"rendered":"https:\/\/blogsaverroes.juntadeandalucia.es\/eizapata\/?page_id=3643"},"modified":"2025-10-29T11:13:41","modified_gmt":"2025-10-29T11:13:41","slug":"puerta-en-red","status":"publish","type":"page","link":"https:\/\/blogsaverroes.juntadeandalucia.es\/eizapata\/puerta-en-red\/","title":{"rendered":"Puerta en RED"},"content":{"rendered":"<p><img loading=\"lazy\" decoding=\"async\" class=\"aligncenter size-full wp-image-3651\" src=\"https:\/\/blogsaverroes.juntadeandalucia.es\/eizapata\/files\/2025\/10\/WEB.jpg\" alt=\"\" width=\"1240\" height=\"1748\" srcset=\"https:\/\/blogsaverroes.juntadeandalucia.es\/eizapata\/files\/2025\/10\/WEB.jpg 1240w, https:\/\/blogsaverroes.juntadeandalucia.es\/eizapata\/files\/2025\/10\/WEB-213x300.jpg 213w, https:\/\/blogsaverroes.juntadeandalucia.es\/eizapata\/files\/2025\/10\/WEB-726x1024.jpg 726w, https:\/\/blogsaverroes.juntadeandalucia.es\/eizapata\/files\/2025\/10\/WEB-768x1083.jpg 768w, https:\/\/blogsaverroes.juntadeandalucia.es\/eizapata\/files\/2025\/10\/WEB-1090x1536.jpg 1090w\" sizes=\"(max-width: 706px) 89vw, (max-width: 767px) 82vw, 740px\" \/><\/p>\n<p>&nbsp;<\/p>\n<div>En la E.I. Zapata, transformamos la puerta del cole en algo m\u00e1s que una entrada: se convierte, en ocasiones especiales, en un espacio vivo de comunicaci\u00f3n, creatividad y participaci\u00f3n de toda nuestra Comunidad.<\/div>\n<div>&nbsp;<\/div>\n<div>A trav\u00e9s de ella proponemos peque\u00f1as actividades, retos o mensajes que invitan a las familias a interactuar, reflexionar y compartir experiencias con sus hijos e hijas. De este modo, la puerta deja de ser un l\u00edmite f\u00edsico y se convierte en un v\u00ednculo simb\u00f3lico entre escuela y hogar.<\/div>\n<div>&nbsp;<\/div>\n<div>Estas actividades:<\/div>\n<div>&nbsp;<\/div>\n<div>\u2022Refuerzan el sentido de pertenencia y la identidad de nuestra comunidad educativa.<\/div>\n<div>\u2022Fomentan la implicaci\u00f3n activa de las familias en la vida escolar.<\/div>\n<div>\u2022Promueven la comunicaci\u00f3n positiva y el intercambio de valores y emociones.<\/div>\n<div>\u2022Embellecen y humanizan los espacios escolares, haciendo visible la vida del centro.<\/div>\n<div>\u2022Favorecen la coherencia educativa, ya que lo que se trabaja dentro del aula se extiende hacia fuera.<\/div>\n<div>\u2022Hacen que cada familia se sienta parte esencial del aprendizaje de su hijo o hija.<\/div>\n<div>&nbsp;<\/div>\n<div>En definitiva, la puerta se convierte en un puente, un lugar donde todos \u2014ni\u00f1os, docentes y familias\u2014 nos encontramos para construir juntos la escuela que so\u00f1amos.<\/div>\n<div>&nbsp;<\/div>\n<p><iframe loading=\"lazy\" src=\"https:\/\/www.facebook.com\/plugins\/video.php?height=476&amp;href=https%3A%2F%2Fwww.facebook.com%2Freel%2F1172321181424233%2F&amp;show_text=true&amp;width=267&amp;t=0\" width=\"267\" height=\"591\" frameborder=\"0\" scrolling=\"no\"><\/iframe><\/p>\n<p><iframe loading=\"lazy\" src=\"https:\/\/www.facebook.com\/plugins\/post.php?href=https%3A%2F%2Fwww.facebook.com%2Fei.zapata.5%2Fposts%2Fpfbid0CqiQ6kaGeggfvSYggC7DbAtkErtwTfTCWnaQgNeh63oxZuM7riMqAFgUgokF8TLRl&amp;show_text=true&amp;width=500\" width=\"500\" height=\"792\" frameborder=\"0\" scrolling=\"no\"><\/iframe><\/p>\n<p><iframe loading=\"lazy\" src=\"https:\/\/www.facebook.com\/plugins\/post.php?href=https%3A%2F%2Fwww.facebook.com%2Fei.zapata.5%2Fposts%2Fpfbid0tWSgD7wEmjDEQpiHfK9yh5TAdNG9NcNkBt5KNrmyNP4kUi9tHBXQonLKt4Mg1Tdgl&amp;show_text=true&amp;width=500\" width=\"500\" height=\"250\" frameborder=\"0\" scrolling=\"no\"><\/iframe><\/p>\n<p><iframe loading=\"lazy\" src=\"https:\/\/www.facebook.com\/plugins\/post.php?href=https%3A%2F%2Fwww.facebook.com%2Fei.zapata.5%2Fposts%2Fpfbid02CbWtsBZQXgp2TXdq321RvtnF7zG6q6Py3UBmHrZWUKK8wWKr4WEVM3KkzmsxTXmfl&amp;show_text=true&amp;width=500\" width=\"500\" height=\"671\" frameborder=\"0\" scrolling=\"no\"><\/iframe><\/p>\n<p><iframe loading=\"lazy\" src=\"https:\/\/www.facebook.com\/plugins\/video.php?height=314&amp;href=https%3A%2F%2Fwww.facebook.com%2Fei.zapata.5%2Fvideos%2F1403476457247489%2F&amp;show_text=true&amp;width=560&amp;t=0\" width=\"560\" height=\"429\" frameborder=\"0\" scrolling=\"no\"><\/iframe><\/p>\n<p><iframe loading=\"lazy\" src=\"https:\/\/www.facebook.com\/plugins\/post.php?href=https%3A%2F%2Fwww.facebook.com%2Fei.zapata.5%2Fposts%2Fpfbid0cVHSk4Hp3bMAZJhpGCcvLzHiLMAnnVhzKGAHjv8N8KqKH18v5PXMHU6sYtH8Ysw7l&amp;show_text=true&amp;width=500\" width=\"500\" height=\"250\" frameborder=\"0\" scrolling=\"no\"><\/iframe><\/p>\n<p><iframe loading=\"lazy\" src=\"https:\/\/www.facebook.com\/plugins\/post.php?href=https%3A%2F%2Fwww.facebook.com%2Fei.zapata.5%2Fposts%2Fpfbid0iKj4ctaHDtvfaVrwH6Ptr7UTAaPXmYPphgYQwhZhPHgdYVomWs3gwg2GqPSAZvrhl&amp;show_text=true&amp;width=500\" width=\"500\" height=\"666\" frameborder=\"0\" scrolling=\"no\"><\/iframe><\/p>\n<p><iframe loading=\"lazy\" src=\"https:\/\/www.facebook.com\/plugins\/post.php?href=https%3A%2F%2Fwww.facebook.com%2Fei.zapata.5%2Fposts%2Fpfbid02tTAch42wL5ocgZvyR5UjJwjFKmjeELsHHAH4zZRzppUZ8GLoxuVfWuAzyKRQUVJPl&amp;show_text=true&amp;width=500\" width=\"500\" height=\"250\" frameborder=\"0\" scrolling=\"no\"><\/iframe><\/p>\n<p><iframe loading=\"lazy\" src=\"https:\/\/www.facebook.com\/plugins\/post.php?href=https%3A%2F%2Fwww.facebook.com%2Fei.zapata.5%2Fposts%2Fpfbid0GkYWBhAAskAhVN9zgvGcMVgLvzVKb1yFqxehnsVDJNLYfPLvebP5kqwa9uQA73nBl&amp;show_text=true&amp;width=500\" width=\"500\" height=\"734\" frameborder=\"0\" scrolling=\"no\"><\/iframe><\/p>\n<p><iframe loading=\"lazy\" src=\"https:\/\/www.facebook.com\/plugins\/post.php?href=https%3A%2F%2Fwww.facebook.com%2Fei.zapata.5%2Fposts%2Fpfbid03D7347743H5ok7Un4pdHTJZNsqQrV8JnbsaKA9G6XtHYHUAVVQZkcy8S3tNum6BEl&amp;show_text=true&amp;width=500\" width=\"500\" height=\"647\" frameborder=\"0\" scrolling=\"no\"><\/iframe><\/p>\n<p><iframe loading=\"lazy\" src=\"https:\/\/www.facebook.com\/plugins\/post.php?href=https%3A%2F%2Fwww.facebook.com%2Fei.zapata.5%2Fposts%2Fpfbid02Kje8ThWnucjLNj6W1B4cy3dg8hCmoL5VfpmrovEiUn2DDxpZmrzqMLR3oviozGYCl&amp;show_text=true&amp;width=500\" width=\"500\" height=\"250\" frameborder=\"0\" scrolling=\"no\"><\/iframe><\/p>\n<p><iframe loading=\"lazy\" src=\"https:\/\/www.facebook.com\/plugins\/post.php?href=https%3A%2F%2Fwww.facebook.com%2Fei.zapata.5%2Fposts%2Fpfbid0JKdDSicD8h59k9V6NNU1EU8rSSSbJddfzcp5XftsQqoA32PgWyoXsgYJf4U73C3Tl&amp;show_text=true&amp;width=500\" width=\"500\" height=\"0\" frameborder=\"0\" scrolling=\"no\"><\/iframe><\/p>\n<p><iframe loading=\"lazy\" src=\"https:\/\/www.facebook.com\/plugins\/post.php?href=https%3A%2F%2Fwww.facebook.com%2Fei.zapata.5%2Fposts%2Fpfbid037ogfYNcbL1YZyZ6G8gNGdhgVmrUpadmSrsf9a5KbbcxyWgpypmboD6zbZ2x7msdml&amp;show_text=true&amp;width=500\" width=\"500\" height=\"250\" frameborder=\"0\" scrolling=\"no\"><\/iframe><\/p>\n<p><iframe loading=\"lazy\" src=\"https:\/\/www.facebook.com\/plugins\/post.php?href=https%3A%2F%2Fwww.facebook.com%2Fei.zapata.5%2Fposts%2Fpfbid028h88K3zc2GQiBvbSZyvbDkDTHkJj9KouhheN2xEfY8RycPXPRBjuPCcmNhJ5nV3vl&amp;show_text=true&amp;width=500\" width=\"500\" height=\"250\" frameborder=\"0\" scrolling=\"no\"><\/iframe><\/p>\n<p><iframe loading=\"lazy\" src=\"https:\/\/www.facebook.com\/plugins\/post.php?href=https%3A%2F%2Fwww.facebook.com%2Fei.zapata.5%2Fposts%2Fpfbid07dRM4Xq15wRRuWJQnxeG2djyPEcuKQ23uUuhomCcHkPs98o4pXHr3A62iMztSJY5l&amp;show_text=true&amp;width=500\" width=\"500\" height=\"250\" scrolling=\"no\" frameborder=\"0\"><\/iframe><\/p>\n<p><iframe loading=\"lazy\" src=\"https:\/\/www.facebook.com\/plugins\/post.php?href=https%3A%2F%2Fwww.facebook.com%2Fei.zapata.5%2Fposts%2Fpfbid0eUHLqU2Vct3y5MSVory7JpAQTK1vgxa2tfPt6XdrkqsYrt49mvC6QaR9xCFW42mAl&amp;show_text=true&amp;width=500\" width=\"500\" height=\"671\" scrolling=\"no\" frameborder=\"0\"><\/iframe><\/p>\n<p><iframe loading=\"lazy\" src=\"https:\/\/www.facebook.com\/plugins\/post.php?href=https%3A%2F%2Fwww.facebook.com%2Fei.zapata.5%2Fposts%2Fpfbid021FdkrK342qDsAjB1u12xStKqkX98gks782ZLSDDUpbSc5rLFwciVRvG8Dfqpif6cl&amp;show_text=true&amp;width=500\" width=\"500\" height=\"250\" scrolling=\"no\" frameborder=\"0\"><\/iframe><\/p>\n<p><iframe loading=\"lazy\" src=\"https:\/\/www.facebook.com\/plugins\/post.php?href=https%3A%2F%2Fwww.facebook.com%2Fei.zapata.5%2Fposts%2Fpfbid021FdkrK342qDsAjB1u12xStKqkX98gks782ZLSDDUpbSc5rLFwciVRvG8Dfqpif6cl&amp;show_text=true&amp;width=500\" width=\"500\" height=\"250\" scrolling=\"no\" frameborder=\"0\"><\/iframe><\/p>\n<p><iframe loading=\"lazy\" src=\"https:\/\/www.facebook.com\/plugins\/post.php?href=https%3A%2F%2Fwww.facebook.com%2Fei.zapata.5%2Fposts%2Fpfbid05H8HKbvGUhUmahzQH43DVoQxC9ETYP8UakoBg34U7kA4LQkSxZDrx6atyKmcU48ul&amp;show_text=true&amp;width=500\" width=\"500\" height=\"250\" scrolling=\"no\" frameborder=\"0\"><\/iframe><\/p>\n<p><iframe loading=\"lazy\" src=\"https:\/\/www.facebook.com\/plugins\/post.php?href=https%3A%2F%2Fwww.facebook.com%2Fei.zapata.5%2Fposts%2Fpfbid02E58tz5GiNWEDsFZh3Ub2UNKs2x2d9eoyRewrg4bbbr5wsjvBN3inmL4PY1totRm3l&amp;show_text=true&amp;width=500\" width=\"500\" height=\"250\" scrolling=\"no\" frameborder=\"0\"><\/iframe><\/p>\n<p><iframe loading=\"lazy\" src=\"https:\/\/www.facebook.com\/plugins\/post.php?href=https%3A%2F%2Fwww.facebook.com%2Fei.zapata.5%2Fposts%2Fpfbid0JmHkQLyFJXassQa4GoewGCdCYEBzyS4NaXPEtvcy1ZhFRDGud1giYCDpgct4ikzsl&amp;show_text=true&amp;width=500\" width=\"500\" height=\"0\" scrolling=\"no\" frameborder=\"0\"><\/iframe><\/p>\n","protected":false},"excerpt":{"rendered":"<p>&nbsp; En la E.I. Zapata, transformamos la puerta del cole en algo m\u00e1s que una entrada: se convierte, en ocasiones especiales, en un espacio vivo de comunicaci\u00f3n, creatividad y participaci\u00f3n de toda nuestra Comunidad. &nbsp; A trav\u00e9s de ella proponemos peque\u00f1as actividades, retos o mensajes que invitan a las familias a interactuar, reflexionar y compartir &hellip; <\/p>\n<p class=\"link-more\"><a href=\"https:\/\/blogsaverroes.juntadeandalucia.es\/eizapata\/puerta-en-red\/\" class=\"more-link\">Continuar leyendo<span class=\"screen-reader-text\"> \u00abPuerta en RED\u00bb<\/span><\/a><\/p>\n","protected":false},"author":10362,"featured_media":0,"parent":0,"menu_order":0,"comment_status":"closed","ping_status":"closed","template":"","meta":{"ngg_post_thumbnail":0,"footnotes":"","_mc_calendar":[]},"aioseo_notices":[],"_links":{"self":[{"href":"https:\/\/blogsaverroes.juntadeandalucia.es\/eizapata\/wp-json\/wp\/v2\/pages\/3643"}],"collection":[{"href":"https:\/\/blogsaverroes.juntadeandalucia.es\/eizapata\/wp-json\/wp\/v2\/pages"}],"about":[{"href":"https:\/\/blogsaverroes.juntadeandalucia.es\/eizapata\/wp-json\/wp\/v2\/types\/page"}],"author":[{"embeddable":true,"href":"https:\/\/blogsaverroes.juntadeandalucia.es\/eizapata\/wp-json\/wp\/v2\/users\/10362"}],"replies":[{"embeddable":true,"href":"https:\/\/blogsaverroes.juntadeandalucia.es\/eizapata\/wp-json\/wp\/v2\/comments?post=3643"}],"version-history":[{"count":25,"href":"https:\/\/blogsaverroes.juntadeandalucia.es\/eizapata\/wp-json\/wp\/v2\/pages\/3643\/revisions"}],"predecessor-version":[{"id":3672,"href":"https:\/\/blogsaverroes.juntadeandalucia.es\/eizapata\/wp-json\/wp\/v2\/pages\/3643\/revisions\/3672"}],"wp:attachment":[{"href":"https:\/\/blogsaverroes.juntadeandalucia.es\/eizapata\/wp-json\/wp\/v2\/media?parent=3643"}],"curies":[{"name":"wp","href":"https:\/\/api.w.org\/{rel}","templated":true}]}}