{"id":80,"date":"2015-03-16T06:57:36","date_gmt":"2015-03-16T06:57:36","guid":{"rendered":"http:\/\/blogsaverroes.juntadeandalucia.es\/pre\/ceip\/?page_id=80"},"modified":"2024-08-26T08:22:13","modified_gmt":"2024-08-26T08:22:13","slug":"curso-escolar","status":"publish","type":"page","link":"https:\/\/blogsaverroes.juntadeandalucia.es\/eizapata\/curso-escolar\/","title":{"rendered":"AMPA LOS ARCOS"},"content":{"rendered":"<p>Tenemos desde el curso 2023\/2024 un nuevo AMPA de la E.I. ZAPATA dispuesta a comprometerse con las actividades del centro.<\/p>\n<p>Su nueva Junta Directiva con su presidenta D\u00f1a. Ana Patricia Romero Rosa<b>&nbsp;<\/b>a la cabeza, se propone nuevos retos basados en la colaboraci\u00f3n y cooperaci\u00f3n absoluta con el centro en todos sus \u00e1mbitos y necesidades.&nbsp;<\/p>\n<p>El AMPA es una parte importante del funcionamiento del centro, ya que es una de las v\u00edas a trav\u00e9s de las cual las familias&nbsp;participan en el desarrollo de las actividades de la escuela. Estas actividades organizadas por el AMPA tienen el objetivo de&nbsp;mejorar la calidad de la ense\u00f1anza&nbsp;y la formaci\u00f3n de los alumnos, pero tambi\u00e9n su desarrollo personal dentro del propio centro.<\/p>\n<p>Por eso, es muy importante que los padres nos impliquemos en su funcionamiento, objetivos y actividades.<\/p>\n<p>Algunas de las actividades que pretende realizar el AMPA ser\u00e1n por ejemplo actividades de formaci\u00f3n vinculadas a nuestra Comunidad de Aprendizaje (charlas educativas, culturales, etc), recreativas (fiestas diversas, como Halloween, Carnavales, Navidad, Fin de curso), colaboraci\u00f3n en el mantenimiento es instalaciones del centro (compra de material educativo, reparaciones en infraestructura, mejoras, etc.).<\/p>\n<p>Asistir y ayudar a todos aquellos padres, madres o tutores que lo requieran, en cualquier asunto que concierna a la educaci\u00f3n y a los derechos y deberes de sus hijos e hijas.<\/p>\n<p>El AMPA es una asociaci\u00f3n autogestionada, esto quiere decir que se sostiene con las aportaciones de la cuota anual de socios y las ventas de productos en las actividades escolares que se realizan, por eso cuantos m\u00e1s socios seamos y m\u00e1s participemos, podremos lograr mayores mejoras para nuestros hijos e hijas cada a\u00f1o, adem\u00e1s de disfrutar y aprender con ellos durante su crecimiento.<\/p>\n<p><a href=\"https:\/\/blogsaverroes.juntadeandalucia.es\/eizapata\/files\/2023\/01\/LOGO-AMPA.jpg\"><img loading=\"lazy\" decoding=\"async\" class=\"aligncenter size-full wp-image-3084\" src=\"https:\/\/blogsaverroes.juntadeandalucia.es\/eizapata\/files\/2023\/01\/LOGO-AMPA.jpg\" alt=\"\" width=\"1280\" height=\"1280\" srcset=\"https:\/\/blogsaverroes.juntadeandalucia.es\/eizapata\/files\/2023\/01\/LOGO-AMPA.jpg 1280w, https:\/\/blogsaverroes.juntadeandalucia.es\/eizapata\/files\/2023\/01\/LOGO-AMPA-300x300.jpg 300w, https:\/\/blogsaverroes.juntadeandalucia.es\/eizapata\/files\/2023\/01\/LOGO-AMPA-1024x1024.jpg 1024w, https:\/\/blogsaverroes.juntadeandalucia.es\/eizapata\/files\/2023\/01\/LOGO-AMPA-150x150.jpg 150w, https:\/\/blogsaverroes.juntadeandalucia.es\/eizapata\/files\/2023\/01\/LOGO-AMPA-768x768.jpg 768w, https:\/\/blogsaverroes.juntadeandalucia.es\/eizapata\/files\/2023\/01\/LOGO-AMPA-100x100.jpg 100w\" sizes=\"(max-width: 706px) 89vw, (max-width: 767px) 82vw, 740px\" \/><\/a><\/p>\n","protected":false},"excerpt":{"rendered":"<p>Tenemos desde el curso 2023\/2024 un nuevo AMPA de la E.I. ZAPATA dispuesta a comprometerse con las actividades del centro. Su nueva Junta Directiva con su presidenta D\u00f1a. Ana Patricia Romero Rosa&nbsp;a la cabeza, se propone nuevos retos basados en la colaboraci\u00f3n y cooperaci\u00f3n absoluta con el centro en todos sus \u00e1mbitos y necesidades.&nbsp; El &hellip; <\/p>\n<p class=\"link-more\"><a href=\"https:\/\/blogsaverroes.juntadeandalucia.es\/eizapata\/curso-escolar\/\" class=\"more-link\">Continuar leyendo<span class=\"screen-reader-text\"> \u00abAMPA LOS ARCOS\u00bb<\/span><\/a><\/p>\n","protected":false},"author":1,"featured_media":0,"parent":0,"menu_order":0,"comment_status":"closed","ping_status":"open","template":"","meta":{"ngg_post_thumbnail":0,"footnotes":"","_mc_calendar":[]},"aioseo_notices":[],"_links":{"self":[{"href":"https:\/\/blogsaverroes.juntadeandalucia.es\/eizapata\/wp-json\/wp\/v2\/pages\/80"}],"collection":[{"href":"https:\/\/blogsaverroes.juntadeandalucia.es\/eizapata\/wp-json\/wp\/v2\/pages"}],"about":[{"href":"https:\/\/blogsaverroes.juntadeandalucia.es\/eizapata\/wp-json\/wp\/v2\/types\/page"}],"author":[{"embeddable":true,"href":"https:\/\/blogsaverroes.juntadeandalucia.es\/eizapata\/wp-json\/wp\/v2\/users\/1"}],"replies":[{"embeddable":true,"href":"https:\/\/blogsaverroes.juntadeandalucia.es\/eizapata\/wp-json\/wp\/v2\/comments?post=80"}],"version-history":[{"count":6,"href":"https:\/\/blogsaverroes.juntadeandalucia.es\/eizapata\/wp-json\/wp\/v2\/pages\/80\/revisions"}],"predecessor-version":[{"id":3513,"href":"https:\/\/blogsaverroes.juntadeandalucia.es\/eizapata\/wp-json\/wp\/v2\/pages\/80\/revisions\/3513"}],"wp:attachment":[{"href":"https:\/\/blogsaverroes.juntadeandalucia.es\/eizapata\/wp-json\/wp\/v2\/media?parent=80"}],"curies":[{"name":"wp","href":"https:\/\/api.w.org\/{rel}","templated":true}]}}