{"id":1171,"date":"2024-10-19T20:54:29","date_gmt":"2024-10-19T20:54:29","guid":{"rendered":"https:\/\/blogsaverroes.juntadeandalucia.es\/elblogdefrances\/?page_id=1171"},"modified":"2025-10-16T07:41:38","modified_gmt":"2025-10-16T07:41:38","slug":"les-aliments","status":"publish","type":"page","link":"https:\/\/blogsaverroes.juntadeandalucia.es\/elblogdefrances\/les-aliments\/","title":{"rendered":"Les aliments \/Los alimentos"},"content":{"rendered":"<ul>\n<li><strong>V\u00eddeo introductorio,<\/strong> comenzar a verlo a partir del minuto 1.<\/li>\n<\/ul>\n<p style=\"text-align: center\"><iframe loading=\"lazy\" src=\"\/\/www.youtube.com\/embed\/dkbo61QDkBM\" width=\"340\" height=\"191\"><\/iframe><\/p>\n<ul>\n<li><strong>Ficha con vocabulario<\/strong> sobre los alimentos:<\/li>\n<\/ul>\n<p><a href=\"https:\/\/drive.google.com\/file\/d\/1UdAR48SEvip5uTh9l4zI0mH-n7H9hDAs\/view?usp=sharing\"><img loading=\"lazy\" decoding=\"async\" class=\"wp-image-1500 aligncenter\" src=\"https:\/\/blogsaverroes.juntadeandalucia.es\/elblogdefrances\/files\/2025\/04\/aliments.png\" alt=\"\" width=\"494\" height=\"270\" srcset=\"https:\/\/blogsaverroes.juntadeandalucia.es\/elblogdefrances\/files\/2025\/04\/aliments.png 717w, https:\/\/blogsaverroes.juntadeandalucia.es\/elblogdefrances\/files\/2025\/04\/aliments-300x164.png 300w\" sizes=\"(max-width: 494px) 100vw, 494px\" \/><\/a><\/p>\n<p><strong>Expresi\u00f3n oral:<\/strong><\/p>\n<p><a href=\"https:\/\/view.genially.com\/6811587bfcb83b68e8b0df88\/interactive-content-quest-ce-tu-preferes\"><img loading=\"lazy\" decoding=\"async\" class=\"alignnone wp-image-1502 aligncenter\" src=\"https:\/\/blogsaverroes.juntadeandalucia.es\/elblogdefrances\/files\/2025\/04\/Screenshot_2.png\" alt=\"\" width=\"503\" height=\"287\" srcset=\"https:\/\/blogsaverroes.juntadeandalucia.es\/elblogdefrances\/files\/2025\/04\/Screenshot_2.png 535w, https:\/\/blogsaverroes.juntadeandalucia.es\/elblogdefrances\/files\/2025\/04\/Screenshot_2-300x171.png 300w\" sizes=\"(max-width: 503px) 100vw, 503px\" \/><\/a><\/p>\n<ul>\n<li><strong>Los momentos del d\u00eda<\/strong> y las principales comidas:<\/li>\n<\/ul>\n<p style=\"text-align: center\"><iframe loading=\"lazy\" src=\"\/\/www.youtube.com\/embed\/jbHhf78f_Tk\" width=\"250\" height=\"140\"><\/iframe><\/p>\n<p style=\"text-align: center\"><a href=\"https:\/\/view.genially.com\/6824a13697c0b8ab9b7ec1b4\/interactive-content-les-repas\"><img loading=\"lazy\" decoding=\"async\" class=\"alignnone size-full wp-image-1504\" src=\"https:\/\/blogsaverroes.juntadeandalucia.es\/elblogdefrances\/files\/2025\/04\/Screenshot_3.png\" alt=\"\" width=\"547\" height=\"514\" srcset=\"https:\/\/blogsaverroes.juntadeandalucia.es\/elblogdefrances\/files\/2025\/04\/Screenshot_3.png 547w, https:\/\/blogsaverroes.juntadeandalucia.es\/elblogdefrances\/files\/2025\/04\/Screenshot_3-300x282.png 300w\" sizes=\"(max-width: 547px) 100vw, 547px\" \/><\/a><\/p>\n<p><img loading=\"lazy\" decoding=\"async\" class=\" wp-image-1525 aligncenter\" src=\"https:\/\/blogsaverroes.juntadeandalucia.es\/elblogdefrances\/files\/2025\/05\/Screenshot_1.png\" alt=\"\" width=\"413\" height=\"299\" srcset=\"https:\/\/blogsaverroes.juntadeandalucia.es\/elblogdefrances\/files\/2025\/05\/Screenshot_1.png 551w, https:\/\/blogsaverroes.juntadeandalucia.es\/elblogdefrances\/files\/2025\/05\/Screenshot_1-300x217.png 300w\" sizes=\"(max-width: 413px) 100vw, 413px\" \/><\/p>\n<ul>\n<li><strong>En tu cuaderno<\/strong>, escribe qu\u00e9 comes t\u00fa en cada comida. <a href=\"https:\/\/view.genially.com\/6824a13697c0b8ab9b7ec1b4\/interactive-content-les-repas\">Haz clic en la imagen<\/a> para tener un ejemplo.<\/li>\n<li><strong>Canci\u00f3n<\/strong>, el desayuno:<\/li>\n<\/ul>\n<p style=\"text-align: center\"><iframe loading=\"lazy\" src=\"\/\/www.youtube.com\/embed\/d5U4kDDBCVA\" width=\"250\" height=\"140\"><\/iframe><\/p>\n<ul>\n<li><strong>Le petit d\u00e9jeuner<\/strong> en France:<\/li>\n<\/ul>\n<p style=\"text-align: center\"><iframe loading=\"lazy\" src=\"\/\/www.youtube.com\/embed\/2L7P6sGskY0\" width=\"560\" height=\"314\"><\/iframe><\/p>\n<p>&nbsp;<\/p>\n<p style=\"text-align: center\"><iframe loading=\"lazy\" src=\"\/\/www.youtube.com\/embed\/_Ks2wdQDOFY\" width=\"560\" height=\"314\"><\/iframe><\/p>\n<ul>\n<li><strong>Vocabulario complementario<\/strong>: otros alimentos, cantidades, contenedores, utensilios, verbos para recetas&#8230;<\/li>\n<\/ul>\n<p><a href=\"https:\/\/drive.google.com\/file\/d\/1UW2nwgjztEPXJiP8er1PCEwE0gNUo2o8\/view?usp=sharing\"><img loading=\"lazy\" decoding=\"async\" class=\"size-full wp-image-1511 aligncenter\" src=\"https:\/\/blogsaverroes.juntadeandalucia.es\/elblogdefrances\/files\/2025\/05\/aliments-a2.png\" alt=\"\" width=\"723\" height=\"385\" srcset=\"https:\/\/blogsaverroes.juntadeandalucia.es\/elblogdefrances\/files\/2025\/05\/aliments-a2.png 723w, https:\/\/blogsaverroes.juntadeandalucia.es\/elblogdefrances\/files\/2025\/05\/aliments-a2-300x160.png 300w\" sizes=\"(max-width: 723px) 100vw, 723px\" \/><\/a><\/p>\n<ul>\n<li>Juego <strong>wordwall.<\/strong><\/li>\n<\/ul>\n<p><a href=\"https:\/\/wordwall.net\/es\/resource\/1340109\/les-moments-de-la-journ%C3%A9e\"><img loading=\"lazy\" decoding=\"async\" class=\"alignnone size-full wp-image-1527 aligncenter\" src=\"https:\/\/blogsaverroes.juntadeandalucia.es\/elblogdefrances\/files\/2025\/05\/wordwall.png\" alt=\"\" width=\"347\" height=\"289\" srcset=\"https:\/\/blogsaverroes.juntadeandalucia.es\/elblogdefrances\/files\/2025\/05\/wordwall.png 347w, https:\/\/blogsaverroes.juntadeandalucia.es\/elblogdefrances\/files\/2025\/05\/wordwall-300x250.png 300w\" sizes=\"(max-width: 347px) 100vw, 347px\" \/><\/a><\/p>\n<ul>\n<li>Ficha audio alimentos <strong>liveworksheet.<\/strong><\/li>\n<\/ul>\n<p style=\"text-align: center\"><a href=\"https:\/\/www.liveworksheets.com\/es\/w\/fr\/francais-langue-etrangere-fle\/186929\"><img loading=\"lazy\" decoding=\"async\" class=\"alignnone wp-image-1530\" src=\"https:\/\/blogsaverroes.juntadeandalucia.es\/elblogdefrances\/files\/2025\/05\/Screenshot_2.png\" alt=\"\" width=\"578\" height=\"334\" srcset=\"https:\/\/blogsaverroes.juntadeandalucia.es\/elblogdefrances\/files\/2025\/05\/Screenshot_2.png 785w, https:\/\/blogsaverroes.juntadeandalucia.es\/elblogdefrances\/files\/2025\/05\/Screenshot_2-300x174.png 300w, https:\/\/blogsaverroes.juntadeandalucia.es\/elblogdefrances\/files\/2025\/05\/Screenshot_2-768x444.png 768w\" sizes=\"(max-width: 578px) 100vw, 578px\" \/><\/a><\/p>\n<p>&nbsp;<\/p>\n<ul style=\"list-style-type: circle\">\n<li><strong>Fichas interactivas liveworksheet:<\/strong><\/li>\n<\/ul>\n<p><a href=\"https:\/\/www.liveworksheets.com\/es\/c?a=s&amp;t=Wc75zJUtvR&amp;sr=n&amp;l=vz&amp;i=nncdo&amp;r=pa&amp;f=dzdfzxuu&amp;ms=uz&amp;cd=p-k38g--zy-lygllknjhdngnegmxxxg&amp;mw=hs\">Ficha n\u00famero 1.<\/a><\/p>\n<p><a href=\"https:\/\/www.liveworksheets.com\/es\/worksheet\/fr\/francais-langue-etrangere-fle\/930485\">Ficha n\u00famero 2.<\/a><\/p>\n<p><a href=\"https:\/\/www.liveworksheets.com\/es\/worksheet\/fr\/francais-langue-etrangere-fle\/839351\">Ficha n\u00famero 3.<\/a><\/p>\n<p><a href=\"https:\/\/www.liveworksheets.com\/es\/worksheet\/fr\/francais-langue-etrangere-fle\/190196\">Ficha n\u00famero 4<\/a><\/p>\n<p><a href=\"https:\/\/www.liveworksheets.com\/es\/worksheet\/fr\/francais-langue-etrangere-fle\/77785\">Ficha n\u00famero 5<\/a><\/p>\n<p><a href=\"https:\/\/www.liveworksheets.com\/es\/worksheet\/fr\/francais-langue-etrangere-fle\/876834\">Ficha n\u00famero 6<\/a><\/p>\n<p><a href=\"https:\/\/www.liveworksheets.com\/es\/worksheet\/fr\/francais-langue-etrangere-fle\/145879\">Ficha n\u00famero 7<\/a><\/p>\n","protected":false},"excerpt":{"rendered":"<p>V\u00eddeo introductorio, comenzar a verlo a partir del minuto 1. Ficha con vocabulario sobre los alimentos: Expresi\u00f3n oral: Los momentos del d\u00eda y las principales comidas: En tu cuaderno, escribe qu\u00e9 comes t\u00fa en&#46;&#46;&#46;<\/p>\n","protected":false},"author":10861,"featured_media":0,"parent":0,"menu_order":0,"comment_status":"closed","ping_status":"closed","template":"","meta":{"ngg_post_thumbnail":0,"footnotes":""},"aioseo_notices":[],"_links":{"self":[{"href":"https:\/\/blogsaverroes.juntadeandalucia.es\/elblogdefrances\/wp-json\/wp\/v2\/pages\/1171"}],"collection":[{"href":"https:\/\/blogsaverroes.juntadeandalucia.es\/elblogdefrances\/wp-json\/wp\/v2\/pages"}],"about":[{"href":"https:\/\/blogsaverroes.juntadeandalucia.es\/elblogdefrances\/wp-json\/wp\/v2\/types\/page"}],"author":[{"embeddable":true,"href":"https:\/\/blogsaverroes.juntadeandalucia.es\/elblogdefrances\/wp-json\/wp\/v2\/users\/10861"}],"replies":[{"embeddable":true,"href":"https:\/\/blogsaverroes.juntadeandalucia.es\/elblogdefrances\/wp-json\/wp\/v2\/comments?post=1171"}],"version-history":[{"count":24,"href":"https:\/\/blogsaverroes.juntadeandalucia.es\/elblogdefrances\/wp-json\/wp\/v2\/pages\/1171\/revisions"}],"predecessor-version":[{"id":1620,"href":"https:\/\/blogsaverroes.juntadeandalucia.es\/elblogdefrances\/wp-json\/wp\/v2\/pages\/1171\/revisions\/1620"}],"wp:attachment":[{"href":"https:\/\/blogsaverroes.juntadeandalucia.es\/elblogdefrances\/wp-json\/wp\/v2\/media?parent=1171"}],"curies":[{"name":"wp","href":"https:\/\/api.w.org\/{rel}","templated":true}]}}