{"id":503,"date":"2021-11-15T21:18:56","date_gmt":"2021-11-15T21:18:56","guid":{"rendered":"https:\/\/blogsaverroes.juntadeandalucia.es\/elblogdefrances\/?page_id=503"},"modified":"2025-10-15T20:22:10","modified_gmt":"2025-10-15T20:22:10","slug":"recursos-para-clase","status":"publish","type":"page","link":"https:\/\/blogsaverroes.juntadeandalucia.es\/elblogdefrances\/recursos-para-clase\/","title":{"rendered":"\u00a1Recursos para clase!"},"content":{"rendered":"<p><span style=\"font-family: 'comic sans ms', sans-serif\"><img loading=\"lazy\" decoding=\"async\" class=\"alignleft\" src=\"https:\/\/sdk.bitmoji.com\/render\/panel\/fd7f046f-7193-4fc3-9f22-4561eb965ec0-0345ab7d-330a-454f-820d-621937517725-v1.png?transparent=1&amp;palette=1\" alt=\"deep breaths\" width=\"192\" height=\"192\">Hoy vamos a aprender a <strong>respirar<\/strong> para relajarnos cuando nos ponemos un poco nerviosos y nuestro cuerpo empieza a hacer cosas raras. \u00bfAlguna vez os ha pasado que hab\u00e9is sentido mucho agobio y miedo a la vez y se os ha acelerado el pulso sin quererlo? Pues eso mismo vamos a aprender a controlar. Escuchad este cuento y veamos lo que nos dice:<\/span><\/p>\n<p style=\"text-align: center\"><iframe loading=\"lazy\" src=\"\/\/www.youtube.com\/embed\/ibJFHBTWBDA\" width=\"250\" height=\"140\"><\/iframe><\/p>\n<p>&nbsp;<\/p>\n<ul>\n<li>\u00a1<span style=\"font-family: 'comic sans ms', sans-serif\"><strong>Desarrollemos el pensamiento l\u00f3gico!. Haz clic&nbsp; en&nbsp; la&nbsp; foto.<\/strong><\/span><span style=\"font-family: 'comic sans ms', sans-serif\"><strong><a href=\"https:\/\/www.educahogar.net\/plantillas-para-desarrollar-el-pensamiento-logico\/\"><img loading=\"lazy\" decoding=\"async\" class=\"aligncenter\" src=\"https:\/\/sdk.bitmoji.com\/render\/panel\/ffdefca7-97e8-4740-9bd8-d827a5f11790-0345ab7d-330a-454f-820d-621937517725-v1.png?transparent=1&amp;palette=1\" alt=\"you got it boss\" width=\"200\" height=\"200\"><\/a><\/strong><\/span><\/li>\n<li>En este enlace encontrar\u00e1s un banco de recursos muy bueno de Jorge QC. <a href=\"https:\/\/view.genial.ly\/5e9aa4aab65e370dac6aa4e9\">https:\/\/view.genial.ly\/5e9aa4aab65e370dac6aa4e9<\/a><\/li>\n<\/ul>\n<p><img loading=\"lazy\" decoding=\"async\" class=\"wp-image-744 aligncenter\" src=\"https:\/\/blogsaverroes.juntadeandalucia.es\/elblogdefrances\/files\/2023\/09\/Captura-de-pantalla-102-e1694709228783.png\" alt=\"\" width=\"529\" height=\"262\" srcset=\"https:\/\/blogsaverroes.juntadeandalucia.es\/elblogdefrances\/files\/2023\/09\/Captura-de-pantalla-102-e1694709228783.png 908w, https:\/\/blogsaverroes.juntadeandalucia.es\/elblogdefrances\/files\/2023\/09\/Captura-de-pantalla-102-e1694709228783-300x149.png 300w, https:\/\/blogsaverroes.juntadeandalucia.es\/elblogdefrances\/files\/2023\/09\/Captura-de-pantalla-102-e1694709228783-768x381.png 768w, https:\/\/blogsaverroes.juntadeandalucia.es\/elblogdefrances\/files\/2023\/09\/Captura-de-pantalla-102-e1694709228783-700x347.png 700w, https:\/\/blogsaverroes.juntadeandalucia.es\/elblogdefrances\/files\/2023\/09\/Captura-de-pantalla-102-e1694709228783-332x165.png 332w\" sizes=\"(max-width: 529px) 100vw, 529px\" \/><\/p>\n<ul>\n<li>Os dejo un enlace con unos cuentos para trabajar en <strong>autoestima<\/strong>.<a href=\"https:\/\/drive.google.com\/file\/d\/1q5WFa_eBrdr7aQze_Y4Xcvj_XiSNqZIY\/view?usp=sharing\">https:\/\/drive.google.com\/file\/d\/1q5WFa_eBrdr7aQze_Y4Xcvj_XiSNqZIY\/view?usp=sharing<\/a><\/li>\n<li><strong>Plan de acogida de Primaria:&nbsp;<\/strong><\/li>\n<\/ul>\n<p><a href=\"https:\/\/view.genial.ly\/5ece215a8035300d8e1611d0\/interactive-image-plan-de-acogida-primaria\"><img loading=\"lazy\" decoding=\"async\" class=\"size-full wp-image-812 aligncenter\" src=\"https:\/\/blogsaverroes.juntadeandalucia.es\/elblogdefrances\/files\/2023\/11\/FireShot-Capture-009-PLAN-DE-ACOGIDA-PRIMARIA-view.genial.ly_.png\" alt=\"\" width=\"1029\" height=\"466\" srcset=\"https:\/\/blogsaverroes.juntadeandalucia.es\/elblogdefrances\/files\/2023\/11\/FireShot-Capture-009-PLAN-DE-ACOGIDA-PRIMARIA-view.genial.ly_.png 1029w, https:\/\/blogsaverroes.juntadeandalucia.es\/elblogdefrances\/files\/2023\/11\/FireShot-Capture-009-PLAN-DE-ACOGIDA-PRIMARIA-view.genial.ly_-300x136.png 300w, https:\/\/blogsaverroes.juntadeandalucia.es\/elblogdefrances\/files\/2023\/11\/FireShot-Capture-009-PLAN-DE-ACOGIDA-PRIMARIA-view.genial.ly_-1024x464.png 1024w, https:\/\/blogsaverroes.juntadeandalucia.es\/elblogdefrances\/files\/2023\/11\/FireShot-Capture-009-PLAN-DE-ACOGIDA-PRIMARIA-view.genial.ly_-768x348.png 768w, https:\/\/blogsaverroes.juntadeandalucia.es\/elblogdefrances\/files\/2023\/11\/FireShot-Capture-009-PLAN-DE-ACOGIDA-PRIMARIA-view.genial.ly_-700x317.png 700w, https:\/\/blogsaverroes.juntadeandalucia.es\/elblogdefrances\/files\/2023\/11\/FireShot-Capture-009-PLAN-DE-ACOGIDA-PRIMARIA-view.genial.ly_-332x150.png 332w\" sizes=\"(max-width: 1029px) 100vw, 1029px\" \/><\/a><\/p>\n<ul style=\"list-style-type: disc\">\n<li><strong>Ejercicios de percusi\u00f3n corporal: <iframe loading=\"lazy\" src=\"\/\/www.youtube.com\/embed\/H1rFDZ5Lf3I\" width=\"446\" height=\"250\"><\/iframe><\/strong><\/li>\n<\/ul>\n<p style=\"text-align: center\"><iframe loading=\"lazy\" src=\"\/\/www.youtube.com\/embed\/hqZeWsUwRb0\" width=\"250\" height=\"140\"><\/iframe><\/p>\n<ul>\n<li><strong>Warm up<\/strong><\/li>\n<\/ul>\n<p style=\"text-align: center\"><iframe loading=\"lazy\" src=\"\/\/www.youtube.com\/embed\/TcjC65rmrsM\" width=\"250\" height=\"140\"><\/iframe><\/p>\n<ul>\n<li>Ejercicios de <strong>calentamiento<\/strong> de manos: <iframe loading=\"lazy\" src=\"\/\/www.youtube.com\/embed\/4o1iRDFm8Ww\" width=\"250\" height=\"140\"><\/iframe><\/li>\n<\/ul>\n<p>&nbsp;<\/p>\n<ul>\n<li>Juegos para trabajar el<strong> vocabulario<\/strong> nuevo en clase: des exercices de FLE ludiques.<\/li>\n<li><strong><span style=\"color: #008000\">Jeu de la d\u00e9couverte lente:<\/span><\/strong> cachez l\u00b4avant d\u00b4une flashcard derri\u00e8re une autre. D\u00e9placement lentement les cartes pour d\u00e9voiler l\u00b4image. Les \u00e9l\u00e8ves doivent deviner l\u00b4ic\u00f4ne avant qu\u00b4elle ne soit enti\u00e8rement visible.<\/li>\n<li><strong><span style=\"color: #008000\">Jeu Montre moi:&nbsp;<\/span><\/strong><span style=\"color: #008000\"><span style=\"color: #000000\">affichez les flashcards ic\u00f4nes un peu partout dans la classe. Ddemandez aux \u00e9l\u00e8ves de vous montrez une ic\u00f4ne sp\u00e9cifique. Par exemple:&nbsp; Montrez-moi le mus\u00e9e! Les \u00e9l\u00e8ves pontent ou se d\u00e9placent vers la bonne flashcard.<\/span><\/span><\/li>\n<li><strong><span style=\"color: #008000\">Jue Duel des cow boys = <\/span><\/strong><span style=\"color: #008000\"><span style=\"color: #000000\">Los pistoleros. Dex \u00e9l\u00e8ves se tiennent dos \u00e0 dos, chacun avec une flashcard secr\u00e8te. Ils fonts queques pas en avant. Au signal BOOM! Il se retournent et montrent leur carte. Le premier qui nomme correctement l\u00b4ic\u00f4ne de l\u00b4autre ramporte le duel.<\/span><\/span><\/li>\n<li><strong><span style=\"color: #008000\">Ronde de pr\u00e9noms:&nbsp;<\/span><\/strong><span style=\"color: #008000\"><span style=\"color: #000000\">formez un cercle, chacun avec une flashcard visible. Appelez le pr\u00e9nom d\u00b4un \u00e9l\u00e8ve qui se baisse. Les voisins de cet \u00e9l\u00e8ve doivent rapidement nommer le flashcard de l\u00b4autre.<\/span><\/span><\/li>\n<li><strong><span style=\"color: #008000\">R\u00e9p\u00e8te si c\u00b4est juste! <\/span><\/strong><span style=\"color: #008000\"><span style=\"color: #000000\">montrez une s\u00e9rie de flashcards \u00e0 la classe. Dites les mot corrspondant ou un mot incorrect. Les \u00e9l\u00e8ves ne r\u00e9p\u00e8tent que si le mot et l\u00b4image correspondant.<\/span><\/span><\/li>\n<li><strong><span style=\"color: #008000\">Jeu de disparu.&nbsp;<\/span><span style=\"color: #008000\"><span style=\"color: #000000\">&nbsp;<\/span><\/span><\/strong><span style=\"color: #008000\"><span style=\"color: #000000\">affichez des flascards au tableau. Laissez les \u00e9l\u00e8ves observer. D\u00e9mandez aux \u00e9l\u00e8ves de fermer les yeux. Puis retirez une carte. Les \u00e9l\u00e8ves doivent indentifier la carte manquante \u00e0 la recouverte des yeux.<\/span><\/span><\/li>\n<li><strong><span style=\"color: #008000\">Jacques \u00e0 dit.&nbsp;<\/span><\/strong><\/li>\n<li><strong><span style=\"color: #008000\">La bouche \u00e0 oreille.<\/span><\/strong><\/li>\n<li><strong><span style=\"color: #008000\">Je mets dans ma valise&#8230;\/dans mon panier&#8230;&nbsp;<\/span><\/strong><span style=\"color: #000000\">jeu pour travailler le vocabulaire th\u00e9matique (aussi la m\u00e9moire)<\/span><\/li>\n<li><strong><span style=\"color: #008000\">Le cadavre exquis.&nbsp;<\/span><\/strong><span style=\"color: #000000\">Un \u00e9l\u00e8ve \u00e9crit le sujet d\u00b4une phrase (apr\u00e9s pli\u00e9 le papier), d\u00b4autre \u00e9l\u00e8ve \u00e7ecrit le verbe et pli\u00e9 le papier, d\u00b4autre \u00e9l\u00e8ve \u00e9crit le compl\u00e9ment d\u00b4object direct, et pli\u00e9 le papier et le dernier \u00e9l\u00e8ve le fin ou le CCL\/CCT.<\/span><\/li>\n<li><strong><span style=\"color: #008000\">Le petit bac.&nbsp;<\/span><\/strong><span style=\"color: #000000\">Choissir une lettre de l\u00b4alphabet et \u00e9crire un mot (pays, pr\u00e9nom, ville, r\u00e9pas, ,,,) commen\u00e7ant pour cette lettre.<\/span><\/li>\n<li><strong><span style=\"color: #008000\">Le compte es bon.&nbsp;<\/span><\/strong><span style=\"color: #008000\"><span style=\"color: #000000\">choisissez un nombre \u00e0 3 chiffres et tirez au sort 6 nombres 1,2,3,4,5,6,7,8,9,10,25,50. A la fin du temps (3 minutes) chacun propose son calcul en utilisant les 4 operations (+,-,x,\/)<\/span><\/span><\/li>\n<\/ul>\n","protected":false},"excerpt":{"rendered":"<p>Hoy vamos a aprender a respirar para relajarnos cuando nos ponemos un poco nerviosos y nuestro cuerpo empieza a hacer cosas raras. \u00bfAlguna vez os ha pasado que hab\u00e9is sentido mucho agobio y miedo&#46;&#46;&#46;<\/p>\n","protected":false},"author":10861,"featured_media":0,"parent":0,"menu_order":0,"comment_status":"closed","ping_status":"closed","template":"","meta":{"ngg_post_thumbnail":0,"footnotes":""},"aioseo_notices":[],"_links":{"self":[{"href":"https:\/\/blogsaverroes.juntadeandalucia.es\/elblogdefrances\/wp-json\/wp\/v2\/pages\/503"}],"collection":[{"href":"https:\/\/blogsaverroes.juntadeandalucia.es\/elblogdefrances\/wp-json\/wp\/v2\/pages"}],"about":[{"href":"https:\/\/blogsaverroes.juntadeandalucia.es\/elblogdefrances\/wp-json\/wp\/v2\/types\/page"}],"author":[{"embeddable":true,"href":"https:\/\/blogsaverroes.juntadeandalucia.es\/elblogdefrances\/wp-json\/wp\/v2\/users\/10861"}],"replies":[{"embeddable":true,"href":"https:\/\/blogsaverroes.juntadeandalucia.es\/elblogdefrances\/wp-json\/wp\/v2\/comments?post=503"}],"version-history":[{"count":14,"href":"https:\/\/blogsaverroes.juntadeandalucia.es\/elblogdefrances\/wp-json\/wp\/v2\/pages\/503\/revisions"}],"predecessor-version":[{"id":1613,"href":"https:\/\/blogsaverroes.juntadeandalucia.es\/elblogdefrances\/wp-json\/wp\/v2\/pages\/503\/revisions\/1613"}],"wp:attachment":[{"href":"https:\/\/blogsaverroes.juntadeandalucia.es\/elblogdefrances\/wp-json\/wp\/v2\/media?parent=503"}],"curies":[{"name":"wp","href":"https:\/\/api.w.org\/{rel}","templated":true}]}}