{"id":962,"date":"2024-02-02T19:10:11","date_gmt":"2024-02-02T19:10:11","guid":{"rendered":"https:\/\/blogsaverroes.juntadeandalucia.es\/elblogdefrances\/?page_id=962"},"modified":"2024-03-02T15:49:58","modified_gmt":"2024-03-02T15:49:58","slug":"frances-6-2","status":"publish","type":"page","link":"https:\/\/blogsaverroes.juntadeandalucia.es\/elblogdefrances\/frances-6-2\/","title":{"rendered":"Franc\u00e9s 6.2"},"content":{"rendered":"<p style=\"text-align: center\"><span style=\"font-family: 'comic sans ms', sans-serif\"><strong>Bienvenues \u00e0 tous et \u00e0 toutes! Vous \u00cates pr\u00cats?? J\u00b4esp\u00e8re que tout ira bien. Cet trimeste on va apprendre beaucoup de choses, comme par exemple:<\/strong><\/span><\/p>\n<p><img loading=\"lazy\" decoding=\"async\" class=\"aligncenter\" src=\"https:\/\/sdk.bitmoji.com\/render\/panel\/01013617-ff5f-473e-9d31-275b897ad16c-28f2c39d-de1d-442c-87dd-1d35e1acb416-v1.png?transparent=1&amp;palette=1\" alt=\"birthday ballon\" width=\"204\" height=\"204\"><\/p>\n<ul>\n<li><strong>Les parties du corps<\/strong> = las partes del cuerpo.<\/li>\n<li><strong>Le verbe avoir<\/strong> = el verbo tener.<\/li>\n<li><strong>Avoir mal au.<\/strong>..= me duele&#8230;<\/li>\n<li><strong>La Chandeleur<\/strong> = La Candelaria.<\/li>\n<li><strong>Les sensations<\/strong> = las sensaciones.<\/li>\n<li><strong>Les aliments du petit d\u00e9jeuner =<\/strong> los alimentos que toman los franceses para desayunar.<\/li>\n<li><strong>Grammaire<\/strong> je prends + les articles partitifs.<strong><img loading=\"lazy\" decoding=\"async\" class=\"aligncenter\" src=\"https:\/\/sdk.bitmoji.com\/render\/panel\/b1ee803a-8a93-4a7b-9b25-0bfc72a1f230-28f2c39d-de1d-442c-87dd-1d35e1acb416-v1.png?transparent=1&amp;palette=1\" alt=\"crayon heart\" width=\"144\" height=\"144\"><\/strong><\/li>\n<\/ul>\n<ul style=\"list-style-type: disc\">\n<li><strong>Les parties du corps:<\/strong><br \/>\n<img loading=\"lazy\" decoding=\"async\" class=\"aligncenter\" src=\"http:\/\/4.bp.blogspot.com\/-sR40-FQ9VVk\/VP7xZO1pe0I\/AAAAAAAAH8I\/9zS5xtAGONg\/s1600\/corps%2Bhumain.jpg\" width=\"461\" height=\"309\"><\/li>\n<\/ul>\n<p style=\"text-align: center\"><iframe loading=\"lazy\" src=\"\/\/www.youtube.com\/embed\/T9LoFjrr_2A?t=2s\" width=\"350\" height=\"196\"><\/iframe><\/p>\n<ul style=\"list-style-type: disc\">\n<li>El verbo <strong>AVOIR<\/strong> (el verbo tener).<\/li>\n<\/ul>\n<p style=\"text-align: center\"><iframe loading=\"lazy\" src=\"\/\/www.youtube.com\/embed\/MnUWNIN3zss\" width=\"250\" height=\"140\"><\/iframe><\/p>\n<ul style=\"list-style-type: disc\">\n<li>Aprendamos c\u00f3mo se expresa el dolor o lo que es lo mismo, decir \u00ab<strong>me duele<\/strong>\u00ab. Tendremos que aprendernos las partes del cuerpo y aplicar <strong><span style=\"color: #ff0000\">la siguiente f\u00f3rmula:<\/span><\/strong>&nbsp;<\/li>\n<li style=\"text-align: center\">&nbsp;<strong>Sujeto&nbsp; &nbsp;+&nbsp; &nbsp; verbe avoir conjugado&nbsp; &nbsp;+&nbsp; &nbsp; mal&nbsp; &nbsp; +&nbsp; &nbsp; au \/\u00e0 la\/aux&nbsp; &nbsp; +&nbsp; &nbsp; &nbsp;parte del cuerpo.<\/strong><\/li>\n<\/ul>\n<p>&nbsp;<\/p>\n<ul style=\"list-style-type: disc\">\n<li style=\"text-align: left\">Exprimer <strong>des sensations<\/strong> (explesar sensaciones).<\/li>\n<\/ul>\n<p><img loading=\"lazy\" decoding=\"async\" class=\"wp-image-987 aligncenter\" src=\"https:\/\/blogsaverroes.juntadeandalucia.es\/elblogdefrances\/files\/2024\/02\/imagen-2.png\" alt=\"\" width=\"540\" height=\"246\" srcset=\"https:\/\/blogsaverroes.juntadeandalucia.es\/elblogdefrances\/files\/2024\/02\/imagen-2.png 634w, https:\/\/blogsaverroes.juntadeandalucia.es\/elblogdefrances\/files\/2024\/02\/imagen-2-300x137.png 300w, https:\/\/blogsaverroes.juntadeandalucia.es\/elblogdefrances\/files\/2024\/02\/imagen-2-332x151.png 332w\" sizes=\"(max-width: 540px) 100vw, 540px\" \/><\/p>\n<p><strong>Comment il se sent? \u00bfC\u00f3mo se siente \u00e9l?<\/strong><\/p>\n<p><img loading=\"lazy\" decoding=\"async\" class=\"alignnone size-full wp-image-989 aligncenter\" src=\"https:\/\/blogsaverroes.juntadeandalucia.es\/elblogdefrances\/files\/2024\/02\/imagen-3.png\" alt=\"\" width=\"610\" height=\"82\" srcset=\"https:\/\/blogsaverroes.juntadeandalucia.es\/elblogdefrances\/files\/2024\/02\/imagen-3.png 610w, https:\/\/blogsaverroes.juntadeandalucia.es\/elblogdefrances\/files\/2024\/02\/imagen-3-300x40.png 300w, https:\/\/blogsaverroes.juntadeandalucia.es\/elblogdefrances\/files\/2024\/02\/imagen-3-332x45.png 332w, https:\/\/blogsaverroes.juntadeandalucia.es\/elblogdefrances\/files\/2024\/02\/imagen-3-600x82.png 600w\" sizes=\"(max-width: 610px) 100vw, 610px\" \/><\/p>\n<p><strong>Resumen:<\/strong><\/p>\n<table style=\"width: 100%;height: 188px\">\n<tbody>\n<tr style=\"height: 24px\">\n<td style=\"height: 24px;width: 50.303%\">Yo tengo calor<\/td>\n<td style=\"height: 24px;width: 49.5455%\">J\u00b4ai sommeil<\/td>\n<\/tr>\n<tr style=\"height: 24px\">\n<td style=\"height: 24px;width: 50.303%\">Yo tengo fr\u00edo<\/td>\n<td style=\"height: 24px;width: 49.5455%\">J\u00b4ai froid.<\/td>\n<\/tr>\n<tr style=\"height: 24px\">\n<td style=\"height: 24px;width: 50.303%\">Yo estoy en forma<\/td>\n<td style=\"height: 24px;width: 49.5455%\">Je suis en forme<\/td>\n<\/tr>\n<tr style=\"height: 24px\">\n<td style=\"height: 24px;width: 50.303%\">Me duele la barriga<\/td>\n<td style=\"height: 24px;width: 49.5455%\">Je mal au ventre<\/td>\n<\/tr>\n<tr style=\"height: 24px\">\n<td style=\"height: 24px;width: 50.303%\">Yo estoy cansado<\/td>\n<td style=\"height: 24px;width: 49.5455%\">Je suis fatigu\u00e9<\/td>\n<\/tr>\n<tr style=\"height: 24px\">\n<td style=\"height: 24px;width: 50.303%\">Me duele la cabeza<\/td>\n<td style=\"height: 24px;width: 49.5455%\">J\u00b4ai mal \u00e0 la t\u00eate.<\/td>\n<\/tr>\n<tr style=\"height: 24px\">\n<td style=\"height: 24px;width: 50.303%\">Yo tengo sue\u00f1o<\/td>\n<td style=\"height: 24px;width: 49.5455%\">J\u00b4ai sommeil<\/td>\n<\/tr>\n<tr style=\"height: 10px\">\n<td style=\"height: 10px;width: 50.303%\">Yo estoy malo<\/td>\n<td style=\"height: 10px;width: 49.5455%\">Je suis malade<\/td>\n<\/tr>\n<\/tbody>\n<\/table>\n<p><strong>Juegos&nbsp;<\/strong><\/p>\n<table style=\"border-collapse: collapse;width: 100%\">\n<tbody>\n<tr>\n<td style=\"width: 33.3333%\"><a href=\"https:\/\/wordwall.net\/es\/resource\/3033847\"><img loading=\"lazy\" decoding=\"async\" class=\"alignnone size-full wp-image-992\" src=\"https:\/\/blogsaverroes.juntadeandalucia.es\/elblogdefrances\/files\/2024\/02\/juguecito.png\" alt=\"\" width=\"784\" height=\"374\" srcset=\"https:\/\/blogsaverroes.juntadeandalucia.es\/elblogdefrances\/files\/2024\/02\/juguecito.png 784w, https:\/\/blogsaverroes.juntadeandalucia.es\/elblogdefrances\/files\/2024\/02\/juguecito-300x143.png 300w, https:\/\/blogsaverroes.juntadeandalucia.es\/elblogdefrances\/files\/2024\/02\/juguecito-768x366.png 768w, https:\/\/blogsaverroes.juntadeandalucia.es\/elblogdefrances\/files\/2024\/02\/juguecito-700x334.png 700w, https:\/\/blogsaverroes.juntadeandalucia.es\/elblogdefrances\/files\/2024\/02\/juguecito-332x158.png 332w\" sizes=\"(max-width: 784px) 100vw, 784px\" \/><\/a><\/td>\n<td style=\"width: 33.3333%\"><a href=\"https:\/\/wordwall.net\/es\/resource\/5888968\"><img loading=\"lazy\" decoding=\"async\" class=\"alignnone wp-image-984\" src=\"https:\/\/blogsaverroes.juntadeandalucia.es\/elblogdefrances\/files\/2024\/02\/juego.png\" alt=\"\" width=\"205\" height=\"91\" srcset=\"https:\/\/blogsaverroes.juntadeandalucia.es\/elblogdefrances\/files\/2024\/02\/juego.png 848w, https:\/\/blogsaverroes.juntadeandalucia.es\/elblogdefrances\/files\/2024\/02\/juego-300x133.png 300w, https:\/\/blogsaverroes.juntadeandalucia.es\/elblogdefrances\/files\/2024\/02\/juego-768x341.png 768w, https:\/\/blogsaverroes.juntadeandalucia.es\/elblogdefrances\/files\/2024\/02\/juego-700x310.png 700w, https:\/\/blogsaverroes.juntadeandalucia.es\/elblogdefrances\/files\/2024\/02\/juego-332x147.png 332w\" sizes=\"(max-width: 205px) 100vw, 205px\" \/><\/a><\/td>\n<td style=\"width: 33.3333%\"><a href=\"https:\/\/wordwall.net\/es\/resource\/4206942\"><img loading=\"lazy\" decoding=\"async\" class=\"alignnone size-full wp-image-995\" src=\"https:\/\/blogsaverroes.juntadeandalucia.es\/elblogdefrances\/files\/2024\/02\/juego-4.png\" alt=\"\" width=\"846\" height=\"367\" srcset=\"https:\/\/blogsaverroes.juntadeandalucia.es\/elblogdefrances\/files\/2024\/02\/juego-4.png 846w, https:\/\/blogsaverroes.juntadeandalucia.es\/elblogdefrances\/files\/2024\/02\/juego-4-300x130.png 300w, https:\/\/blogsaverroes.juntadeandalucia.es\/elblogdefrances\/files\/2024\/02\/juego-4-768x333.png 768w, https:\/\/blogsaverroes.juntadeandalucia.es\/elblogdefrances\/files\/2024\/02\/juego-4-700x304.png 700w, https:\/\/blogsaverroes.juntadeandalucia.es\/elblogdefrances\/files\/2024\/02\/juego-4-332x144.png 332w\" sizes=\"(max-width: 846px) 100vw, 846px\" \/><\/a><\/td>\n<\/tr>\n<tr>\n<td style=\"width: 33.3333%\"><a href=\"https:\/\/wordwall.net\/es\/resource\/4206942\"><img loading=\"lazy\" decoding=\"async\" class=\"alignnone size-full wp-image-996\" src=\"https:\/\/blogsaverroes.juntadeandalucia.es\/elblogdefrances\/files\/2024\/02\/foto-3.png\" alt=\"\" width=\"780\" height=\"441\" srcset=\"https:\/\/blogsaverroes.juntadeandalucia.es\/elblogdefrances\/files\/2024\/02\/foto-3.png 780w, https:\/\/blogsaverroes.juntadeandalucia.es\/elblogdefrances\/files\/2024\/02\/foto-3-300x170.png 300w, https:\/\/blogsaverroes.juntadeandalucia.es\/elblogdefrances\/files\/2024\/02\/foto-3-768x434.png 768w, https:\/\/blogsaverroes.juntadeandalucia.es\/elblogdefrances\/files\/2024\/02\/foto-3-700x396.png 700w, https:\/\/blogsaverroes.juntadeandalucia.es\/elblogdefrances\/files\/2024\/02\/foto-3-332x188.png 332w\" sizes=\"(max-width: 780px) 100vw, 780px\" \/><\/a><\/td>\n<td style=\"width: 33.3333%\"><a href=\"https:\/\/wordwall.net\/es\/resource\/3033847\"><img loading=\"lazy\" decoding=\"async\" class=\"alignnone size-full wp-image-997\" src=\"https:\/\/blogsaverroes.juntadeandalucia.es\/elblogdefrances\/files\/2024\/02\/5.png\" alt=\"\" width=\"781\" height=\"409\" srcset=\"https:\/\/blogsaverroes.juntadeandalucia.es\/elblogdefrances\/files\/2024\/02\/5.png 781w, https:\/\/blogsaverroes.juntadeandalucia.es\/elblogdefrances\/files\/2024\/02\/5-300x157.png 300w, https:\/\/blogsaverroes.juntadeandalucia.es\/elblogdefrances\/files\/2024\/02\/5-768x402.png 768w, https:\/\/blogsaverroes.juntadeandalucia.es\/elblogdefrances\/files\/2024\/02\/5-700x367.png 700w, https:\/\/blogsaverroes.juntadeandalucia.es\/elblogdefrances\/files\/2024\/02\/5-332x174.png 332w\" sizes=\"(max-width: 781px) 100vw, 781px\" \/><\/a><\/td>\n<td style=\"width: 33.3333%\"><img loading=\"lazy\" decoding=\"async\" class=\"alignnone size-full wp-image-998\" src=\"https:\/\/blogsaverroes.juntadeandalucia.es\/elblogdefrances\/files\/2024\/02\/6.png\" alt=\"\" width=\"772\" height=\"399\" srcset=\"https:\/\/blogsaverroes.juntadeandalucia.es\/elblogdefrances\/files\/2024\/02\/6.png 772w, https:\/\/blogsaverroes.juntadeandalucia.es\/elblogdefrances\/files\/2024\/02\/6-300x155.png 300w, https:\/\/blogsaverroes.juntadeandalucia.es\/elblogdefrances\/files\/2024\/02\/6-768x397.png 768w, https:\/\/blogsaverroes.juntadeandalucia.es\/elblogdefrances\/files\/2024\/02\/6-700x362.png 700w, https:\/\/blogsaverroes.juntadeandalucia.es\/elblogdefrances\/files\/2024\/02\/6-332x172.png 332w\" sizes=\"(max-width: 772px) 100vw, 772px\" \/><\/td>\n<\/tr>\n<\/tbody>\n<\/table>\n<p><strong>Fichas interactivas de repaso:<\/strong><\/p>\n<table style=\"border-collapse: collapse;width: 100%;height: 24px\">\n<tbody>\n<tr style=\"height: 24px\">\n<td style=\"width: 33.3333%;height: 24px\"><a href=\"https:\/\/www.liveworksheets.com\/c?a=s&amp;t=eDPzhFyGVS&amp;sr=n&amp;l=es&amp;i=cuftfn&amp;r=dd&amp;f=dzdczduf&amp;ms=uz&amp;cd=pr--gw-i---lrpkxezelnnngnkgnxexg&amp;mw=hs\"><img loading=\"lazy\" decoding=\"async\" class=\"alignnone size-full wp-image-1000\" src=\"https:\/\/blogsaverroes.juntadeandalucia.es\/elblogdefrances\/files\/2024\/02\/1.png\" alt=\"\" width=\"669\" height=\"417\" srcset=\"https:\/\/blogsaverroes.juntadeandalucia.es\/elblogdefrances\/files\/2024\/02\/1.png 669w, https:\/\/blogsaverroes.juntadeandalucia.es\/elblogdefrances\/files\/2024\/02\/1-300x187.png 300w, https:\/\/blogsaverroes.juntadeandalucia.es\/elblogdefrances\/files\/2024\/02\/1-332x207.png 332w\" sizes=\"(max-width: 669px) 100vw, 669px\" \/><\/a><\/td>\n<td style=\"width: 33.3333%;height: 24px\"><a href=\"https:\/\/www.liveworksheets.com\/c?a=s&amp;t=eDPzhFyGVS&amp;sr=n&amp;l=kr&amp;i=nsstdc&amp;r=ac&amp;f=dzdczduf&amp;ms=uz&amp;cd=pr--gw-i---lcslppznkdkngnkgnxexg&amp;mw=hs\"><img loading=\"lazy\" decoding=\"async\" class=\"alignnone size-full wp-image-1001\" src=\"https:\/\/blogsaverroes.juntadeandalucia.es\/elblogdefrances\/files\/2024\/02\/2.png\" alt=\"\" width=\"725\" height=\"400\" srcset=\"https:\/\/blogsaverroes.juntadeandalucia.es\/elblogdefrances\/files\/2024\/02\/2.png 725w, https:\/\/blogsaverroes.juntadeandalucia.es\/elblogdefrances\/files\/2024\/02\/2-300x166.png 300w, https:\/\/blogsaverroes.juntadeandalucia.es\/elblogdefrances\/files\/2024\/02\/2-700x386.png 700w, https:\/\/blogsaverroes.juntadeandalucia.es\/elblogdefrances\/files\/2024\/02\/2-332x183.png 332w\" sizes=\"(max-width: 725px) 100vw, 725px\" \/><\/a><\/td>\n<td style=\"width: 33.3333%;height: 24px\"><a href=\"https:\/\/www.liveworksheets.com\/c?a=s&amp;t=eDPzhFyGVS&amp;sr=n&amp;l=ve&amp;i=usfzxdt&amp;r=kq&amp;f=dzdczduf&amp;ms=uz&amp;cd=pr--gw-i---lyrxpegmnzctngnkgnxexg&amp;mw=hs\"><img loading=\"lazy\" decoding=\"async\" class=\"alignnone size-full wp-image-1002\" src=\"https:\/\/blogsaverroes.juntadeandalucia.es\/elblogdefrances\/files\/2024\/02\/4.png\" alt=\"\" width=\"680\" height=\"456\" srcset=\"https:\/\/blogsaverroes.juntadeandalucia.es\/elblogdefrances\/files\/2024\/02\/4.png 680w, https:\/\/blogsaverroes.juntadeandalucia.es\/elblogdefrances\/files\/2024\/02\/4-300x201.png 300w, https:\/\/blogsaverroes.juntadeandalucia.es\/elblogdefrances\/files\/2024\/02\/4-332x223.png 332w\" sizes=\"(max-width: 680px) 100vw, 680px\" \/><\/a><\/td>\n<\/tr>\n<\/tbody>\n<\/table>\n<ul>\n<li style=\"text-align: left\">Estudiemos&nbsp; los alimentos que toman los franceses para el desayuno. <strong>Le petit d\u00e9jeuner.<\/strong><\/li>\n<\/ul>\n<p><img loading=\"lazy\" decoding=\"async\" class=\"size-full wp-image-1029 aligncenter\" src=\"https:\/\/blogsaverroes.juntadeandalucia.es\/elblogdefrances\/files\/2024\/03\/aliments.png\" alt=\"\" width=\"760\" height=\"231\" srcset=\"https:\/\/blogsaverroes.juntadeandalucia.es\/elblogdefrances\/files\/2024\/03\/aliments.png 760w, https:\/\/blogsaverroes.juntadeandalucia.es\/elblogdefrances\/files\/2024\/03\/aliments-300x91.png 300w, https:\/\/blogsaverroes.juntadeandalucia.es\/elblogdefrances\/files\/2024\/03\/aliments-700x213.png 700w, https:\/\/blogsaverroes.juntadeandalucia.es\/elblogdefrances\/files\/2024\/03\/aliments-332x101.png 332w\" sizes=\"(max-width: 760px) 100vw, 760px\" \/><\/p>\n<table style=\"border-collapse: collapse;width: 100%;height: 240px\">\n<tbody>\n<tr style=\"height: 24px\">\n<td style=\"width: 50%;height: 24px;background-color: #f55858;border-color: #ab0909\"><strong>La p\u00eache&nbsp; &nbsp; &nbsp; &nbsp;\/la pes\/<\/strong><\/td>\n<td style=\"width: 50%;height: 24px;background-color: #f55858;border-color: #ab0909\">El melocot\u00f3n<\/td>\n<\/tr>\n<tr style=\"height: 24px\">\n<td style=\"width: 50%;height: 24px;background-color: #f55858;border-color: #ab0909\"><strong>la banane&nbsp; &nbsp; &nbsp; &nbsp; &nbsp; &nbsp; \/la banan\/<\/strong><\/td>\n<td style=\"width: 50%;height: 24px;background-color: #f55858;border-color: #ab0909\">El pl\u00e1tano<\/td>\n<\/tr>\n<tr style=\"height: 24px\">\n<td style=\"width: 50%;height: 24px;background-color: #f55858;border-color: #ab0909\"><strong>l\u00b4ananas&nbsp; &nbsp; &nbsp; &nbsp; &nbsp;\/la nana\/<\/strong><\/td>\n<td style=\"width: 50%;height: 24px;background-color: #f55858;border-color: #ab0909\">la pi\u00f1a<\/td>\n<\/tr>\n<tr style=\"height: 24px\">\n<td style=\"width: 50%;height: 24px;background-color: #f55858;border-color: #ab0909\"><strong>l\u00b4orange&nbsp; &nbsp; &nbsp; &nbsp; &nbsp; &nbsp; &nbsp;\/lo gans\/<\/strong><\/td>\n<td style=\"width: 50%;height: 24px;background-color: #f55858;border-color: #ab0909\">la naranja<\/td>\n<\/tr>\n<tr style=\"height: 24px\">\n<td style=\"width: 50%;height: 24px;background-color: #f55858;border-color: #ab0909\"><strong>la fraise&nbsp; &nbsp; &nbsp; &nbsp; &nbsp; &nbsp;\/la frej\/<\/strong><\/td>\n<td style=\"width: 50%;height: 24px;background-color: #f55858;border-color: #ab0909\">la fresa<\/td>\n<\/tr>\n<tr style=\"height: 24px\">\n<td style=\"width: 50%;height: 24px;background-color: #f55858;border-color: #ab0909\"><strong>les biscuits&nbsp; &nbsp; &nbsp; &nbsp; &nbsp; \/le biscuit\/<\/strong><\/td>\n<td style=\"width: 50%;height: 24px;background-color: #f55858;border-color: #ab0909\">las galletas<\/td>\n<\/tr>\n<tr style=\"height: 24px\">\n<td style=\"width: 50%;height: 24px;background-color: #f55858;border-color: #ab0909\"><strong>la pomme&nbsp; &nbsp; &nbsp; &nbsp;\/la pom\/<\/strong><\/td>\n<td style=\"width: 50%;height: 24px;background-color: #f55858;border-color: #ab0909\">la manzana<\/td>\n<\/tr>\n<tr style=\"height: 24px\">\n<td style=\"width: 50%;height: 24px;background-color: #f55858;border-color: #ab0909\"><strong>les c\u00e9r\u00e9ales&nbsp; &nbsp; &nbsp;\/le segueal\/<\/strong><\/td>\n<td style=\"width: 50%;height: 24px;background-color: #f55858;border-color: #ab0909\">&nbsp;los cereales<\/td>\n<\/tr>\n<tr style=\"height: 24px\">\n<td style=\"width: 50%;height: 24px;background-color: #f55858;border-color: #ab0909\"><strong>la poire&nbsp; &nbsp; &nbsp; &nbsp;\/lapuag\/<\/strong><\/td>\n<td style=\"width: 50%;height: 24px;background-color: #f55858;border-color: #ab0909\">la pera<\/td>\n<\/tr>\n<tr style=\"height: 24px\">\n<td style=\"width: 50%;height: 24px;background-color: #f55858;border-color: #ab0909\"><strong>le yaourt&nbsp; &nbsp; &nbsp;\/le yauj\/<\/strong><\/td>\n<td style=\"width: 50%;height: 24px;background-color: #f55858;border-color: #ab0909\">el yogur<\/td>\n<\/tr>\n<\/tbody>\n<\/table>\n<table style=\"width: 100%;border-collapse: collapse;background-color: #daf277;border-color: #2f700f;height: 120px\">\n<tbody>\n<tr style=\"height: 24px\">\n<td style=\"width: 50%;height: 24px;background-color: #92fc9d;border-color: #54800a\"><strong>la tartine&nbsp; &nbsp; &nbsp; \/la tajt\u00edn\/<\/strong><\/td>\n<td style=\"width: 50%;height: 24px;background-color: #92fc9d;border-color: #54800a\">la tostada<\/td>\n<\/tr>\n<tr style=\"height: 24px\">\n<td style=\"width: 50%;height: 24px;background-color: #92fc9d;border-color: #54800a\"><strong>le lait&nbsp; &nbsp; &nbsp; \/le l\u00e9\/<\/strong><\/td>\n<td style=\"width: 50%;height: 24px;background-color: #92fc9d;border-color: #54800a\">la leche<\/td>\n<\/tr>\n<tr style=\"height: 24px\">\n<td style=\"width: 50%;height: 24px;background-color: #92fc9d;border-color: #54800a\"><strong>la confiture&nbsp; &nbsp; &nbsp; &nbsp;\/la confituj\/<\/strong><\/td>\n<td style=\"width: 50%;height: 24px;background-color: #92fc9d;border-color: #54800a\">la mermelada<\/td>\n<\/tr>\n<tr style=\"height: 24px\">\n<td style=\"width: 50%;height: 24px;background-color: #92fc9d;border-color: #54800a\"><strong>le pain&nbsp; &nbsp; &nbsp; &nbsp;\/le pan\/<\/strong><\/td>\n<td style=\"width: 50%;height: 24px;background-color: #92fc9d;border-color: #54800a\">el pan<\/td>\n<\/tr>\n<tr style=\"height: 24px\">\n<td style=\"width: 50%;height: 24px;background-color: #92fc9d;border-color: #54800a\"><strong>le beurre&nbsp; &nbsp; &nbsp; &nbsp; \/le beg\/<\/strong><\/td>\n<td style=\"width: 50%;height: 24px;background-color: #92fc9d;border-color: #54800a\">la mantequilla<\/td>\n<\/tr>\n<\/tbody>\n<\/table>\n<ul>\n<li>Estudiemos ahora <strong>los partitivos.<\/strong> (No tienen significado, son part\u00edculas que se a\u00f1aden delante de los alimentos. Tienes que prestar atenci\u00f3n al g\u00e9nero y n\u00famero de los alimentos).<\/li>\n<\/ul>\n<p><img loading=\"lazy\" decoding=\"async\" class=\"alignnone size-full wp-image-1033 aligncenter\" src=\"https:\/\/blogsaverroes.juntadeandalucia.es\/elblogdefrances\/files\/2024\/03\/grammaire.png\" alt=\"\" width=\"377\" height=\"222\" srcset=\"https:\/\/blogsaverroes.juntadeandalucia.es\/elblogdefrances\/files\/2024\/03\/grammaire.png 377w, https:\/\/blogsaverroes.juntadeandalucia.es\/elblogdefrances\/files\/2024\/03\/grammaire-300x177.png 300w, https:\/\/blogsaverroes.juntadeandalucia.es\/elblogdefrances\/files\/2024\/03\/grammaire-332x196.png 332w\" sizes=\"(max-width: 377px) 100vw, 377px\" \/><\/p>\n<ul>\n<li>Veamos c\u00f3mo es un <strong>desayuno t\u00edpico franc\u00e9s.<\/strong><\/li>\n<\/ul>\n<p style=\"text-align: center\"><iframe loading=\"lazy\" src=\"\/\/www.youtube.com\/embed\/lTKY3nluGh8\" width=\"350\" height=\"196\"><\/iframe><\/p>\n<p>&nbsp;<\/p>\n<p style=\"text-align: center\"><iframe loading=\"lazy\" src=\"\/\/www.youtube.com\/embed\/O_NwipCvgu0\" width=\"350\" height=\"196\"><\/iframe><\/p>\n<ul>\n<li><strong>Et toi, qu\u00b4est-ce que tu prends au petit d\u00e9jeuner?<\/strong><em><strong> \u00bfY t\u00fa, qu\u00e9 tomas para desayunar?<\/strong><\/em><\/li>\n<\/ul>\n<table style=\"height: 152px;width: 84.697%;border-collapse: collapse;border-style: double;border-color: #080606;background-color: #e8dada\">\n<tbody>\n<tr>\n<td style=\"width: 100%\">\n<p style=\"text-align: left\"><em style=\"font-family: 'Open Sans', sans-serif;font-size: 15px;font-weight: 400;text-align: start\">Au petit d\u00e9jeuner, je prends&#8230;<\/em><\/p>\n<p>&nbsp;<\/p>\n<p>&nbsp;<\/td>\n<\/tr>\n<\/tbody>\n<\/table>\n<table style=\"border-collapse: collapse;width: 97.5757%;height: 496px\">\n<tbody>\n<tr style=\"height: 464px\">\n<td style=\"width: 50%;height: 464px\"><img loading=\"lazy\" decoding=\"async\" class=\" wp-image-1036 aligncenter\" style=\"font-family: 'Open Sans', sans-serif;font-size: 15px;font-style: normal;font-weight: 400;text-align: start\" src=\"https:\/\/blogsaverroes.juntadeandalucia.es\/elblogdefrances\/files\/2024\/03\/boissons.png\" alt=\"\" width=\"310\" height=\"444\" srcset=\"https:\/\/blogsaverroes.juntadeandalucia.es\/elblogdefrances\/files\/2024\/03\/boissons.png 375w, https:\/\/blogsaverroes.juntadeandalucia.es\/elblogdefrances\/files\/2024\/03\/boissons-210x300.png 210w, https:\/\/blogsaverroes.juntadeandalucia.es\/elblogdefrances\/files\/2024\/03\/boissons-332x475.png 332w\" sizes=\"(max-width: 310px) 100vw, 310px\" \/><\/td>\n<td style=\"width: 50%;height: 464px\"><img loading=\"lazy\" decoding=\"async\" class=\"alignnone wp-image-1038\" src=\"https:\/\/blogsaverroes.juntadeandalucia.es\/elblogdefrances\/files\/2024\/03\/dejeuner-2.png\" alt=\"\" width=\"346\" height=\"381\" srcset=\"https:\/\/blogsaverroes.juntadeandalucia.es\/elblogdefrances\/files\/2024\/03\/dejeuner-2.png 456w, https:\/\/blogsaverroes.juntadeandalucia.es\/elblogdefrances\/files\/2024\/03\/dejeuner-2-273x300.png 273w, https:\/\/blogsaverroes.juntadeandalucia.es\/elblogdefrances\/files\/2024\/03\/dejeuner-2-332x365.png 332w\" sizes=\"(max-width: 346px) 100vw, 346px\" \/><\/td>\n<\/tr>\n<\/tbody>\n<\/table>\n<p>&nbsp;<\/p>\n<ul>\n<li>Os dejo <strong>juegos<\/strong> para repasar:<\/li>\n<\/ul>\n<table style=\"border-collapse: collapse;width: 100%\">\n<tbody>\n<tr>\n<td style=\"width: 33.3333%\"><a href=\"https:\/\/wordwall.net\/es\/resource\/3244694\"><img loading=\"lazy\" decoding=\"async\" class=\"alignnone size-full wp-image-1040\" src=\"https:\/\/blogsaverroes.juntadeandalucia.es\/elblogdefrances\/files\/2024\/03\/bana.png\" alt=\"\" width=\"271\" height=\"191\"><\/a><\/td>\n<td style=\"width: 33.3333%\"><a href=\"https:\/\/wordwall.net\/es\/resource\/4841654\"><img loading=\"lazy\" decoding=\"async\" class=\"alignnone size-full wp-image-1041\" src=\"https:\/\/blogsaverroes.juntadeandalucia.es\/elblogdefrances\/files\/2024\/03\/pan.png\" alt=\"\" width=\"273\" height=\"200\"><\/a><\/td>\n<td style=\"width: 33.3333%\"><a href=\"https:\/\/wordwall.net\/es\/resource\/19069210\"><img loading=\"lazy\" decoding=\"async\" class=\"alignnone size-full wp-image-1042\" src=\"https:\/\/blogsaverroes.juntadeandalucia.es\/elblogdefrances\/files\/2024\/03\/o.png\" alt=\"\" width=\"256\" height=\"190\"><\/a><\/td>\n<\/tr>\n<tr>\n<td style=\"width: 33.3333%\"><a href=\"https:\/\/wordwall.net\/es\/resource\/32468059\"><img loading=\"lazy\" decoding=\"async\" class=\"alignnone size-full wp-image-1045\" src=\"https:\/\/blogsaverroes.juntadeandalucia.es\/elblogdefrances\/files\/2024\/03\/a.png\" alt=\"\" width=\"279\" height=\"273\"><\/a><\/td>\n<td style=\"width: 33.3333%\"><a href=\"https:\/\/wordwall.net\/es\/resource\/15121005\"><img loading=\"lazy\" decoding=\"async\" class=\"alignnone size-full wp-image-1046\" src=\"https:\/\/blogsaverroes.juntadeandalucia.es\/elblogdefrances\/files\/2024\/03\/i.png\" alt=\"\" width=\"266\" height=\"210\"><\/a><\/td>\n<td style=\"width: 33.3333%\"><a href=\"https:\/\/wordwall.net\/es\/resource\/18592222\"><img loading=\"lazy\" decoding=\"async\" class=\"alignnone size-full wp-image-1047\" src=\"https:\/\/blogsaverroes.juntadeandalucia.es\/elblogdefrances\/files\/2024\/03\/e.png\" alt=\"\" width=\"232\" height=\"180\"><\/a><\/td>\n<\/tr>\n<\/tbody>\n<\/table>\n<p>&nbsp;<\/p>\n<p><img loading=\"lazy\" decoding=\"async\" class=\"aligncenter\" src=\"https:\/\/sdk.bitmoji.com\/render\/panel\/64632db1-ae50-4b61-b4b8-7bc582dfda3e-28f2c39d-de1d-442c-87dd-1d35e1acb416-v1.png?transparent=1&amp;palette=1\" alt=\"Bitmoji Image\" width=\"182\" height=\"182\"><\/p>\n","protected":false},"excerpt":{"rendered":"<p>Bienvenues \u00e0 tous et \u00e0 toutes! Vous \u00cates pr\u00cats?? J\u00b4esp\u00e8re que tout ira bien. Cet trimeste on va apprendre beaucoup de choses, comme par exemple: Les parties du corps = las partes del cuerpo.&#46;&#46;&#46;<\/p>\n","protected":false},"author":10861,"featured_media":0,"parent":0,"menu_order":0,"comment_status":"closed","ping_status":"closed","template":"","meta":{"ngg_post_thumbnail":0,"footnotes":""},"aioseo_notices":[],"_links":{"self":[{"href":"https:\/\/blogsaverroes.juntadeandalucia.es\/elblogdefrances\/wp-json\/wp\/v2\/pages\/962"}],"collection":[{"href":"https:\/\/blogsaverroes.juntadeandalucia.es\/elblogdefrances\/wp-json\/wp\/v2\/pages"}],"about":[{"href":"https:\/\/blogsaverroes.juntadeandalucia.es\/elblogdefrances\/wp-json\/wp\/v2\/types\/page"}],"author":[{"embeddable":true,"href":"https:\/\/blogsaverroes.juntadeandalucia.es\/elblogdefrances\/wp-json\/wp\/v2\/users\/10861"}],"replies":[{"embeddable":true,"href":"https:\/\/blogsaverroes.juntadeandalucia.es\/elblogdefrances\/wp-json\/wp\/v2\/comments?post=962"}],"version-history":[{"count":24,"href":"https:\/\/blogsaverroes.juntadeandalucia.es\/elblogdefrances\/wp-json\/wp\/v2\/pages\/962\/revisions"}],"predecessor-version":[{"id":1048,"href":"https:\/\/blogsaverroes.juntadeandalucia.es\/elblogdefrances\/wp-json\/wp\/v2\/pages\/962\/revisions\/1048"}],"wp:attachment":[{"href":"https:\/\/blogsaverroes.juntadeandalucia.es\/elblogdefrances\/wp-json\/wp\/v2\/media?parent=962"}],"curies":[{"name":"wp","href":"https:\/\/api.w.org\/{rel}","templated":true}]}}