{"id":21,"date":"2019-02-10T06:22:48","date_gmt":"2019-02-10T06:22:48","guid":{"rendered":"https:\/\/blogsaverroes.juntadeandalucia.es\/elblogdelasmatematicas\/?page_id=21"},"modified":"2021-03-07T19:12:58","modified_gmt":"2021-03-07T19:12:58","slug":"1o-eso","status":"publish","type":"page","link":"https:\/\/blogsaverroes.juntadeandalucia.es\/elblogdelasmatematicas\/1o-eso\/","title":{"rendered":"1\u00ba ESO"},"content":{"rendered":"<p><a href=\"https:\/\/youtube.com\/c\/elblogdelasmatematicas?sub_confirmation=1\" rel=\"attachment wp-att-468\">&nbsp;<em><strong><span style=\"font-family: helvetica,arial,sans-serif;font-size: 24pt\">El blog de las matem\u00e1ticas<\/span><\/strong><\/em><\/a><\/p>\n<pre style=\"text-align: left\"><span style=\"font-family: helvetica,arial,sans-serif\"><em><span style=\"font-size: 24pt\"><strong>BLOQUE: \u00c1LGEBRA<\/strong><\/span><\/em><\/span><\/pre>\n<p><span style=\"font-size: 14pt\"><strong>1.N\u00daMEROS NATURALES. DIVISIBILIDAD<\/strong><\/span><\/p>\n<p>&nbsp;&nbsp;&nbsp;&nbsp;&nbsp;&nbsp;&nbsp;&nbsp;&nbsp;&nbsp;&nbsp; <strong><span style=\"font-family: verdana,geneva,sans-serif;font-size: 12pt\">V\u00eddeo:<\/span><\/strong> <a href=\"https:\/\/youtu.be\/WBWu-Gwx3Ow\"><strong><span style=\"font-family: verdana,geneva,sans-serif;font-size: 12pt\">Propiedad distributiva &#8211; Factor com\u00fan <\/span><\/strong><\/a>&nbsp;&nbsp;&nbsp;&nbsp;&nbsp;&nbsp;&nbsp;&nbsp;&nbsp;<\/p>\n<p><span style=\"font-family: verdana,geneva,sans-serif;font-size: 12pt\"><strong>&nbsp;&nbsp;&nbsp;&nbsp;&nbsp;&nbsp;&nbsp; V\u00eddeo:<\/strong><\/span><a href=\"https:\/\/youtu.be\/drkRxtk4XAg\"><strong><span style=\"font-family: verdana,geneva,sans-serif;font-size: 12pt\">&nbsp;M\u00faltiplos y divisores &#8211; Hallar Divisores de un N\u00famero<\/span><\/strong><\/a><\/p>\n<p style=\"padding-left: 40px\"><span style=\"font-family: verdana,geneva,sans-serif\"><strong><span style=\"font-size: 12pt\">&nbsp;V\u00eddeo: <a href=\"https:\/\/www.youtube.com\/watch?v=Y8lPYbhGu5g\">Criterio de divisibilidad del 2&nbsp;<\/a><\/span><\/strong><\/span><\/p>\n<p><strong>&nbsp;&nbsp;&nbsp;&nbsp;&nbsp;&nbsp;&nbsp;&nbsp;&nbsp;<span style=\"font-family: verdana,geneva,sans-serif;font-size: 12pt\">&nbsp; V\u00eddeo: <\/span><\/strong><strong><span style=\"font-family: verdana,geneva,sans-serif;font-size: 12pt\"><a href=\"https:\/\/www.youtube.com\/watch?v=594BcY5i4gI\" target=\"_blank\" rel=\"noopener noreferrer\">Criterio de divisibilidad del 3&nbsp;<\/a><\/span><\/strong><\/p>\n<p><strong>&nbsp;&nbsp;&nbsp;&nbsp;&nbsp; &nbsp;&nbsp;&nbsp;&nbsp;&nbsp; <span style=\"font-family: verdana,geneva,sans-serif;font-size: 12pt\">V\u00eddeo: <\/span><\/strong><strong><span style=\"font-family: verdana,geneva,sans-serif;font-size: 12pt\"><a href=\"https:\/\/www.youtube.com\/watch?v=9x6uoPkpChU&amp;t=20s\" target=\"_blank\" rel=\"noopener noreferrer\">Criterio de divisibilidad del 4&nbsp;<\/a><\/span><\/strong><\/p>\n<p><span style=\"font-family: verdana,geneva,sans-serif;font-size: 12pt\"><strong>&nbsp;&nbsp;&nbsp;&nbsp;&nbsp;&nbsp;&nbsp; V\u00eddeo: <\/strong><\/span><strong><span style=\"font-family: verdana,geneva,sans-serif;font-size: 12pt\"><a href=\"https:\/\/www.youtube.com\/watch?v=a_BUYTnKtoE\" target=\"_blank\" rel=\"noopener noreferrer\">Criterio de divisibilidad del 5&nbsp;<\/a><\/span><\/strong><\/p>\n<p><span style=\"font-family: verdana,geneva,sans-serif;font-size: 12pt\"><strong>&nbsp;&nbsp;&nbsp;&nbsp;&nbsp;&nbsp;&nbsp; V\u00eddeo: <\/strong><\/span><strong><span style=\"font-family: verdana,geneva,sans-serif;font-size: 12pt\"><a href=\"https:\/\/www.youtube.com\/watch?v=KPpWxW3N_Qo\" target=\"_blank\" rel=\"noopener noreferrer\">Criterio de divisibilidad del 6<\/a><\/span><\/strong><\/p>\n<p><span style=\"font-family: verdana,geneva,sans-serif;font-size: 12pt\"><strong>&nbsp;&nbsp;&nbsp;&nbsp;&nbsp;&nbsp;&nbsp; V\u00eddeo: <\/strong><\/span><strong><span style=\"font-family: verdana,geneva,sans-serif;font-size: 12pt\"><a href=\"https:\/\/www.youtube.com\/watch?v=5CvSmRqFjSA\" target=\"_blank\" rel=\"noopener noreferrer\">Criterio de divisibilidad del 7<\/a><\/span><\/strong><\/p>\n<p><span style=\"font-family: verdana,geneva,sans-serif;font-size: 12pt\"><strong>&nbsp;&nbsp;&nbsp;&nbsp;&nbsp;&nbsp;&nbsp; V\u00eddeo: <\/strong><\/span><strong><span style=\"font-family: verdana,geneva,sans-serif;font-size: 12pt\"><a href=\"https:\/\/www.youtube.com\/watch?v=FYGMnc2jSaM\" target=\"_blank\" rel=\"noopener noreferrer\">Criterio de divisibilidad del 8<\/a><\/span><\/strong><\/p>\n<p><span style=\"font-family: verdana,geneva,sans-serif;font-size: 12pt\"><strong>&nbsp;&nbsp;&nbsp;&nbsp;&nbsp;&nbsp;&nbsp; V\u00eddeo: <\/strong><\/span><strong><span style=\"font-family: verdana,geneva,sans-serif;font-size: 12pt\"><a href=\"https:\/\/www.youtube.com\/watch?v=a1bsA6xUFCY\" target=\"_blank\" rel=\"noopener noreferrer\">Criterio de divisibilidad del 9<\/a><\/span><\/strong><\/p>\n<p><span style=\"font-family: verdana,geneva,sans-serif;font-size: 12pt\"><strong>&nbsp;&nbsp;&nbsp;&nbsp;&nbsp;&nbsp;&nbsp; V\u00eddeo: <\/strong><\/span><strong><span style=\"font-family: verdana,geneva,sans-serif;font-size: 12pt\"><a href=\"https:\/\/www.youtube.com\/watch?v=_Ab6XYhUEyE\" target=\"_blank\" rel=\"noopener noreferrer\">Criterio de divisibilidad del 10<\/a><\/span><\/strong><\/p>\n<p><span style=\"font-family: verdana,geneva,sans-serif;font-size: 12pt\"><strong>&nbsp;&nbsp;&nbsp;&nbsp;&nbsp;&nbsp; &nbsp;V\u00eddeo: <\/strong><\/span><strong><span style=\"font-family: verdana,geneva,sans-serif;font-size: 12pt\"><a href=\"https:\/\/www.youtube.com\/watch?v=qmluoO7oseo&amp;t=2s\" target=\"_blank\" rel=\"noopener noreferrer\">Criterio de divisibilidad del 11<\/a><\/span><\/strong><\/p>\n<p><span style=\"font-family: verdana,geneva,sans-serif;font-size: 12pt\"><strong>&nbsp;&nbsp;&nbsp;&nbsp;&nbsp; &nbsp; V\u00eddeo: <\/strong><\/span><strong><span style=\"font-size: 12pt\"><a href=\"https:\/\/youtu.be\/pGuJcRDmN6w\" target=\"_blank\" rel=\"noopener noreferrer\">N\u00fameros primos y compuestos<\/a><\/span><\/strong><\/p>\n<p><span style=\"font-family: verdana,geneva,sans-serif;font-size: 12pt\"><strong>&nbsp;&nbsp;&nbsp;&nbsp;&nbsp;&nbsp;&nbsp; V\u00eddeo: <\/strong><\/span><strong><span style=\"font-size: 12pt\"><a href=\"https:\/\/youtu.be\/xHhuMa665uc\" target=\"_blank\" rel=\"noopener noreferrer\">Descomposici\u00f3n factorial<\/a><\/span><\/strong><\/p>\n<p><span style=\"font-family: verdana,geneva,sans-serif;font-size: 12pt\"><strong>&nbsp;&nbsp;&nbsp;&nbsp; &nbsp;&nbsp; V\u00eddeo: <\/strong><\/span><strong><span style=\"font-size: 12pt\"><a href=\"https:\/\/youtu.be\/_MsXgTcc5k4\" target=\"_blank\" rel=\"noopener noreferrer\">M\u00e1ximo com\u00fan divisor<\/a><\/span><\/strong><\/p>\n<p><span style=\"font-family: verdana,geneva,sans-serif;font-size: 12pt\"><strong>&nbsp;&nbsp;&nbsp;&nbsp;&nbsp; &nbsp; V\u00eddeo: <\/strong><\/span><strong><span style=\"font-size: 12pt\"><a href=\"https:\/\/youtu.be\/nieZbh8vBRM\" target=\"_blank\" rel=\"noopener noreferrer\">M\u00ednimo com\u00fan m\u00faltiplo<\/a><\/span><\/strong><\/p>\n<p><span style=\"font-family: verdana,geneva,sans-serif;font-size: 12pt\"><strong>&nbsp;&nbsp;&nbsp;&nbsp;&nbsp; &nbsp; V\u00eddeo:<\/strong><\/span><span style=\"font-family: verdana,geneva,sans-serif;font-size: 12pt\"><strong>&nbsp;<a href=\"https:\/\/youtu.be\/ybzHvs9Znsw\">Problemas de mcm y mcd<\/a><\/strong><\/span><\/p>\n<p><span style=\"font-size: 14pt\"><strong>2.N\u00daMEROS ENTEROS<\/strong><\/span><\/p>\n<p><span style=\"font-family: verdana,geneva,sans-serif;font-size: 12pt\"><strong>&nbsp;&nbsp;&nbsp;&nbsp;&nbsp;&nbsp; V\u00eddeo: <\/strong><\/span><strong><span style=\"font-family: verdana,geneva,sans-serif;font-size: 12pt\"><a href=\"https:\/\/youtu.be\/6TZGhoeOI9o\" target=\"_blank\" rel=\"noopener noreferrer\">Valor absoluto. Opuesto de un n\u00famero. Suma y resta de n\u00fameros enteros.<\/a><\/span><\/strong><\/p>\n<p>&nbsp;&nbsp;&nbsp;&nbsp;&nbsp;&nbsp;&nbsp;&nbsp;&nbsp;&nbsp;&nbsp;&nbsp;&nbsp;&nbsp;&nbsp;&nbsp;&nbsp;&nbsp;&nbsp;&nbsp;&nbsp;&nbsp;&nbsp;&nbsp;&nbsp;&nbsp; &nbsp;<span style=\"font-family: verdana,geneva,sans-serif;font-size: 12pt\"><strong>Ejercicios resueltos<\/strong><\/span>: <strong><span style=\"font-family: verdana,geneva,sans-serif;font-size: 12pt\"><a href=\"https:\/\/blogsaverroes.juntadeandalucia.es\/elblogdelasmatematicas\/files\/2021\/03\/Sumas-y-restas-con-n%C3%BAmeros-enteros.pdf\">Suma y resta de n\u00fameros enteros<\/a><\/span><\/strong><\/p>\n<p><span style=\"font-family: verdana,geneva,sans-serif;font-size: 12pt\"><strong>&nbsp;&nbsp;&nbsp;&nbsp;&nbsp;&nbsp; V\u00eddeo: <\/strong><\/span><strong><span style=\"font-family: verdana,geneva,sans-serif;font-size: 12pt\"><a href=\"https:\/\/youtu.be\/RSdmyjOIveI\" target=\"_blank\" rel=\"noopener noreferrer\">Multiplicaci\u00f3n y divisi\u00f3n de n\u00fameros enteros<\/a><\/span><\/strong><\/p>\n<p><span style=\"font-family: verdana,geneva,sans-serif;font-size: 12pt\"><strong>&nbsp;&nbsp;&nbsp;&nbsp;&nbsp;&nbsp; V\u00eddeo: <\/strong><\/span><strong><span style=\"font-family: verdana,geneva,sans-serif;font-size: 12pt\"><a href=\"https:\/\/youtu.be\/WBWu-Gwx3Ow\" target=\"_blank\" rel=\"noopener noreferrer\">Propiedad distributiva y extraer factor com\u00fan<\/a>&nbsp;<\/span><\/strong><\/p>\n<p><span style=\"font-family: verdana,geneva,sans-serif;font-size: 12pt\"><strong>&nbsp;&nbsp;&nbsp;&nbsp;&nbsp;&nbsp; V\u00eddeo: <\/strong><\/span><strong><span style=\"font-family: verdana,geneva,sans-serif;font-size: 12pt\"><a href=\"https:\/\/youtu.be\/8wWcn11RZtQ\" target=\"_blank\" rel=\"noopener noreferrer\">Operaciones combinadas<\/a><\/span><\/strong><\/p>\n<p><strong><span style=\"font-size: 14pt\">3.POTENCIAS Y RA\u00cdZ CUADRADA<\/span><\/strong><\/p>\n<p><span style=\"font-family: verdana,geneva,sans-serif;font-size: 12pt\"><strong>&nbsp;&nbsp;&nbsp;&nbsp;&nbsp;&nbsp; V\u00eddeo: <\/strong><\/span><span style=\"font-family: verdana,geneva,sans-serif;font-size: 12pt\"><strong><a href=\"https:\/\/youtu.be\/VsLnotGTHm4\" target=\"_blank\" rel=\"noopener noreferrer\">Operaciones con potencias I<\/a><\/strong><\/span><\/p>\n<p><span style=\"font-family: verdana,geneva,sans-serif;font-size: 12pt\"><strong>&nbsp;&nbsp;&nbsp;&nbsp;&nbsp;&nbsp; V\u00eddeo: <\/strong><\/span><span style=\"font-family: verdana,geneva,sans-serif;font-size: 12pt\"><strong><a href=\"https:\/\/youtu.be\/Upr34gqvWCw\" target=\"_blank\" rel=\"noopener noreferrer\">Ra\u00edz cuadrada<\/a><\/strong><\/span><\/p>\n<p><strong><span style=\"font-size: 14pt\">4.FRACCIONES<\/span><\/strong><\/p>\n<p><strong>&nbsp;&nbsp;&nbsp;&nbsp;&nbsp;&nbsp; &nbsp; &nbsp;<span style=\"font-family: verdana,geneva,sans-serif;font-size: 12pt\">V\u00eddeo: <\/span><\/strong><strong><span style=\"font-family: verdana,geneva,sans-serif;font-size: 12pt\"><a href=\"https:\/\/youtu.be\/PxwqDc5_ovk\">Fracciones I (desde cero)<\/a><\/span><\/strong><\/p>\n<p><span style=\"font-family: verdana,geneva,sans-serif;font-size: 12pt\"><strong>&nbsp;&nbsp;&nbsp; &nbsp;&nbsp; V\u00eddeo:<\/strong><\/span><a href=\"https:\/\/youtu.be\/yxICjKblTJE\"><strong><span style=\"font-family: verdana,geneva,sans-serif;font-size: 12pt\"> Operaciones con fracciones (Fracciones II)<\/span><\/strong><\/a><\/p>\n<p><span style=\"font-family: verdana,geneva,sans-serif;font-size: 12pt\"><strong>&nbsp;&nbsp;&nbsp;&nbsp;&nbsp;&nbsp;&nbsp;V\u00eddeo:<\/strong><\/span>&nbsp;<a href=\"https:\/\/www.youtube.com\/watch?v=KkyugErl02o&amp;t=377s\"><strong><span style=\"font-family: verdana,geneva,sans-serif;font-size: 12pt\"> Ordenar fracciones con distinto denominador (Fracciones III)<\/span><\/strong><\/a><\/p>\n<p><span style=\"font-size: 14pt\"><strong>5.N\u00daMEROS DECIMALES<\/strong><\/span><\/p>\n<p><span style=\"font-size: 14pt\"><strong>6.MAGNITUDES PROPORCIONALES<\/strong><\/span><\/p>\n<p><span style=\"font-size: 14pt\"><strong>7.ECUACIONES<\/strong><\/span><\/p>\n<p>&nbsp;&nbsp;&nbsp;&nbsp;&nbsp;&nbsp;&nbsp;&nbsp;&nbsp;&nbsp;<a href=\"https:\/\/youtu.be\/NwMJa8THuCk\"><span style=\"font-family: verdana,geneva,sans-serif;font-size: 12pt\"><strong> Expresiones algebraicas -Monomios y Polinomios.<\/strong><\/span><\/a><\/p>\n<p style=\"padding-left: 40px\"><span style=\"font-size: 12pt\"><strong><span style=\"font-family: verdana,geneva,sans-serif\"><a href=\"https:\/\/youtu.be\/VJekjd1h040\" target=\"_blank\" rel=\"noopener noreferrer\">Tipos de ecuaciones de primer grado <\/a><\/span><\/strong><\/span><\/p>\n<p style=\"padding-left: 40px\"><span style=\"font-size: 12pt\"><strong><span style=\"font-family: verdana,geneva,sans-serif\"><a href=\"https:\/\/youtu.be\/tpO0SXBC6FQ\" target=\"_blank\" rel=\"noopener noreferrer\">Ecuaciones de primer grado b\u00e1sicas &#8211; Ejemplos<\/a><\/span><\/strong><\/span><\/p>\n<p style=\"padding-left: 40px\"><span style=\"font-family: verdana,geneva,sans-serif;font-size: 12pt\"><strong><a href=\"https:\/\/youtu.be\/_oluQTAAeFM\" target=\"_blank\" rel=\"noopener noreferrer\">Ecuaciones de primer grado con par\u00e9ntesis &#8211; Ejemplos<\/a><\/strong><\/span><\/p>\n<p style=\"padding-left: 40px\"><span style=\"font-family: verdana,geneva,sans-serif;font-size: 12pt\"><strong><a href=\"https:\/\/youtu.be\/9Q-f36dmmro\" target=\"_blank\" rel=\"noopener noreferrer\">Ecuaciones de primer grado con fracciones &#8211; Ejemplos<\/a><\/strong><\/span><\/p>\n<p><strong>&nbsp; &nbsp; &nbsp; &nbsp; &nbsp;<a href=\"https:\/\/youtu.be\/BDLZNaSEy04\"><span style=\"font-family: verdana,geneva,sans-serif;font-size: 12pt\"> Ecuaciones de primer grado sin soluci\u00f3n &#8211; Ejemplos<\/span><\/a><\/strong><\/p>\n<p><span style=\"font-size: 12pt\"><strong>&nbsp;&nbsp;&nbsp;&nbsp;&nbsp;&nbsp;&nbsp;&nbsp;<span style=\"font-family: verdana,geneva,sans-serif\"><a href=\"https:\/\/www.youtube.com\/watch?v=Pgbtnxo12gc\"> Ecuaciones de primer grado con infinitas soluciones &#8211; Ejemplos<\/a><\/span><\/strong><\/span><\/p>\n<p>&nbsp;<\/p>\n<p>&nbsp;<\/p>\n<pre><span style=\"font-family: helvetica,arial,sans-serif\"><em><span style=\"font-size: 24pt\"><strong>BLOQUE: FUNCIONES<\/strong><\/span><\/em><\/span><\/pre>\n<p><strong><span style=\"font-size: 14pt\">8.TABLAS Y GR\u00c1FICAS<\/span><\/strong><\/p>\n<pre><span style=\"font-family: helvetica,arial,sans-serif\"><em><span style=\"font-size: 24pt\"><strong>BLOQUE: ESTAD\u00cdSTICA Y PROBABILIDAD<\/strong><\/span><\/em><\/span><\/pre>\n<p><strong><span style=\"font-size: 14pt\">9.ESTAD\u00cdSTICA Y PROBABILIDAD<\/span><\/strong><\/p>\n<pre><span style=\"font-family: helvetica,arial,sans-serif;font-size: 24pt\"><em><strong>BLOQUE: GEOMETR\u00cdA<\/strong><\/em><\/span><\/pre>\n<p><span style=\"font-size: 14pt\"><strong>10.MEDIDA DE MAGNITUDES<\/strong><\/span><\/p>\n<p><span style=\"font-size: 14pt\"><strong>11.ELEMENTOS GEOM\u00c9TRICOS<\/strong><\/span><\/p>\n<p><span style=\"font-size: 14pt\"><strong>12.FIGURAS GEOM\u00c9TRICAS<\/strong><\/span><\/p>\n<p><span style=\"font-size: 14pt\"><strong>13.LONGITUDES Y \u00c1REAS<\/strong><\/span><\/p>\n<p><strong><span style=\"font-size: 14pt\">14.CUERPOS GEOM\u00c9TRICOS. VOL\u00daMENES<\/span><\/strong><\/p>\n<p>&nbsp;<\/p>\n","protected":false},"excerpt":{"rendered":"<p>&nbsp;El blog de las matem\u00e1ticas BLOQUE: \u00c1LGEBRA 1.N\u00daMEROS NATURALES. DIVISIBILIDAD &nbsp;&nbsp;&nbsp;&nbsp;&nbsp;&nbsp;&nbsp;&nbsp;&nbsp;&nbsp;&nbsp; V\u00eddeo: Propiedad distributiva &#8211; Factor com\u00fan &nbsp;&nbsp;&nbsp;&nbsp;&nbsp;&nbsp;&nbsp;&nbsp;&nbsp; &nbsp;&nbsp;&nbsp;&nbsp;&nbsp;&nbsp;&nbsp; V\u00eddeo:&nbsp;M\u00faltiplos y divisores &#8211; Hallar Divisores de un N\u00famero &nbsp;V\u00eddeo: Criterio de divisibilidad del 2&nbsp; &nbsp;&nbsp;&nbsp;&nbsp;&nbsp;&nbsp;&nbsp;&nbsp;&nbsp;&nbsp; V\u00eddeo: Criterio de divisibilidad del 3&nbsp; &nbsp;&nbsp;&nbsp;&nbsp;&nbsp; &nbsp;&nbsp;&nbsp;&nbsp;&nbsp; V\u00eddeo: Criterio de divisibilidad del 4&nbsp; &nbsp;&nbsp;&nbsp;&nbsp;&nbsp;&nbsp;&nbsp; V\u00eddeo: Criterio de divisibilidad del [&hellip;]<\/p>\n","protected":false},"author":6820,"featured_media":468,"parent":0,"menu_order":0,"comment_status":"closed","ping_status":"closed","template":"","meta":{"ngg_post_thumbnail":0,"footnotes":""},"aioseo_notices":[],"_links":{"self":[{"href":"https:\/\/blogsaverroes.juntadeandalucia.es\/elblogdelasmatematicas\/wp-json\/wp\/v2\/pages\/21"}],"collection":[{"href":"https:\/\/blogsaverroes.juntadeandalucia.es\/elblogdelasmatematicas\/wp-json\/wp\/v2\/pages"}],"about":[{"href":"https:\/\/blogsaverroes.juntadeandalucia.es\/elblogdelasmatematicas\/wp-json\/wp\/v2\/types\/page"}],"author":[{"embeddable":true,"href":"https:\/\/blogsaverroes.juntadeandalucia.es\/elblogdelasmatematicas\/wp-json\/wp\/v2\/users\/6820"}],"replies":[{"embeddable":true,"href":"https:\/\/blogsaverroes.juntadeandalucia.es\/elblogdelasmatematicas\/wp-json\/wp\/v2\/comments?post=21"}],"version-history":[{"count":68,"href":"https:\/\/blogsaverroes.juntadeandalucia.es\/elblogdelasmatematicas\/wp-json\/wp\/v2\/pages\/21\/revisions"}],"predecessor-version":[{"id":788,"href":"https:\/\/blogsaverroes.juntadeandalucia.es\/elblogdelasmatematicas\/wp-json\/wp\/v2\/pages\/21\/revisions\/788"}],"wp:featuredmedia":[{"embeddable":true,"href":"https:\/\/blogsaverroes.juntadeandalucia.es\/elblogdelasmatematicas\/wp-json\/wp\/v2\/media\/468"}],"wp:attachment":[{"href":"https:\/\/blogsaverroes.juntadeandalucia.es\/elblogdelasmatematicas\/wp-json\/wp\/v2\/media?parent=21"}],"curies":[{"name":"wp","href":"https:\/\/api.w.org\/{rel}","templated":true}]}}