{"id":486,"date":"2021-10-30T15:15:35","date_gmt":"2021-10-30T13:15:35","guid":{"rendered":"https:\/\/blogsaverroes.juntadeandalucia.es\/elcastilloigualdad\/?page_id=486"},"modified":"2022-10-09T13:11:41","modified_gmt":"2022-10-09T11:11:41","slug":"el-programa-de-valores-y-educacion-emocional-en-enero-2022","status":"publish","type":"page","link":"https:\/\/blogsaverroes.juntadeandalucia.es\/elcastilloigualdad\/?page_id=486","title":{"rendered":"EL PROGRAMA DE VALORES Y EDUCACI\u00d3N EMOCIONAL EN ENERO 2022"},"content":{"rendered":"<p><span style=\"color: #0000ff\"><strong><img loading=\"lazy\" decoding=\"async\" class=\"wp-image-290 alignleft\" src=\"https:\/\/blogsaverroes.juntadeandalucia.es\/elcastilloigualdad\/files\/2020\/12\/Imagen_cuentoValores_3-1-300x226.jpg\" alt=\"\" width=\"251\" height=\"189\" srcset=\"https:\/\/blogsaverroes.juntadeandalucia.es\/elcastilloigualdad\/files\/2020\/12\/Imagen_cuentoValores_3-1-300x226.jpg 300w, https:\/\/blogsaverroes.juntadeandalucia.es\/elcastilloigualdad\/files\/2020\/12\/Imagen_cuentoValores_3-1-24x18.jpg 24w, https:\/\/blogsaverroes.juntadeandalucia.es\/elcastilloigualdad\/files\/2020\/12\/Imagen_cuentoValores_3-1-36x27.jpg 36w, https:\/\/blogsaverroes.juntadeandalucia.es\/elcastilloigualdad\/files\/2020\/12\/Imagen_cuentoValores_3-1-48x36.jpg 48w, https:\/\/blogsaverroes.juntadeandalucia.es\/elcastilloigualdad\/files\/2020\/12\/Imagen_cuentoValores_3-1.jpg 500w\" sizes=\"(max-width: 251px) 100vw, 251px\" \/>Cuarto cuento del proyecto \u00abNueve meses, nueve cuentos\u00bb, a trav\u00e9s del que trabajamos el programa de Valores y Educaci\u00f3n Emocional.<\/strong><\/span><\/p>\n<div style=\"text-align: justify\">A veces solemos tener miedo de los dem\u00e1s por su apariencia&#8230; Nos apartamos corriendo de alguien sin parar a conocerlo bien y muchas veces creemos que nos quiere hacer da\u00f1o, cuando en realidad lo que desea es ayudarnos&#8230;<\/div>\n<div style=\"text-align: justify\">&nbsp;<\/div>\n<div style=\"text-align: justify\">Y otras veces ocurre lo contrario. Subestimamos a los dem\u00e1s por su peque\u00f1a apariencia, los creemos d\u00e9biles y, aunque algunas veces los son, tambi\u00e9n sabemos que querer es poder, que la uni\u00f3n hace la fuerza y lo que no es capaz de hacer uno s\u00f3lo, lo conseguir\u00e1 tal vez con ayuda de los dem\u00e1s.<\/div>\n<div style=\"text-align: justify\">&nbsp;<\/div>\n<div style=\"text-align: justify\">\u00c9sta es la historia de <b>Oso<\/b>, que vive tranquilamente en el bosque. Un d\u00eda encuentra un \u00abcazamariposas\u00bb y en lugar de utilizarlo para atraparlas, como har\u00edamos los dem\u00e1s, Oso lo utilizar\u00e1 para salvarlas cuando los insectos caen al lago. Pero lejos de agradec\u00e9rselo, todas las mariposas huyen cuando despiertan sobre su nariz y ven al gran animal.<\/div>\n<div>\n<div style=\"text-align: justify\">Un d\u00eda, una gran mariposa no huy\u00f3 al despertar. Qued\u00f3 hipnotizada de Oso y agradecida por haberla salvado se qued\u00f3 junto a \u00e9l. A ella le encantaba hacerle cosquillas en las orejas y jugar al escondite. A \u00e9l le gustaba contarle historias secretas del bosque y soplarle suavemente en las antenas.<\/div>\n<div style=\"text-align: justify\">&nbsp;<\/div>\n<div style=\"text-align: justify\">Y entonces ocurri\u00f3 lo peor, una gran fatalidad, Oso cay\u00f3 un d\u00eda al lago y era incapaz de salir&#8230; \u00a1no sab\u00eda nadar! y su amiga no pod\u00eda ayudarlo sola. De pronto, una gran nube de mariposas apareci\u00f3 en el lago para salvarlo: todas las que Oso hab\u00eda salvado durante tanto tiempo. Desde aquel d\u00eda, Oso est\u00e1 rodeado de mariposas que lo llevan a todas partes.<\/div>\n<\/div>\n<p>&nbsp;<\/p>\n<p><strong>El cuento<\/strong>&nbsp;est\u00e1 disponible entrando a nuestra&nbsp;<a href=\"https:\/\/blogsaverroes.juntadeandalucia.es\/eielcastillo\/?page_id=10678\">plataforma Moodle<\/a>&nbsp;y visitando el aula virtual:&nbsp;<\/p>\n<p><img loading=\"lazy\" decoding=\"async\" class=\"alignnone size-medium wp-image-460\" src=\"https:\/\/blogsaverroes.juntadeandalucia.es\/elcastilloigualdad\/files\/2021\/10\/Imagen_BibliotecaDigital.jpg-300x168.png\" alt=\"\" width=\"300\" height=\"168\" srcset=\"https:\/\/blogsaverroes.juntadeandalucia.es\/elcastilloigualdad\/files\/2021\/10\/Imagen_BibliotecaDigital.jpg-300x168.png 300w, https:\/\/blogsaverroes.juntadeandalucia.es\/elcastilloigualdad\/files\/2021\/10\/Imagen_BibliotecaDigital.jpg-768x429.png 768w, https:\/\/blogsaverroes.juntadeandalucia.es\/elcastilloigualdad\/files\/2021\/10\/Imagen_BibliotecaDigital.jpg.png 877w\" sizes=\"(max-width: 300px) 100vw, 300px\" \/><\/p>\n<p><a href=\"https:\/\/educacionadistancia.juntadeandalucia.es\/centros\/jaen\/\">\u00a1 ENTRA A LA BIBLIOTECA DIGITAL!<\/a>&nbsp;y accede con el usuario y contrase\u00f1a que llega a trav\u00e9s de la plataforma Pasen.<\/p>\n<p>&nbsp;<\/p>\n<p>En youtube podemos encontrar diversas narraciones del cuento:<\/p>\n<p><iframe loading=\"lazy\" src=\"https:\/\/www.youtube.com\/embed\/nZnYz2eWxms\" width=\"640\" height=\"362\" frameborder=\"0\"><\/iframe>&nbsp;<\/p>\n<p><iframe loading=\"lazy\" src=\"https:\/\/www.youtube.com\/embed\/0uh7iRLKkGQ\" width=\"640\" height=\"362\" frameborder=\"0\"><span style=\"width: 0px;overflow: hidden;line-height: 0\" data-mce-type=\"bookmark\" class=\"mce_SELRES_start\">\ufeff<\/span><\/iframe>&nbsp;<\/p>\n<p><strong>La tarjeta<\/strong> correspondiente a este mes de enero es:<\/p>\n<p><a href=\"https:\/\/blogsaverroes.juntadeandalucia.es\/elcastilloigualdad\/files\/2022\/05\/TarjetaValores_cuento4_2021-22.pdf\"><img loading=\"lazy\" decoding=\"async\" class=\"alignnone size-medium wp-image-602\" src=\"https:\/\/blogsaverroes.juntadeandalucia.es\/elcastilloigualdad\/files\/2022\/02\/TarjetaValores_cuento4_2021-22-300x211.jpg\" alt=\"\" width=\"300\" height=\"211\" srcset=\"https:\/\/blogsaverroes.juntadeandalucia.es\/elcastilloigualdad\/files\/2022\/02\/TarjetaValores_cuento4_2021-22-300x211.jpg 300w, https:\/\/blogsaverroes.juntadeandalucia.es\/elcastilloigualdad\/files\/2022\/02\/TarjetaValores_cuento4_2021-22-1024x722.jpg 1024w, https:\/\/blogsaverroes.juntadeandalucia.es\/elcastilloigualdad\/files\/2022\/02\/TarjetaValores_cuento4_2021-22-768x541.jpg 768w, https:\/\/blogsaverroes.juntadeandalucia.es\/elcastilloigualdad\/files\/2022\/02\/TarjetaValores_cuento4_2021-22.jpg 1240w\" sizes=\"(max-width: 300px) 100vw, 300px\" \/><\/a><\/p>\n<p>El <strong>cuentacuentos<\/strong> no pudo desarrollarse en las fechas previstas debido a las medidas tomadas por la situaci\u00f3n covid. A continuaci\u00f3n exponemos la grabaci\u00f3n realizada en diciembre de 2020 del mismo cuento.<\/p>\n<p><iframe loading=\"lazy\" src=\"https:\/\/www.youtube.com\/embed\/2i4yDQaOeww\" width=\"640\" height=\"362\" frameborder=\"0\"><\/iframe>&nbsp;<\/p>\n<p><em>&nbsp;<\/em><\/p>\n","protected":false},"excerpt":{"rendered":"<p>Cuarto cuento del proyecto \u00abNueve meses, nueve cuentos\u00bb, a trav\u00e9s del que trabajamos el programa de Valores y Educaci\u00f3n Emocional. A veces solemos tener miedo de los dem\u00e1s por su apariencia&#8230; Nos apartamos corriendo&#46;&#46;&#46;<\/p>\n","protected":false},"author":3249,"featured_media":0,"parent":445,"menu_order":4,"comment_status":"closed","ping_status":"closed","template":"","meta":{"ngg_post_thumbnail":0,"footnotes":""},"aioseo_notices":[],"_links":{"self":[{"href":"https:\/\/blogsaverroes.juntadeandalucia.es\/elcastilloigualdad\/index.php?rest_route=\/wp\/v2\/pages\/486"}],"collection":[{"href":"https:\/\/blogsaverroes.juntadeandalucia.es\/elcastilloigualdad\/index.php?rest_route=\/wp\/v2\/pages"}],"about":[{"href":"https:\/\/blogsaverroes.juntadeandalucia.es\/elcastilloigualdad\/index.php?rest_route=\/wp\/v2\/types\/page"}],"author":[{"embeddable":true,"href":"https:\/\/blogsaverroes.juntadeandalucia.es\/elcastilloigualdad\/index.php?rest_route=\/wp\/v2\/users\/3249"}],"replies":[{"embeddable":true,"href":"https:\/\/blogsaverroes.juntadeandalucia.es\/elcastilloigualdad\/index.php?rest_route=%2Fwp%2Fv2%2Fcomments&post=486"}],"version-history":[{"count":12,"href":"https:\/\/blogsaverroes.juntadeandalucia.es\/elcastilloigualdad\/index.php?rest_route=\/wp\/v2\/pages\/486\/revisions"}],"predecessor-version":[{"id":680,"href":"https:\/\/blogsaverroes.juntadeandalucia.es\/elcastilloigualdad\/index.php?rest_route=\/wp\/v2\/pages\/486\/revisions\/680"}],"up":[{"embeddable":true,"href":"https:\/\/blogsaverroes.juntadeandalucia.es\/elcastilloigualdad\/index.php?rest_route=\/wp\/v2\/pages\/445"}],"wp:attachment":[{"href":"https:\/\/blogsaverroes.juntadeandalucia.es\/elcastilloigualdad\/index.php?rest_route=%2Fwp%2Fv2%2Fmedia&parent=486"}],"curies":[{"name":"wp","href":"https:\/\/api.w.org\/{rel}","templated":true}]}}