{"id":490,"date":"2021-10-30T15:16:12","date_gmt":"2021-10-30T13:16:12","guid":{"rendered":"https:\/\/blogsaverroes.juntadeandalucia.es\/elcastilloigualdad\/?page_id=490"},"modified":"2022-10-09T13:12:34","modified_gmt":"2022-10-09T11:12:34","slug":"el-programa-de-valores-y-educacion-emocional-en-marzo-2022","status":"publish","type":"page","link":"https:\/\/blogsaverroes.juntadeandalucia.es\/elcastilloigualdad\/?page_id=490","title":{"rendered":"EL PROGRAMA DE VALORES Y EDUCACI\u00d3N EMOCIONAL EN MARZO 2022"},"content":{"rendered":"<p><strong>Sexto cuento del proyecto \u00abNueve meses, nueve cuentos\u00bb, a trav\u00e9s del que trabajamos el programa de Valores y Educaci\u00f3n Emocional.<\/strong><\/p>\n<div>\n<div>\n<p style=\"text-align: justify\"><em><img loading=\"lazy\" decoding=\"async\" class=\"size-medium wp-image-624 alignleft\" src=\"https:\/\/blogsaverroes.juntadeandalucia.es\/elcastilloigualdad\/files\/2022\/03\/Imagen_DanielaPirata-300x263.jpg\" alt=\"\" width=\"300\" height=\"263\" srcset=\"https:\/\/blogsaverroes.juntadeandalucia.es\/elcastilloigualdad\/files\/2022\/03\/Imagen_DanielaPirata-300x263.jpg 300w, https:\/\/blogsaverroes.juntadeandalucia.es\/elcastilloigualdad\/files\/2022\/03\/Imagen_DanielaPirata-1024x899.jpg 1024w, https:\/\/blogsaverroes.juntadeandalucia.es\/elcastilloigualdad\/files\/2022\/03\/Imagen_DanielaPirata-768x674.jpg 768w, https:\/\/blogsaverroes.juntadeandalucia.es\/elcastilloigualdad\/files\/2022\/03\/Imagen_DanielaPirata-1536x1348.jpg 1536w, https:\/\/blogsaverroes.juntadeandalucia.es\/elcastilloigualdad\/files\/2022\/03\/Imagen_DanielaPirata-2048x1798.jpg 2048w\" sizes=\"(max-width: 300px) 100vw, 300px\" \/><strong>Daniela Pirata <\/strong><\/em>es una historia de Susanna Isern ilustrada por G\u00f3mez que edita NubeOcho.<\/p>\n<p style=\"text-align: justify\">Una historia para empoderar a las mujeres y plantear desde bien peque\u00f1os el tema de la igualdad y los estereotipos de g\u00e9nero.<\/p>\n<p style=\"text-align: justify\">Daniela es una ni\u00f1a muy valiente, tremendamente atrevida y lo m\u00e1s importante, segura de si misma.<\/p>\n<p style=\"text-align: justify\">Daniela va en su velero pero lo tiene claro, quiere ser pirata en el Caim\u00e1n Negro, sin embargo, Oreja Cortada no est\u00e1 nada por la labor de dejarla subir a bordo.<\/p>\n<p style=\"text-align: justify\">En los mares todos temen a Caim\u00e1n Negro, todos excepto Daniela, esta ni\u00f1a lo tiene claro, clar\u00edsimo, quiere ser pirata en el m\u00e1s temido de los buques piratas, en el Caim\u00e1n Negro.<\/p>\n<p style=\"text-align: justify\">Todos los barcos evitan cruzarse con \u00e9l pero Daniela va en su busca y cuando lo encuentra se pone a disposici\u00f3n de su Capit\u00e1n.<\/p>\n<p style=\"text-align: justify\">Oreja Cortada se mofa de que quiera ser pirata y le pone diferentes pruebas, a cual de todas m\u00e1s complicadas. Ante los ojos at\u00f3nitos del capit\u00e1n, Daniela va super\u00e1ndolas todas pero este pirata tiene un as en la manga, un recurso sucio y ruin, que Daniela tendr\u00e1 que superar y que seguro que indigna a m\u00e1s de un ni\u00f1o y ni\u00f1a.<\/p>\n<p style=\"text-align: justify\"><span style=\"color: #800000\">&nbsp;En este \u00e1lbum se pone de manifiesto algo muy presente en nuestro d\u00eda a d\u00eda, la diferenciaci\u00f3n por sexos, las cosas que supuestamente han de hacer chicos y las que han de hacer ni\u00f1as.<\/span><\/p>\n<p style=\"text-align: justify\"><span style=\"color: #800000\">Adem\u00e1s las pruebas de Oreja Cortada tambi\u00e9n son un claro reflejo de los estereotipos de g\u00e9nero, los piratas son hombres y deben ser fuertes, r\u00e1pidos, cocinar mal, etc. Las mujeres no pueden hacer esto, as\u00ed que, \u00bfc\u00f3mo iba a poder Daniela?<\/span><\/p>\n<p style=\"text-align: justify\"><span style=\"color: #800000\">Partiendo de esta premisa ya os pod\u00e9is imaginar, Daniela es una ni\u00f1a que quiere ser pirata pero se tropieza con la insensatez adulta.<\/span><\/p>\n<p style=\"text-align: justify\"><span style=\"color: #800000\">Podemos generar un debate en torno a los juegos, los roles de mujeres y hombres en el d\u00eda a d\u00eda.<\/span><\/p>\n<p style=\"text-align: justify\"><span style=\"color: #800000\">Un \u00e1lbum para decir: \u201cs\u00ed podemos\u201d. Al igual que un chico puede hacer lo que \u00e9l quiera, jugar con una mu\u00f1eca o con un barco pirata. Un \u00e1lbum que a los ni\u00f1os les encantar\u00e1 y que adem\u00e1s percibir\u00e1n r\u00e1pidamente la injusticia de Oreja Cortada.<\/span><\/p>\n<p><strong>\u00a1 Un libro bonito, que vale la pena tener en tu biblioteca !,<\/strong> en cualquier caso lo tienes en la biblioteca del centro.<\/p>\n<\/div>\n<\/div>\n<p>&nbsp;<\/p>\n<p><strong>El cuento<\/strong>&nbsp;est\u00e1 disponible entrando a nuestra&nbsp;<a href=\"https:\/\/blogsaverroes.juntadeandalucia.es\/eielcastillo\/?page_id=10678\">plataforma Moodle,&nbsp;<\/a> visitando el aula virtual:&nbsp;<\/p>\n<p><img loading=\"lazy\" decoding=\"async\" class=\"alignnone size-medium wp-image-460\" src=\"https:\/\/blogsaverroes.juntadeandalucia.es\/elcastilloigualdad\/files\/2021\/10\/Imagen_BibliotecaDigital.jpg-300x168.png\" alt=\"\" width=\"300\" height=\"168\" srcset=\"https:\/\/blogsaverroes.juntadeandalucia.es\/elcastilloigualdad\/files\/2021\/10\/Imagen_BibliotecaDigital.jpg-300x168.png 300w, https:\/\/blogsaverroes.juntadeandalucia.es\/elcastilloigualdad\/files\/2021\/10\/Imagen_BibliotecaDigital.jpg-768x429.png 768w, https:\/\/blogsaverroes.juntadeandalucia.es\/elcastilloigualdad\/files\/2021\/10\/Imagen_BibliotecaDigital.jpg.png 877w\" sizes=\"(max-width: 300px) 100vw, 300px\" \/><\/p>\n<p><a href=\"https:\/\/educacionadistancia.juntadeandalucia.es\/centros\/jaen\/\">\u00a1 ENTRA A LA BIBLIOTECA DIGITAL!<\/a><\/p>\n<p>En este aula virtual de nuestra moodle podr\u00e1s ver el cuento p\u00e1gina a p\u00e1gina, encontrar\u00e1s un enlace que te permite verlo como una presentaci\u00f3n.<\/p>\n<p>&nbsp;<\/p>\n<p><span style=\"color: #800000\"><strong>En youtube<\/strong><\/span> podemos encontrar diversas narraciones del cuento:<\/p>\n<p><iframe loading=\"lazy\" src=\"https:\/\/www.youtube.com\/embed\/q0MOCrpid8A\" width=\"640\" height=\"362\" frameborder=\"0\"><\/iframe>&nbsp;<\/p>\n<p>&nbsp;<\/p>\n<p><span style=\"color: #800000\"><strong>La tarjeta<\/strong> <\/span>correspondiente a este mes de enero es:<\/p>\n<p><a href=\"https:\/\/blogsaverroes.juntadeandalucia.es\/elcastilloigualdad\/files\/2022\/05\/TarjetaValores_cuento6_2021-22.pdf\"><img loading=\"lazy\" decoding=\"async\" class=\"alignnone size-medium wp-image-651\" src=\"https:\/\/blogsaverroes.juntadeandalucia.es\/elcastilloigualdad\/files\/2022\/03\/TarjetaValores_cuento6_2021-22-300x211.jpg\" alt=\"\" width=\"300\" height=\"211\" srcset=\"https:\/\/blogsaverroes.juntadeandalucia.es\/elcastilloigualdad\/files\/2022\/03\/TarjetaValores_cuento6_2021-22-300x211.jpg 300w, https:\/\/blogsaverroes.juntadeandalucia.es\/elcastilloigualdad\/files\/2022\/03\/TarjetaValores_cuento6_2021-22-1024x722.jpg 1024w, https:\/\/blogsaverroes.juntadeandalucia.es\/elcastilloigualdad\/files\/2022\/03\/TarjetaValores_cuento6_2021-22-768x541.jpg 768w, https:\/\/blogsaverroes.juntadeandalucia.es\/elcastilloigualdad\/files\/2022\/03\/TarjetaValores_cuento6_2021-22-1536x1083.jpg 1536w, https:\/\/blogsaverroes.juntadeandalucia.es\/elcastilloigualdad\/files\/2022\/03\/TarjetaValores_cuento6_2021-22-2048x1444.jpg 2048w\" sizes=\"(max-width: 300px) 100vw, 300px\" \/><\/a><\/p>\n<p>&nbsp;<\/p>\n<p>La grabaci\u00f3n del <span style=\"color: #800000\"><strong>cuentacuentos:<\/strong><\/span><\/p>\n<p><iframe loading=\"lazy\" src=\"https:\/\/www.youtube.com\/embed\/wXwxwfdwBXo\" width=\"640\" height=\"362\" frameborder=\"0\"><\/iframe>&nbsp;<\/p>\n","protected":false},"excerpt":{"rendered":"<p>Sexto cuento del proyecto \u00abNueve meses, nueve cuentos\u00bb, a trav\u00e9s del que trabajamos el programa de Valores y Educaci\u00f3n Emocional. Daniela Pirata es una historia de Susanna Isern ilustrada por G\u00f3mez que edita NubeOcho.&#46;&#46;&#46;<\/p>\n","protected":false},"author":3249,"featured_media":0,"parent":445,"menu_order":6,"comment_status":"closed","ping_status":"closed","template":"","meta":{"ngg_post_thumbnail":0,"footnotes":""},"aioseo_notices":[],"_links":{"self":[{"href":"https:\/\/blogsaverroes.juntadeandalucia.es\/elcastilloigualdad\/index.php?rest_route=\/wp\/v2\/pages\/490"}],"collection":[{"href":"https:\/\/blogsaverroes.juntadeandalucia.es\/elcastilloigualdad\/index.php?rest_route=\/wp\/v2\/pages"}],"about":[{"href":"https:\/\/blogsaverroes.juntadeandalucia.es\/elcastilloigualdad\/index.php?rest_route=\/wp\/v2\/types\/page"}],"author":[{"embeddable":true,"href":"https:\/\/blogsaverroes.juntadeandalucia.es\/elcastilloigualdad\/index.php?rest_route=\/wp\/v2\/users\/3249"}],"replies":[{"embeddable":true,"href":"https:\/\/blogsaverroes.juntadeandalucia.es\/elcastilloigualdad\/index.php?rest_route=%2Fwp%2Fv2%2Fcomments&post=490"}],"version-history":[{"count":9,"href":"https:\/\/blogsaverroes.juntadeandalucia.es\/elcastilloigualdad\/index.php?rest_route=\/wp\/v2\/pages\/490\/revisions"}],"predecessor-version":[{"id":677,"href":"https:\/\/blogsaverroes.juntadeandalucia.es\/elcastilloigualdad\/index.php?rest_route=\/wp\/v2\/pages\/490\/revisions\/677"}],"up":[{"embeddable":true,"href":"https:\/\/blogsaverroes.juntadeandalucia.es\/elcastilloigualdad\/index.php?rest_route=\/wp\/v2\/pages\/445"}],"wp:attachment":[{"href":"https:\/\/blogsaverroes.juntadeandalucia.es\/elcastilloigualdad\/index.php?rest_route=%2Fwp%2Fv2%2Fmedia&parent=490"}],"curies":[{"name":"wp","href":"https:\/\/api.w.org\/{rel}","templated":true}]}}

EL PROGRAMA DE VALORES Y EDUCACIÓN EMOCIONAL EN MARZO 2022

<p><strong>Sexto cuento del proyecto «Nueve meses, nueve cuentos», a través del que trabajamos el programa de Valores y Educación Emocional.</strong></p>
<div>
<div>
<p style="text-align: justify"><em><img loading="lazy" decoding="async" class="size-medium wp-image-624 alignleft" src="https://blogsaverroes.juntadeandalucia.es/elcastilloigualdad/files/2022/03/Imagen_DanielaPirata-300x263.jpg" alt="" width="300" height="263" srcset="https://blogsaverroes.juntadeandalucia.es/elcastilloigualdad/files/2022/03/Imagen_DanielaPirata-300x263.jpg 300w, https://blogsaverroes.juntadeandalucia.es/elcastilloigualdad/files/2022/03/Imagen_DanielaPirata-1024x899.jpg 1024w, https://blogsaverroes.juntadeandalucia.es/elcastilloigualdad/files/2022/03/Imagen_DanielaPirata-768x674.jpg 768w, https://blogsaverroes.juntadeandalucia.es/elcastilloigualdad/files/2022/03/Imagen_DanielaPirata-1536x1348.jpg 1536w, https://blogsaverroes.juntadeandalucia.es/elcastilloigualdad/files/2022/03/Imagen_DanielaPirata-2048x1798.jpg 2048w" sizes="(max-width: 300px) 100vw, 300px" /><strong>Daniela Pirata </strong></em>es una historia de Susanna Isern ilustrada por Gómez que edita NubeOcho.</p>
<p style="text-align: justify">Una historia para empoderar a las mujeres y plantear desde bien pequeños el tema de la igualdad y los estereotipos de género.</p>
<p style="text-align: justify">Daniela es una niña muy valiente, tremendamente atrevida y lo más importante, segura de si misma.</p>
<p style="text-align: justify">Daniela va en su velero pero lo tiene claro, quiere ser pirata en el Caimán Negro, sin embargo, Oreja Cortada no está nada por la labor de dejarla subir a bordo.</p>
<p style="text-align: justify">En los mares todos temen a Caimán Negro, todos excepto Daniela, esta niña lo tiene claro, clarísimo, quiere ser pirata en el más temido de los buques piratas, en el Caimán Negro.</p>
<p style="text-align: justify">Todos los barcos evitan cruzarse con él pero Daniela va en su busca y cuando lo encuentra se pone a disposición de su Capitán.</p>
<p style="text-align: justify">Oreja Cortada se mofa de que quiera ser pirata y le pone diferentes pruebas, a cual de todas más complicadas. Ante los ojos atónitos del capitán, Daniela va superándolas todas pero este pirata tiene un as en la manga, un recurso sucio y ruin, que Daniela tendrá que superar y que seguro que indigna a más de un niño y niña.</p>
<p style="text-align: justify"><span style="color: #800000">&nbsp;En este álbum se pone de manifiesto algo muy presente en nuestro día a día, la diferenciación por sexos, las cosas que supuestamente han de hacer chicos y las que han de hacer niñas.</span></p>
<p style="text-align: justify"><span style="color: #800000">Además las pruebas de Oreja Cortada también son un claro reflejo de los estereotipos de género, los piratas son hombres y deben ser fuertes, rápidos, cocinar mal, etc. Las mujeres no pueden hacer esto, así que, ¿cómo iba a poder Daniela?</span></p>
<p style="text-align: justify"><span style="color: #800000">Partiendo de esta premisa ya os podéis imaginar, Daniela es una niña que quiere ser pirata pero se tropieza con la insensatez adulta.</span></p>
<p style="text-align: justify"><span style="color: #800000">Podemos generar un debate en torno a los juegos, los roles de mujeres y hombres en el día a día.</span></p>
<p style="text-align: justify"><span style="color: #800000">Un álbum para decir: “sí podemos”. Al igual que un chico puede hacer lo que él quiera, jugar con una muñeca o con un barco pirata. Un álbum que a los niños les encantará y que además percibirán rápidamente la injusticia de Oreja Cortada.</span></p>
<p><strong>¡ Un libro bonito, que vale la pena tener en tu biblioteca !,</strong> en cualquier caso lo tienes en la biblioteca del centro.</p>
</div>
</div>
<p>&nbsp;</p>
<p><strong>El cuento</strong>&nbsp;está disponible entrando a nuestra&nbsp;<a href="https://blogsaverroes.juntadeandalucia.es/eielcastillo/?page_id=10678">plataforma Moodle,&nbsp;</a> visitando el aula virtual:&nbsp;</p>
<p><img loading="lazy" decoding="async" class="alignnone size-medium wp-image-460" src="https://blogsaverroes.juntadeandalucia.es/elcastilloigualdad/files/2021/10/Imagen_BibliotecaDigital.jpg-300x168.png" alt="" width="300" height="168" srcset="https://blogsaverroes.juntadeandalucia.es/elcastilloigualdad/files/2021/10/Imagen_BibliotecaDigital.jpg-300x168.png 300w, https://blogsaverroes.juntadeandalucia.es/elcastilloigualdad/files/2021/10/Imagen_BibliotecaDigital.jpg-768x429.png 768w, https://blogsaverroes.juntadeandalucia.es/elcastilloigualdad/files/2021/10/Imagen_BibliotecaDigital.jpg.png 877w" sizes="(max-width: 300px) 100vw, 300px" /></p>
<p><a href="https://educacionadistancia.juntadeandalucia.es/centros/jaen/">¡ ENTRA A LA BIBLIOTECA DIGITAL!</a></p>
<p>En este aula virtual de nuestra moodle podrás ver el cuento página a página, encontrarás un enlace que te permite verlo como una presentación.</p>
<p>&nbsp;</p>
<p><span style="color: #800000"><strong>En youtube</strong></span> podemos encontrar diversas narraciones del cuento:</p>
<p><iframe loading="lazy" src="https://www.youtube.com/embed/q0MOCrpid8A" width="640" height="362" frameborder="0"></iframe>&nbsp;</p>
<p>&nbsp;</p>
<p><span style="color: #800000"><strong>La tarjeta</strong> </span>correspondiente a este mes de enero es:</p>
<p><a href="https://blogsaverroes.juntadeandalucia.es/elcastilloigualdad/files/2022/05/TarjetaValores_cuento6_2021-22.pdf"><img loading="lazy" decoding="async" class="alignnone size-medium wp-image-651" src="https://blogsaverroes.juntadeandalucia.es/elcastilloigualdad/files/2022/03/TarjetaValores_cuento6_2021-22-300x211.jpg" alt="" width="300" height="211" srcset="https://blogsaverroes.juntadeandalucia.es/elcastilloigualdad/files/2022/03/TarjetaValores_cuento6_2021-22-300x211.jpg 300w, https://blogsaverroes.juntadeandalucia.es/elcastilloigualdad/files/2022/03/TarjetaValores_cuento6_2021-22-1024x722.jpg 1024w, https://blogsaverroes.juntadeandalucia.es/elcastilloigualdad/files/2022/03/TarjetaValores_cuento6_2021-22-768x541.jpg 768w, https://blogsaverroes.juntadeandalucia.es/elcastilloigualdad/files/2022/03/TarjetaValores_cuento6_2021-22-1536x1083.jpg 1536w, https://blogsaverroes.juntadeandalucia.es/elcastilloigualdad/files/2022/03/TarjetaValores_cuento6_2021-22-2048x1444.jpg 2048w" sizes="(max-width: 300px) 100vw, 300px" /></a></p>
<p>&nbsp;</p>
<p>La grabación del <span style="color: #800000"><strong>cuentacuentos:</strong></span></p>
<p><iframe loading="lazy" src="https://www.youtube.com/embed/wXwxwfdwBXo" width="640" height="362" frameborder="0"></iframe>&nbsp;</p>

<p>Sexto cuento del proyecto «Nueve meses, nueve cuentos», a través del que trabajamos el programa de Valores y Educación Emocional. Daniela Pirata es una historia de Susanna Isern ilustrada por Gómez que edita NubeOcho.&#46;&#46;&#46;</p>
