{"id":509,"date":"2021-10-30T16:00:24","date_gmt":"2021-10-30T14:00:24","guid":{"rendered":"https:\/\/blogsaverroes.juntadeandalucia.es\/elcastilloigualdad\/?page_id=509"},"modified":"2022-10-06T17:05:07","modified_gmt":"2022-10-06T15:05:07","slug":"el-programa-de-valores-y-educacion-emocional-en-octubre-2021","status":"publish","type":"page","link":"https:\/\/blogsaverroes.juntadeandalucia.es\/elcastilloigualdad\/?page_id=509","title":{"rendered":"EL PROGRAMA DE VALORES Y EDUCACI\u00d3N EMOCIONAL EN OCTUBRE 2021"},"content":{"rendered":"<p><strong><img loading=\"lazy\" decoding=\"async\" class=\" wp-image-449 alignleft\" src=\"https:\/\/blogsaverroes.juntadeandalucia.es\/elcastilloigualdad\/files\/2021\/10\/Imagen_cuento1_2021-22-270x300.jpg\" alt=\"\" width=\"239\" height=\"265\" srcset=\"https:\/\/blogsaverroes.juntadeandalucia.es\/elcastilloigualdad\/files\/2021\/10\/Imagen_cuento1_2021-22-270x300.jpg 270w, https:\/\/blogsaverroes.juntadeandalucia.es\/elcastilloigualdad\/files\/2021\/10\/Imagen_cuento1_2021-22-923x1024.jpg 923w, https:\/\/blogsaverroes.juntadeandalucia.es\/elcastilloigualdad\/files\/2021\/10\/Imagen_cuento1_2021-22-768x852.jpg 768w, https:\/\/blogsaverroes.juntadeandalucia.es\/elcastilloigualdad\/files\/2021\/10\/Imagen_cuento1_2021-22-1384x1536.jpg 1384w, https:\/\/blogsaverroes.juntadeandalucia.es\/elcastilloigualdad\/files\/2021\/10\/Imagen_cuento1_2021-22-1846x2048.jpg 1846w\" sizes=\"(max-width: 239px) 100vw, 239px\" \/><span style=\"color: #0000ff\">Primer cuento del proyecto \u00abNueve meses, nueve cuentos\u00bb, a trav\u00e9s del que trabajamos el programa de Valores y Educaci\u00f3n Emocional.<\/span><\/strong><\/p>\n<p style=\"text-align: justify\">Es:<strong>&nbsp;&nbsp;\u00ab<span style=\"color: #ff0000\">A los Unicornios no le gustan los ARCOIRIS<\/span>\u00bb<\/strong>. El unicornio protagonista de esta historia no es como los dem\u00e1s unicornios. A \u00e9l no le gustan los arco\u00edris, ni las flores, ni las cosas brillantes\u0085 \u00c9l prefiere el color negro y los d\u00edas lluviosos. A veces se siente tan diferente que se pregunta si realmente tiene sentido tener amigos que son tan distintos a \u00e9l. La escritora brit\u00e1nica Emma Adams y el ilustrador Mike Byrne nos traen un \u00e1lbum que nos recuerda que cada uno de nosotros es \u00fanico y que no es necesario que seamos iguales, ni siquiera parecidos, para mantener una bonita amistad.<\/p>\n<p style=\"text-align: justify\">A trav\u00e9s de este cuento se trabajar\u00e1 el valor del respeto a la diversidad y las emociones del amor y la amistad.<\/p>\n<p>&nbsp;<\/p>\n<p><span style=\"color: #800000\"><strong>El cuento<\/strong> <\/span>est\u00e1 disponible entrando a nuestra <a href=\"https:\/\/blogsaverroes.juntadeandalucia.es\/eielcastillo\/?page_id=10678\">plataforma Moodle<\/a> y visitando el aula virtual:&nbsp;<\/p>\n<p><img loading=\"lazy\" decoding=\"async\" class=\"alignnone wp-image-460\" src=\"https:\/\/blogsaverroes.juntadeandalucia.es\/elcastilloigualdad\/files\/2021\/10\/Imagen_BibliotecaDigital.jpg-300x168.png\" alt=\"\" width=\"191\" height=\"107\" srcset=\"https:\/\/blogsaverroes.juntadeandalucia.es\/elcastilloigualdad\/files\/2021\/10\/Imagen_BibliotecaDigital.jpg-300x168.png 300w, https:\/\/blogsaverroes.juntadeandalucia.es\/elcastilloigualdad\/files\/2021\/10\/Imagen_BibliotecaDigital.jpg-768x429.png 768w, https:\/\/blogsaverroes.juntadeandalucia.es\/elcastilloigualdad\/files\/2021\/10\/Imagen_BibliotecaDigital.jpg.png 877w\" sizes=\"(max-width: 191px) 100vw, 191px\" \/><\/p>\n<p><span style=\"color: #ff0000\"><a href=\"https:\/\/educacionadistancia.juntadeandalucia.es\/centros\/jaen\/\">\u00a1 ENTRA A LA BIBLIOTECA DIGITAL!<\/a> y accede con el usuario y contrase\u00f1a que llega a trav\u00e9s de la plataforma Pasen.<br \/>\n<\/span><\/p>\n<p>&nbsp;<\/p>\n<p><span style=\"color: #800000\"><strong>La tarjeta<\/strong><\/span> correspondiente a este mes de octubre es:<\/p>\n<p><a href=\"https:\/\/blogsaverroes.juntadeandalucia.es\/elcastilloigualdad\/files\/2022\/05\/TarjetaValores_cuento1_2021-221.pdf\"><img loading=\"lazy\" decoding=\"async\" class=\"alignnone size-medium wp-image-455\" src=\"https:\/\/blogsaverroes.juntadeandalucia.es\/elcastilloigualdad\/files\/2021\/10\/TarjetaValores_cuento1_2021-22-300x212.jpg\" alt=\"\" width=\"300\" height=\"212\" srcset=\"https:\/\/blogsaverroes.juntadeandalucia.es\/elcastilloigualdad\/files\/2021\/10\/TarjetaValores_cuento1_2021-22-300x212.jpg 300w, https:\/\/blogsaverroes.juntadeandalucia.es\/elcastilloigualdad\/files\/2021\/10\/TarjetaValores_cuento1_2021-22-1024x723.jpg 1024w, https:\/\/blogsaverroes.juntadeandalucia.es\/elcastilloigualdad\/files\/2021\/10\/TarjetaValores_cuento1_2021-22-768x542.jpg 768w, https:\/\/blogsaverroes.juntadeandalucia.es\/elcastilloigualdad\/files\/2021\/10\/TarjetaValores_cuento1_2021-22-1536x1084.jpg 1536w, https:\/\/blogsaverroes.juntadeandalucia.es\/elcastilloigualdad\/files\/2021\/10\/TarjetaValores_cuento1_2021-22-2048x1446.jpg 2048w\" sizes=\"(max-width: 300px) 100vw, 300px\" \/><\/a><\/p>\n<p>El video del <span style=\"color: #800000\"><strong>cuentacuentos<\/strong><\/span> es \u00e9ste:<\/p>\n<p><iframe loading=\"lazy\" src=\"https:\/\/www.youtube.com\/embed\/bR12sht9-Zk\" width=\"640\" height=\"362\" frameborder=\"0\"><span style=\"width: 0px;overflow: hidden;line-height: 0\" data-mce-type=\"bookmark\" class=\"mce_SELRES_start\">\ufeff<\/span><\/iframe>&nbsp;<\/p>\n<hr>\n<p style=\"text-align: justify\"><span style=\"color: #ff0000\">Si despu\u00e9s de ver y escuchar el cuentacuentos, hojear el cuento&nbsp;<strong>\u00abA los Unicornios no le gustan los ARCOIRIS\u00bb<\/strong>, y haber trabajado la tarjeta, el alumnado quiere hacer un dibujo o cualquier actividad pl\u00e1stica, NO DUDE EN ENVIARLO, SE LO PUBLICAMOS. Hazlo llegar&nbsp; a trav\u00e9s del correo electr\u00f3nico del cole (23000891.edu@juntadeandalucia.es) o simplemente a trav\u00e9s de un mensaje de whassap al tel\u00e9fono de direcci\u00f3n (administrador de la web) 671567584<\/span><\/p>\n","protected":false},"excerpt":{"rendered":"<p>Primer cuento del proyecto \u00abNueve meses, nueve cuentos\u00bb, a trav\u00e9s del que trabajamos el programa de Valores y Educaci\u00f3n Emocional. Es:&nbsp;&nbsp;\u00abA los Unicornios no le gustan los ARCOIRIS\u00bb. El unicornio protagonista de esta historia&#46;&#46;&#46;<\/p>\n","protected":false},"author":3249,"featured_media":0,"parent":445,"menu_order":1,"comment_status":"closed","ping_status":"closed","template":"","meta":{"ngg_post_thumbnail":0,"footnotes":""},"aioseo_notices":[],"_links":{"self":[{"href":"https:\/\/blogsaverroes.juntadeandalucia.es\/elcastilloigualdad\/index.php?rest_route=\/wp\/v2\/pages\/509"}],"collection":[{"href":"https:\/\/blogsaverroes.juntadeandalucia.es\/elcastilloigualdad\/index.php?rest_route=\/wp\/v2\/pages"}],"about":[{"href":"https:\/\/blogsaverroes.juntadeandalucia.es\/elcastilloigualdad\/index.php?rest_route=\/wp\/v2\/types\/page"}],"author":[{"embeddable":true,"href":"https:\/\/blogsaverroes.juntadeandalucia.es\/elcastilloigualdad\/index.php?rest_route=\/wp\/v2\/users\/3249"}],"replies":[{"embeddable":true,"href":"https:\/\/blogsaverroes.juntadeandalucia.es\/elcastilloigualdad\/index.php?rest_route=%2Fwp%2Fv2%2Fcomments&post=509"}],"version-history":[{"count":14,"href":"https:\/\/blogsaverroes.juntadeandalucia.es\/elcastilloigualdad\/index.php?rest_route=\/wp\/v2\/pages\/509\/revisions"}],"predecessor-version":[{"id":698,"href":"https:\/\/blogsaverroes.juntadeandalucia.es\/elcastilloigualdad\/index.php?rest_route=\/wp\/v2\/pages\/509\/revisions\/698"}],"up":[{"embeddable":true,"href":"https:\/\/blogsaverroes.juntadeandalucia.es\/elcastilloigualdad\/index.php?rest_route=\/wp\/v2\/pages\/445"}],"wp:attachment":[{"href":"https:\/\/blogsaverroes.juntadeandalucia.es\/elcastilloigualdad\/index.php?rest_route=%2Fwp%2Fv2%2Fmedia&parent=509"}],"curies":[{"name":"wp","href":"https:\/\/api.w.org\/{rel}","templated":true}]}}