{"id":705,"date":"2022-10-06T17:20:18","date_gmt":"2022-10-06T15:20:18","guid":{"rendered":"https:\/\/blogsaverroes.juntadeandalucia.es\/elcastilloigualdad\/?page_id=705"},"modified":"2023-05-06T19:59:00","modified_gmt":"2023-05-06T17:59:00","slug":"proyecto-para-el-curso-2022-23","status":"publish","type":"page","link":"https:\/\/blogsaverroes.juntadeandalucia.es\/elcastilloigualdad\/?page_id=705","title":{"rendered":"Proyecto  2022\/23: NUEVES MESES, NUEVE CUENTOS"},"content":{"rendered":"<p style=\"text-align: justify\"><img loading=\"lazy\" decoding=\"async\" class=\"size-medium wp-image-717 alignleft\" src=\"https:\/\/blogsaverroes.juntadeandalucia.es\/elcastilloigualdad\/files\/2022\/10\/Imagen_cartel9meses9cuentos_2022-23-300x142.jpg\" alt=\"\" width=\"300\" height=\"142\" srcset=\"https:\/\/blogsaverroes.juntadeandalucia.es\/elcastilloigualdad\/files\/2022\/10\/Imagen_cartel9meses9cuentos_2022-23-300x142.jpg 300w, https:\/\/blogsaverroes.juntadeandalucia.es\/elcastilloigualdad\/files\/2022\/10\/Imagen_cartel9meses9cuentos_2022-23.jpg 470w\" sizes=\"(max-width: 300px) 100vw, 300px\" \/>Este curso <strong>2022\/23<\/strong> continuamos con el proyecto <span style=\"color: #800000\"><strong>NUEVES MESES, NUEVE CUENTOS.<\/strong><\/span><\/p>\n<p style=\"text-align: justify\">Desde octubre y hasta junio, presentaremos nueve cuentos a trav\u00e9s de los que trabajar una serie de valores y emociones. Los cuentos se presentar\u00e1n en el aula, se dramatizar\u00e1n para todo el alumnado, los ofreceremos a las familias a trav\u00e9s de nuestra web para que puedan visualizarlos.<\/p>\n<p style=\"text-align: justify\">Cada cuento ir\u00e1 acompa\u00f1ado de una tarjeta para trabajar en casa, siguiendo las indicaciones del tutor o tutora.<\/p>\n<p style=\"text-align: justify\">Accede a cada uno de los meses:<\/p>\n<p><a href=\"https:\/\/blogsaverroes.juntadeandalucia.es\/elcastilloigualdad\/?page_id=721\"><img loading=\"lazy\" decoding=\"async\" class=\"alignnone size-full wp-image-704\" src=\"https:\/\/blogsaverroes.juntadeandalucia.es\/elcastilloigualdad\/files\/2022\/10\/Boton_programa-octubre2022.png\" alt=\"\" width=\"334\" height=\"80\" srcset=\"https:\/\/blogsaverroes.juntadeandalucia.es\/elcastilloigualdad\/files\/2022\/10\/Boton_programa-octubre2022.png 334w, https:\/\/blogsaverroes.juntadeandalucia.es\/elcastilloigualdad\/files\/2022\/10\/Boton_programa-octubre2022-300x72.png 300w\" sizes=\"(max-width: 334px) 100vw, 334px\" \/><\/a><a href=\"https:\/\/blogsaverroes.juntadeandalucia.es\/elcastilloigualdad\/?page_id=744\"><img loading=\"lazy\" decoding=\"async\" class=\"alignnone size-full wp-image-741\" src=\"https:\/\/blogsaverroes.juntadeandalucia.es\/elcastilloigualdad\/files\/2022\/10\/Boton_programa-noviembre2022.png\" alt=\"\" width=\"335\" height=\"81\" srcset=\"https:\/\/blogsaverroes.juntadeandalucia.es\/elcastilloigualdad\/files\/2022\/10\/Boton_programa-noviembre2022.png 335w, https:\/\/blogsaverroes.juntadeandalucia.es\/elcastilloigualdad\/files\/2022\/10\/Boton_programa-noviembre2022-300x73.png 300w\" sizes=\"(max-width: 335px) 100vw, 335px\" \/><\/a><a href=\"https:\/\/blogsaverroes.juntadeandalucia.es\/elcastilloigualdad\/?page_id=788\"><img loading=\"lazy\" decoding=\"async\" class=\"alignnone size-full wp-image-790\" src=\"https:\/\/blogsaverroes.juntadeandalucia.es\/elcastilloigualdad\/files\/2022\/12\/Boton_programa-diciembre2022.jpg\" alt=\"\" width=\"335\" height=\"82\" srcset=\"https:\/\/blogsaverroes.juntadeandalucia.es\/elcastilloigualdad\/files\/2022\/12\/Boton_programa-diciembre2022.jpg 335w, https:\/\/blogsaverroes.juntadeandalucia.es\/elcastilloigualdad\/files\/2022\/12\/Boton_programa-diciembre2022-300x73.jpg 300w\" sizes=\"(max-width: 335px) 100vw, 335px\" \/><\/a><a href=\"https:\/\/blogsaverroes.juntadeandalucia.es\/elcastilloigualdad\/?page_id=809\"><img loading=\"lazy\" decoding=\"async\" class=\"alignnone size-full wp-image-808\" src=\"https:\/\/blogsaverroes.juntadeandalucia.es\/elcastilloigualdad\/files\/2023\/01\/Boton_programa-enero2023.jpg\" alt=\"\" width=\"335\" height=\"82\" srcset=\"https:\/\/blogsaverroes.juntadeandalucia.es\/elcastilloigualdad\/files\/2023\/01\/Boton_programa-enero2023.jpg 335w, https:\/\/blogsaverroes.juntadeandalucia.es\/elcastilloigualdad\/files\/2023\/01\/Boton_programa-enero2023-300x73.jpg 300w\" sizes=\"(max-width: 335px) 100vw, 335px\" \/><\/a><a href=\"https:\/\/blogsaverroes.juntadeandalucia.es\/elcastilloigualdad\/?page_id=824\"><img loading=\"lazy\" decoding=\"async\" class=\"alignnone size-full wp-image-823\" src=\"https:\/\/blogsaverroes.juntadeandalucia.es\/elcastilloigualdad\/files\/2023\/02\/Boton_programa-febrero2023.jpg\" alt=\"\" width=\"335\" height=\"82\" srcset=\"https:\/\/blogsaverroes.juntadeandalucia.es\/elcastilloigualdad\/files\/2023\/02\/Boton_programa-febrero2023.jpg 335w, https:\/\/blogsaverroes.juntadeandalucia.es\/elcastilloigualdad\/files\/2023\/02\/Boton_programa-febrero2023-300x73.jpg 300w\" sizes=\"(max-width: 335px) 100vw, 335px\" \/><\/a><a href=\"https:\/\/blogsaverroes.juntadeandalucia.es\/elcastilloigualdad\/?page_id=840\"><img loading=\"lazy\" decoding=\"async\" class=\"alignnone size-full wp-image-839\" src=\"https:\/\/blogsaverroes.juntadeandalucia.es\/elcastilloigualdad\/files\/2023\/03\/Boton_programa-marzo2023.png\" alt=\"\" width=\"335\" height=\"82\" srcset=\"https:\/\/blogsaverroes.juntadeandalucia.es\/elcastilloigualdad\/files\/2023\/03\/Boton_programa-marzo2023.png 335w, https:\/\/blogsaverroes.juntadeandalucia.es\/elcastilloigualdad\/files\/2023\/03\/Boton_programa-marzo2023-300x73.png 300w\" sizes=\"(max-width: 335px) 100vw, 335px\" \/><\/a><a href=\"https:\/\/blogsaverroes.juntadeandalucia.es\/elcastilloigualdad\/?page_id=857\"><img loading=\"lazy\" decoding=\"async\" class=\"alignnone size-full wp-image-856\" src=\"https:\/\/blogsaverroes.juntadeandalucia.es\/elcastilloigualdad\/files\/2023\/04\/Boton_programa-abril2023.jpg\" alt=\"\" width=\"335\" height=\"81\" srcset=\"https:\/\/blogsaverroes.juntadeandalucia.es\/elcastilloigualdad\/files\/2023\/04\/Boton_programa-abril2023.jpg 335w, https:\/\/blogsaverroes.juntadeandalucia.es\/elcastilloigualdad\/files\/2023\/04\/Boton_programa-abril2023-300x73.jpg 300w\" sizes=\"(max-width: 335px) 100vw, 335px\" \/><\/a><a href=\"https:\/\/blogsaverroes.juntadeandalucia.es\/elcastilloigualdad\/?page_id=892\"><img loading=\"lazy\" decoding=\"async\" class=\"alignnone size-full wp-image-891\" src=\"https:\/\/blogsaverroes.juntadeandalucia.es\/elcastilloigualdad\/files\/2023\/05\/Boton_programa-mayo2023.jpg\" alt=\"\" width=\"335\" height=\"82\" srcset=\"https:\/\/blogsaverroes.juntadeandalucia.es\/elcastilloigualdad\/files\/2023\/05\/Boton_programa-mayo2023.jpg 335w, https:\/\/blogsaverroes.juntadeandalucia.es\/elcastilloigualdad\/files\/2023\/05\/Boton_programa-mayo2023-300x73.jpg 300w\" sizes=\"(max-width: 335px) 100vw, 335px\" \/><\/a><\/p>\n<p><span style=\"color: #008000\">(Tambi\u00e9n lo podr\u00e1s hacer en cada p\u00e1gina de este blog, mira la columna que hay a la derecha)<\/span><\/p>\n<p style=\"text-align: justify\">Si despu\u00e9s de ver y escuchar el cuentacuentos y haber trabajado la tarjeta, el alumnado quiere hacer un dibujo o cualquier actividad pl\u00e1stica, NO DUDE EN ENVIARLO, SE LO PUBLICAMOS. P\u00e1sanoslo a trav\u00e9s del correo electr\u00f3nico del cole (23000891.edu@juntadeandalucia.es) o simplemente a trav\u00e9s de un mensaje de whassap al tel\u00e9fono de direcci\u00f3n (administrador de la web) 671567584<\/p>\n","protected":false},"excerpt":{"rendered":"<p>Este curso 2022\/23 continuamos con el proyecto NUEVES MESES, NUEVE CUENTOS. Desde octubre y hasta junio, presentaremos nueve cuentos a trav\u00e9s de los que trabajar una serie de valores y emociones. Los cuentos se&#46;&#46;&#46;<\/p>\n","protected":false},"author":3249,"featured_media":0,"parent":707,"menu_order":2,"comment_status":"closed","ping_status":"closed","template":"","meta":{"ngg_post_thumbnail":0,"footnotes":""},"aioseo_notices":[],"_links":{"self":[{"href":"https:\/\/blogsaverroes.juntadeandalucia.es\/elcastilloigualdad\/index.php?rest_route=\/wp\/v2\/pages\/705"}],"collection":[{"href":"https:\/\/blogsaverroes.juntadeandalucia.es\/elcastilloigualdad\/index.php?rest_route=\/wp\/v2\/pages"}],"about":[{"href":"https:\/\/blogsaverroes.juntadeandalucia.es\/elcastilloigualdad\/index.php?rest_route=\/wp\/v2\/types\/page"}],"author":[{"embeddable":true,"href":"https:\/\/blogsaverroes.juntadeandalucia.es\/elcastilloigualdad\/index.php?rest_route=\/wp\/v2\/users\/3249"}],"replies":[{"embeddable":true,"href":"https:\/\/blogsaverroes.juntadeandalucia.es\/elcastilloigualdad\/index.php?rest_route=%2Fwp%2Fv2%2Fcomments&post=705"}],"version-history":[{"count":8,"href":"https:\/\/blogsaverroes.juntadeandalucia.es\/elcastilloigualdad\/index.php?rest_route=\/wp\/v2\/pages\/705\/revisions"}],"predecessor-version":[{"id":899,"href":"https:\/\/blogsaverroes.juntadeandalucia.es\/elcastilloigualdad\/index.php?rest_route=\/wp\/v2\/pages\/705\/revisions\/899"}],"up":[{"embeddable":true,"href":"https:\/\/blogsaverroes.juntadeandalucia.es\/elcastilloigualdad\/index.php?rest_route=\/wp\/v2\/pages\/707"}],"wp:attachment":[{"href":"https:\/\/blogsaverroes.juntadeandalucia.es\/elcastilloigualdad\/index.php?rest_route=%2Fwp%2Fv2%2Fmedia&parent=705"}],"curies":[{"name":"wp","href":"https:\/\/api.w.org\/{rel}","templated":true}]}}