{"id":840,"date":"2023-03-02T15:06:42","date_gmt":"2023-03-02T14:06:42","guid":{"rendered":"https:\/\/blogsaverroes.juntadeandalucia.es\/elcastilloigualdad\/?page_id=840"},"modified":"2023-03-16T14:46:29","modified_gmt":"2023-03-16T13:46:29","slug":"el-programa-de-valores-y-educacion-emocional-en-marzo-2023","status":"publish","type":"page","link":"https:\/\/blogsaverroes.juntadeandalucia.es\/elcastilloigualdad\/?page_id=840","title":{"rendered":"EL PROGRAMA DE VALORES Y EDUCACI\u00d3N EMOCIONAL EN MARZO 2023"},"content":{"rendered":"<p><strong><a href=\"https:\/\/view.genial.ly\/607dc48de7db140d9c5ee8bf\/presentation-daniela-pirata\"><img loading=\"lazy\" decoding=\"async\" class=\"wp-image-624 alignleft\" src=\"https:\/\/blogsaverroes.juntadeandalucia.es\/elcastilloigualdad\/files\/2022\/03\/Imagen_DanielaPirata.jpg\" alt=\"\" width=\"197\" height=\"173\" srcset=\"https:\/\/blogsaverroes.juntadeandalucia.es\/elcastilloigualdad\/files\/2022\/03\/Imagen_DanielaPirata.jpg 2220w, https:\/\/blogsaverroes.juntadeandalucia.es\/elcastilloigualdad\/files\/2022\/03\/Imagen_DanielaPirata-300x263.jpg 300w, https:\/\/blogsaverroes.juntadeandalucia.es\/elcastilloigualdad\/files\/2022\/03\/Imagen_DanielaPirata-1024x899.jpg 1024w, https:\/\/blogsaverroes.juntadeandalucia.es\/elcastilloigualdad\/files\/2022\/03\/Imagen_DanielaPirata-768x674.jpg 768w, https:\/\/blogsaverroes.juntadeandalucia.es\/elcastilloigualdad\/files\/2022\/03\/Imagen_DanielaPirata-1536x1348.jpg 1536w, https:\/\/blogsaverroes.juntadeandalucia.es\/elcastilloigualdad\/files\/2022\/03\/Imagen_DanielaPirata-2048x1798.jpg 2048w\" sizes=\"(max-width: 197px) 100vw, 197px\" \/><\/a>Para este mes de marzo, el cuento que utilizamos para trabajar el programa de Valores y Educaci\u00f3n Emocional es:<br \/>\n<\/strong><\/p>\n<h3><span style=\"color: #800000\">\u00abDANIELA PIRATA\u00bb<\/span><\/h3>\n<p>El cuento est\u00e1 disponible en nuestra biblioteca del centro.<\/p>\n<p>En nuestra plataforma Moodle Centros lo tienes digitalizado, visita el aula virtual: \u00abBIBLIOTECA DIGITAL\u00bb.<\/p>\n<p style=\"text-align: justify\">&nbsp;<\/p>\n<p style=\"text-align: justify\"><em><strong>Daniela Pirata&nbsp;<\/strong><\/em>es una historia de Susanna Isern ilustrada por G\u00f3mez que edita NubeOcho.<\/p>\n<p style=\"text-align: justify\">Una historia para empoderar a las mujeres y plantear desde bien peque\u00f1os el tema de la igualdad y los estereotipos de g\u00e9nero.<\/p>\n<p style=\"text-align: justify\">Daniela es una ni\u00f1a muy valiente, tremendamente atrevida y lo m\u00e1s importante, segura de si misma.<\/p>\n<p style=\"text-align: justify\">Daniela va en su velero pero lo tiene claro, quiere ser pirata en el Caim\u00e1n Negro, sin embargo, Oreja Cortada no est\u00e1 nada por la labor de dejarla subir a bordo.<\/p>\n<p style=\"text-align: justify\">En los mares todos temen a Caim\u00e1n Negro, todos excepto Daniela, esta ni\u00f1a lo tiene claro, clar\u00edsimo, quiere ser pirata en el m\u00e1s temido de los buques piratas, en el Caim\u00e1n Negro.<\/p>\n<p style=\"text-align: justify\">Todos los barcos evitan cruzarse con \u00e9l pero Daniela va en su busca y cuando lo encuentra se pone a disposici\u00f3n de su Capit\u00e1n.<\/p>\n<p style=\"text-align: justify\">Oreja Cortada se mofa de que quiera ser pirata y le pone diferentes pruebas, a cual de todas m\u00e1s complicadas. Ante los ojos at\u00f3nitos del capit\u00e1n, Daniela va super\u00e1ndolas todas pero este pirata tiene un as en la manga, un recurso sucio y ruin, que Daniela tendr\u00e1 que superar y que seguro que indigna a m\u00e1s de un ni\u00f1o y ni\u00f1a.<\/p>\n<p style=\"text-align: justify\">&nbsp;En este \u00e1lbum se pone de manifiesto algo muy presente en nuestro d\u00eda a d\u00eda, la diferenciaci\u00f3n por sexos, las cosas que supuestamente han de hacer chicos y las que han de hacer ni\u00f1as.<\/p>\n<p style=\"text-align: justify\">Adem\u00e1s las pruebas de Oreja Cortada tambi\u00e9n son un claro reflejo de los estereotipos de g\u00e9nero, los piratas son hombres y deben ser fuertes, r\u00e1pidos, cocinar mal, etc. Las mujeres no pueden hacer esto, as\u00ed que, \u00bfc\u00f3mo iba a poder Daniela?<\/p>\n<p style=\"text-align: justify\">Partiendo de esta premisa ya os pod\u00e9is imaginar, Daniela es una ni\u00f1a que quiere ser pirata pero se tropieza con la insensatez adulta.<\/p>\n<p style=\"text-align: justify\">Podemos generar un debate en torno a los juegos, los roles de mujeres y hombres en el d\u00eda a d\u00eda.<\/p>\n<p style=\"text-align: justify\">Un \u00e1lbum para decir: \u201cs\u00ed podemos\u201d. Al igual que un chico puede hacer lo que \u00e9l quiera, jugar con una mu\u00f1eca o con un barco pirata. Un \u00e1lbum que a los ni\u00f1os les encantar\u00e1 y que adem\u00e1s percibir\u00e1n r\u00e1pidamente la injusticia de Oreja Cortada.<\/p>\n<p style=\"text-align: justify\"><strong>\u00a1 Un cuento bonito, que vale la pena tener en tu biblioteca !,<\/strong>&nbsp;en cualquier caso lo tienes en la biblioteca del centro.<\/p>\n<h3><strong><a href=\"https:\/\/view.genial.ly\/607dc48de7db140d9c5ee8bf\/presentation-daniela-pirata\">&nbsp;Ver el cuento a trav\u00e9s de este genial.ly<\/a><br \/>\n<\/strong><\/h3>\n<p>&nbsp;<\/p>\n<p><strong><span style=\"color: #800000\">La tarjeta correspondiente a este mes de marzo es<\/span>: <\/strong>(clic para verla a mayor tama\u00f1o)<strong><br \/>\n<\/strong><\/p>\n<p><img loading=\"lazy\" decoding=\"async\" class=\"alignnone wp-image-848 size-large\" src=\"https:\/\/blogsaverroes.juntadeandalucia.es\/elcastilloigualdad\/files\/2023\/03\/Imagen_TarjetaValores_cuento-marzo_2022-23-1024x729.jpg\" alt=\"\" width=\"973\" height=\"693\" srcset=\"https:\/\/blogsaverroes.juntadeandalucia.es\/elcastilloigualdad\/files\/2023\/03\/Imagen_TarjetaValores_cuento-marzo_2022-23-1024x729.jpg 1024w, https:\/\/blogsaverroes.juntadeandalucia.es\/elcastilloigualdad\/files\/2023\/03\/Imagen_TarjetaValores_cuento-marzo_2022-23-300x214.jpg 300w, https:\/\/blogsaverroes.juntadeandalucia.es\/elcastilloigualdad\/files\/2023\/03\/Imagen_TarjetaValores_cuento-marzo_2022-23-768x547.jpg 768w, https:\/\/blogsaverroes.juntadeandalucia.es\/elcastilloigualdad\/files\/2023\/03\/Imagen_TarjetaValores_cuento-marzo_2022-23.jpg 1174w\" sizes=\"(max-width: 973px) 100vw, 973px\" \/><\/p>\n<p style=\"text-align: center\"><a href=\"https:\/\/blogsaverroes.juntadeandalucia.es\/elcastilloigualdad\/files\/2023\/03\/TarjetaValores_cuento-marzo_2022-23.pdf\">(puedes descargarla en pdf aqu\u00ed)<\/a><\/p>\n<p><span style=\"color: #800000\"><strong>Video internet:<\/strong><\/span><\/p>\n<p>En youtube hemos encontrado varios videos del cuento, te dejamos uno de ellos<\/p>\n<p>&nbsp;<iframe loading=\"lazy\" src=\"https:\/\/www.youtube.com\/embed\/q0MOCrpid8A\" width=\"640\" height=\"362\" frameborder=\"0\"><\/iframe><\/p>\n<p>&nbsp;<\/p>\n<p><strong><span style=\"color: #800000\">El video de la actuaci\u00f3n:<\/span><br \/>\n<\/strong><\/p>\n<p style=\"text-align: center\"><iframe loading=\"lazy\" src=\"https:\/\/www.youtube.com\/embed\/2Dlh7ibvwuU\" width=\"640\" height=\"363\" frameborder=\"0\"><\/iframe>&nbsp;<\/p>\n<p>&nbsp;<\/p>\n<p><span style=\"color: #800000\"><strong>M\u00e1s im\u00e1genes<\/strong><\/span>&nbsp;en la web del centro,<a href=\"https:\/\/blogsaverroes.juntadeandalucia.es\/eielcastillo\/?p=15333\">&nbsp;<\/a><strong><a href=\"https:\/\/blogsaverroes.juntadeandalucia.es\/eielcastillo\/?p=15333\">AQUI ACCEDES A ELLAS<\/a><br \/>\n<\/strong><\/p>\n<p><strong>&nbsp;<\/strong><\/p>\n<p>&nbsp;<\/p>\n<hr>\n<p><span style=\"color: #008080\">Si despu\u00e9s de ver y escuchar la actuaci\u00f3n, y haber trabajado la tarjeta, el alumnado quiere hacer un dibujo o cualquier actividad pl\u00e1stica, NO DUDE EN ENVIARLO, SE LO PUBLICAMOS. Hazlo llegar&nbsp; a trav\u00e9s del correo electr\u00f3nico del cole (23000891.edu@juntadeandalucia.es) o simplemente a trav\u00e9s de un mensaje de whassap al tel\u00e9fono de direcci\u00f3n (administrador de la web) 671567584. En todo caso, lo puedes dejar en clase.<\/span><\/p>\n","protected":false},"excerpt":{"rendered":"<p>Para este mes de marzo, el cuento que utilizamos para trabajar el programa de Valores y Educaci\u00f3n Emocional es: \u00abDANIELA PIRATA\u00bb El cuento est\u00e1 disponible en nuestra biblioteca del centro. En nuestra plataforma Moodle&#46;&#46;&#46;<\/p>\n","protected":false},"author":3249,"featured_media":0,"parent":705,"menu_order":6,"comment_status":"closed","ping_status":"closed","template":"","meta":{"ngg_post_thumbnail":0,"footnotes":""},"aioseo_notices":[],"_links":{"self":[{"href":"https:\/\/blogsaverroes.juntadeandalucia.es\/elcastilloigualdad\/index.php?rest_route=\/wp\/v2\/pages\/840"}],"collection":[{"href":"https:\/\/blogsaverroes.juntadeandalucia.es\/elcastilloigualdad\/index.php?rest_route=\/wp\/v2\/pages"}],"about":[{"href":"https:\/\/blogsaverroes.juntadeandalucia.es\/elcastilloigualdad\/index.php?rest_route=\/wp\/v2\/types\/page"}],"author":[{"embeddable":true,"href":"https:\/\/blogsaverroes.juntadeandalucia.es\/elcastilloigualdad\/index.php?rest_route=\/wp\/v2\/users\/3249"}],"replies":[{"embeddable":true,"href":"https:\/\/blogsaverroes.juntadeandalucia.es\/elcastilloigualdad\/index.php?rest_route=%2Fwp%2Fv2%2Fcomments&post=840"}],"version-history":[{"count":10,"href":"https:\/\/blogsaverroes.juntadeandalucia.es\/elcastilloigualdad\/index.php?rest_route=\/wp\/v2\/pages\/840\/revisions"}],"predecessor-version":[{"id":854,"href":"https:\/\/blogsaverroes.juntadeandalucia.es\/elcastilloigualdad\/index.php?rest_route=\/wp\/v2\/pages\/840\/revisions\/854"}],"up":[{"embeddable":true,"href":"https:\/\/blogsaverroes.juntadeandalucia.es\/elcastilloigualdad\/index.php?rest_route=\/wp\/v2\/pages\/705"}],"wp:attachment":[{"href":"https:\/\/blogsaverroes.juntadeandalucia.es\/elcastilloigualdad\/index.php?rest_route=%2Fwp%2Fv2%2Fmedia&parent=840"}],"curies":[{"name":"wp","href":"https:\/\/api.w.org\/{rel}","templated":true}]}}