{"id":103,"date":"2019-05-19T15:03:15","date_gmt":"2019-05-19T15:03:15","guid":{"rendered":"https:\/\/blogsaverroes.juntadeandalucia.es\/elcastillorecursos\/?page_id=103"},"modified":"2020-02-05T21:30:25","modified_gmt":"2020-02-05T21:30:25","slug":"forma-frases_imprimir","status":"publish","type":"page","link":"https:\/\/blogsaverroes.juntadeandalucia.es\/elcastillorecursos\/?page_id=103","title":{"rendered":"Forma frases_imprimir"},"content":{"rendered":"<p>En esta p\u00e1gina encontrar\u00e1s, preparadas para imprimir, actividades que hemos elaborado para trabajar en el aula o en casa, son actividades de ampliaci\u00f3n, adecuadas para el primer curso de primaria pero que iremos practicando poco a poco, desde ahora mismo, en el \u00faltimo curso de Educaci\u00f3n Infantil.<\/p>\n<ul>\n<li>\n<h5><a href=\"https:\/\/blogsaverroes.juntadeandalucia.es\/elcastillorecursos\/files\/2019\/05\/Formafrases_01.pdf\">Forma una frase a partir de las palabras que te presentamos. Ficha 1<\/a><\/h5>\n<\/li>\n<li>\n<h5><a href=\"https:\/\/blogsaverroes.juntadeandalucia.es\/elcastillorecursos\/files\/2019\/05\/Formafrases_02.pdf\">Forma una frase a partir de las palabras que te presentamos. Ficha 2<\/a><\/h5>\n<\/li>\n<li>\n<h5><a href=\"https:\/\/blogsaverroes.juntadeandalucia.es\/elcastillorecursos\/files\/2019\/05\/Formafrases_03.pdf\">Forma una frase a partir de las palabras que te presentamos. Ficha 3<\/a><\/h5>\n<\/li>\n<li>\n<h5><a href=\"https:\/\/blogsaverroes.juntadeandalucia.es\/elcastillorecursos\/files\/2019\/05\/Formafrases_04.pdf\">Forma una frase a partir de las palabras que te presentamos. Ficha 4<\/a><\/h5>\n<\/li>\n<li>\n<h5><a href=\"https:\/\/blogsaverroes.juntadeandalucia.es\/elcastillorecursos\/files\/2019\/05\/Formafrases_05.pdf\">Forma una frase a partir de las palabras que te presentamos. Ficha 5<\/a><\/h5>\n<\/li>\n<li>\n<h5><a href=\"https:\/\/blogsaverroes.juntadeandalucia.es\/elcastillorecursos\/files\/2019\/05\/Formafrases_06.pdf\">Forma una frase a partir de las palabras que te presentamos. Ficha 6<\/a><\/h5>\n<\/li>\n<li>\n<h5><a href=\"https:\/\/blogsaverroes.juntadeandalucia.es\/elcastillorecursos\/files\/2019\/05\/Formafrases_07.pdf\">Forma una frase a partir de las palabras que te presentamos. Ficha 7<\/a><\/h5>\n<\/li>\n<li>\n<h5><a href=\"https:\/\/blogsaverroes.juntadeandalucia.es\/elcastillorecursos\/files\/2019\/05\/Formafrases_08.pdf\">Forma una frase a partir de las palabras que te presentamos. Ficha 8<\/a><\/h5>\n<\/li>\n<li>\n<h5><a href=\"https:\/\/blogsaverroes.juntadeandalucia.es\/elcastillorecursos\/files\/2019\/05\/Formafrases_09.pdf\">Forma una frase a partir de las palabras que te presentamos. Ficha 9<\/a><\/h5>\n<\/li>\n<li>\n<h5><a href=\"https:\/\/blogsaverroes.juntadeandalucia.es\/elcastillorecursos\/files\/2019\/05\/Formafrases_10.pdf\">Forma una frase a partir de las palabras que te presentamos. Ficha 10<\/a><\/h5>\n<\/li>\n<\/ul>\n","protected":false},"excerpt":{"rendered":"<p>En esta p\u00e1gina encontrar\u00e1s, preparadas para imprimir, actividades que hemos elaborado para trabajar en el aula o en casa, son actividades de ampliaci\u00f3n, adecuadas para el primer curso de primaria pero que iremos practicando&#46;&#46;&#46;<\/p>\n","protected":false},"author":3249,"featured_media":0,"parent":428,"menu_order":3,"comment_status":"closed","ping_status":"closed","template":"","meta":{"ngg_post_thumbnail":0,"footnotes":""},"aioseo_notices":[],"_links":{"self":[{"href":"https:\/\/blogsaverroes.juntadeandalucia.es\/elcastillorecursos\/index.php?rest_route=\/wp\/v2\/pages\/103"}],"collection":[{"href":"https:\/\/blogsaverroes.juntadeandalucia.es\/elcastillorecursos\/index.php?rest_route=\/wp\/v2\/pages"}],"about":[{"href":"https:\/\/blogsaverroes.juntadeandalucia.es\/elcastillorecursos\/index.php?rest_route=\/wp\/v2\/types\/page"}],"author":[{"embeddable":true,"href":"https:\/\/blogsaverroes.juntadeandalucia.es\/elcastillorecursos\/index.php?rest_route=\/wp\/v2\/users\/3249"}],"replies":[{"embeddable":true,"href":"https:\/\/blogsaverroes.juntadeandalucia.es\/elcastillorecursos\/index.php?rest_route=%2Fwp%2Fv2%2Fcomments&post=103"}],"version-history":[{"count":3,"href":"https:\/\/blogsaverroes.juntadeandalucia.es\/elcastillorecursos\/index.php?rest_route=\/wp\/v2\/pages\/103\/revisions"}],"predecessor-version":[{"id":106,"href":"https:\/\/blogsaverroes.juntadeandalucia.es\/elcastillorecursos\/index.php?rest_route=\/wp\/v2\/pages\/103\/revisions\/106"}],"up":[{"embeddable":true,"href":"https:\/\/blogsaverroes.juntadeandalucia.es\/elcastillorecursos\/index.php?rest_route=\/wp\/v2\/pages\/428"}],"wp:attachment":[{"href":"https:\/\/blogsaverroes.juntadeandalucia.es\/elcastillorecursos\/index.php?rest_route=%2Fwp%2Fv2%2Fmedia&parent=103"}],"curies":[{"name":"wp","href":"https:\/\/api.w.org\/{rel}","templated":true}]}}