{"id":556,"date":"2022-12-06T10:10:53","date_gmt":"2022-12-06T09:10:53","guid":{"rendered":"https:\/\/blogsaverroes.juntadeandalucia.es\/electronicamartinaldehuela\/?page_id=556"},"modified":"2022-12-06T14:21:23","modified_gmt":"2022-12-06T13:21:23","slug":"make-my-future-multiplier-event-02-dic-2022","status":"publish","type":"page","link":"https:\/\/blogsaverroes.juntadeandalucia.es\/electronicamartinaldehuela\/make-my-future-multiplier-event-02-dic-2022\/","title":{"rendered":"Make My Future, Multiplier Event &#8211; 02 DIC 2022"},"content":{"rendered":"<table style=\"border-collapse: collapse;width: 100%\">\n<tbody>\n<tr>\n<td style=\"width: 33.3333%\">&nbsp;<\/td>\n<td style=\"width: 33.3333%\">&nbsp;<\/td>\n<td style=\"width: 33.3333%\">&nbsp;<\/td>\n<\/tr>\n<\/tbody>\n<\/table>\n<p style=\"text-align: center\"><img loading=\"lazy\" decoding=\"async\" class=\"alignnone wp-image-542\" src=\"https:\/\/blogsaverroes.juntadeandalucia.es\/electronicamartinaldehuela\/files\/2022\/11\/Mobile_Week_Malaga_3-300x143.jpg\" alt=\"\" width=\"459\" height=\"219\" srcset=\"https:\/\/blogsaverroes.juntadeandalucia.es\/electronicamartinaldehuela\/files\/2022\/11\/Mobile_Week_Malaga_3-300x143.jpg 300w, https:\/\/blogsaverroes.juntadeandalucia.es\/electronicamartinaldehuela\/files\/2022\/11\/Mobile_Week_Malaga_3-1024x490.jpg 1024w, https:\/\/blogsaverroes.juntadeandalucia.es\/electronicamartinaldehuela\/files\/2022\/11\/Mobile_Week_Malaga_3-768x367.jpg 768w, https:\/\/blogsaverroes.juntadeandalucia.es\/electronicamartinaldehuela\/files\/2022\/11\/Mobile_Week_Malaga_3.jpg 1033w\" sizes=\"(max-width: 459px) 100vw, 459px\" \/><\/p>\n<p>&nbsp;<\/p>\n<p style=\"text-align: center\"><span style=\"color: #ff0000;font-size: 36pt\"><strong>MAKE MY FUTURE, MULTIPLIER EVENT<\/strong><\/span><\/p>\n<p>&nbsp;<\/p>\n<p><strong><span style=\"font-size: 18pt\">Dentro de la Mobile Week M\u00e1laga 2022, el PTA S.A. y el IES Mart\u00edn de Aldehuela, han organizado una<\/span><span style=\"font-size: 18pt\"> jornada para promoci\u00f3n del proyecto europeo Make My Future, en el que colaboran.<\/span><\/strong><\/p>\n<p><span style=\"font-size: 18pt\"><strong>Tras la inauguraci\u00f3n de la jornada, por parte del jefe de Dpto. de Electr\u00f3nica, Javier Delgado:<\/strong> <\/span><\/p>\n<p><img loading=\"lazy\" decoding=\"async\" class=\"size-medium wp-image-557 aligncenter\" src=\"https:\/\/blogsaverroes.juntadeandalucia.es\/electronicamartinaldehuela\/files\/2022\/12\/Jornada_02DIC22_4-300x225.jpeg\" alt=\"\" width=\"300\" height=\"225\" srcset=\"https:\/\/blogsaverroes.juntadeandalucia.es\/electronicamartinaldehuela\/files\/2022\/12\/Jornada_02DIC22_4-300x225.jpeg 300w, https:\/\/blogsaverroes.juntadeandalucia.es\/electronicamartinaldehuela\/files\/2022\/12\/Jornada_02DIC22_4-768x576.jpeg 768w, https:\/\/blogsaverroes.juntadeandalucia.es\/electronicamartinaldehuela\/files\/2022\/12\/Jornada_02DIC22_4.jpeg 1024w\" sizes=\"(max-width: 300px) 100vw, 300px\" \/><\/p>\n<p style=\"text-align: center\"><strong>Inauguraci\u00f3n<\/strong><\/p>\n<p><strong><span style=\"font-size: 18pt\">los asistentes nos trasladamos a los talleres donde alumnos y profesores, de los ciclos que se imparten, muestran las pr\u00e1cticas que se llevan a cabo a diario<\/span>.<\/strong><\/p>\n<table style=\"border-collapse: collapse;width: 100%;height: 300px\">\n<tbody>\n<tr style=\"height: 300px\">\n<td style=\"width: 33.3333%;height: 300px\"><img loading=\"lazy\" decoding=\"async\" class=\"size-medium wp-image-558 aligncenter\" src=\"https:\/\/blogsaverroes.juntadeandalucia.es\/electronicamartinaldehuela\/files\/2022\/12\/Jornada_02DIC22_5-300x225.jpeg\" alt=\"\" width=\"300\" height=\"225\" srcset=\"https:\/\/blogsaverroes.juntadeandalucia.es\/electronicamartinaldehuela\/files\/2022\/12\/Jornada_02DIC22_5-300x225.jpeg 300w, https:\/\/blogsaverroes.juntadeandalucia.es\/electronicamartinaldehuela\/files\/2022\/12\/Jornada_02DIC22_5-768x576.jpeg 768w, https:\/\/blogsaverroes.juntadeandalucia.es\/electronicamartinaldehuela\/files\/2022\/12\/Jornada_02DIC22_5.jpeg 1024w\" sizes=\"(max-width: 300px) 100vw, 300px\" \/><\/td>\n<td style=\"width: 33.3333%;height: 300px\"><img loading=\"lazy\" decoding=\"async\" class=\"size-medium wp-image-559 aligncenter\" src=\"https:\/\/blogsaverroes.juntadeandalucia.es\/electronicamartinaldehuela\/files\/2022\/12\/Jornada_02DIC22_7-300x225.jpeg\" alt=\"\" width=\"300\" height=\"225\" srcset=\"https:\/\/blogsaverroes.juntadeandalucia.es\/electronicamartinaldehuela\/files\/2022\/12\/Jornada_02DIC22_7-300x225.jpeg 300w, https:\/\/blogsaverroes.juntadeandalucia.es\/electronicamartinaldehuela\/files\/2022\/12\/Jornada_02DIC22_7-768x576.jpeg 768w, https:\/\/blogsaverroes.juntadeandalucia.es\/electronicamartinaldehuela\/files\/2022\/12\/Jornada_02DIC22_7.jpeg 1024w\" sizes=\"(max-width: 300px) 100vw, 300px\" \/><\/td>\n<td style=\"width: 33.3333%;height: 300px\"><img loading=\"lazy\" decoding=\"async\" class=\"size-medium wp-image-560 aligncenter\" src=\"https:\/\/blogsaverroes.juntadeandalucia.es\/electronicamartinaldehuela\/files\/2022\/12\/Jornada_02DIC22_9-225x300.jpeg\" alt=\"\" width=\"225\" height=\"300\" srcset=\"https:\/\/blogsaverroes.juntadeandalucia.es\/electronicamartinaldehuela\/files\/2022\/12\/Jornada_02DIC22_9-225x300.jpeg 225w, https:\/\/blogsaverroes.juntadeandalucia.es\/electronicamartinaldehuela\/files\/2022\/12\/Jornada_02DIC22_9.jpeg 768w\" sizes=\"(max-width: 225px) 100vw, 225px\" \/><\/td>\n<\/tr>\n<\/tbody>\n<\/table>\n<table style=\"border-collapse: collapse;width: 100%\">\n<tbody>\n<tr>\n<td style=\"width: 33.3333%\"><img loading=\"lazy\" decoding=\"async\" class=\"size-medium wp-image-561 aligncenter\" src=\"https:\/\/blogsaverroes.juntadeandalucia.es\/electronicamartinaldehuela\/files\/2022\/12\/Jornada_02DIC22_11-300x225.jpeg\" alt=\"\" width=\"300\" height=\"225\" srcset=\"https:\/\/blogsaverroes.juntadeandalucia.es\/electronicamartinaldehuela\/files\/2022\/12\/Jornada_02DIC22_11-300x225.jpeg 300w, https:\/\/blogsaverroes.juntadeandalucia.es\/electronicamartinaldehuela\/files\/2022\/12\/Jornada_02DIC22_11-768x576.jpeg 768w, https:\/\/blogsaverroes.juntadeandalucia.es\/electronicamartinaldehuela\/files\/2022\/12\/Jornada_02DIC22_11.jpeg 1024w\" sizes=\"(max-width: 300px) 100vw, 300px\" \/><\/td>\n<td style=\"width: 33.3333%\"><img loading=\"lazy\" decoding=\"async\" class=\"size-medium wp-image-562 aligncenter\" src=\"https:\/\/blogsaverroes.juntadeandalucia.es\/electronicamartinaldehuela\/files\/2022\/12\/Jornada_02DIC22_13-300x225.jpeg\" alt=\"\" width=\"300\" height=\"225\" srcset=\"https:\/\/blogsaverroes.juntadeandalucia.es\/electronicamartinaldehuela\/files\/2022\/12\/Jornada_02DIC22_13-300x225.jpeg 300w, https:\/\/blogsaverroes.juntadeandalucia.es\/electronicamartinaldehuela\/files\/2022\/12\/Jornada_02DIC22_13-768x576.jpeg 768w, https:\/\/blogsaverroes.juntadeandalucia.es\/electronicamartinaldehuela\/files\/2022\/12\/Jornada_02DIC22_13.jpeg 1024w\" sizes=\"(max-width: 300px) 100vw, 300px\" \/><\/td>\n<td style=\"width: 33.3333%\"><img loading=\"lazy\" decoding=\"async\" class=\"size-medium wp-image-563 aligncenter\" src=\"https:\/\/blogsaverroes.juntadeandalucia.es\/electronicamartinaldehuela\/files\/2022\/12\/Jornada_02DIC22_14-225x300.jpeg\" alt=\"\" width=\"225\" height=\"300\" srcset=\"https:\/\/blogsaverroes.juntadeandalucia.es\/electronicamartinaldehuela\/files\/2022\/12\/Jornada_02DIC22_14-225x300.jpeg 225w, https:\/\/blogsaverroes.juntadeandalucia.es\/electronicamartinaldehuela\/files\/2022\/12\/Jornada_02DIC22_14.jpeg 768w\" sizes=\"(max-width: 225px) 100vw, 225px\" \/><\/td>\n<\/tr>\n<\/tbody>\n<\/table>\n<table style=\"border-collapse: collapse;width: 100%\">\n<tbody>\n<tr>\n<td style=\"width: 33.3333%\"><img loading=\"lazy\" decoding=\"async\" class=\"size-medium wp-image-564 aligncenter\" src=\"https:\/\/blogsaverroes.juntadeandalucia.es\/electronicamartinaldehuela\/files\/2022\/12\/Jornada_02DIC22_6-225x300.jpeg\" alt=\"\" width=\"225\" height=\"300\" srcset=\"https:\/\/blogsaverroes.juntadeandalucia.es\/electronicamartinaldehuela\/files\/2022\/12\/Jornada_02DIC22_6-225x300.jpeg 225w, https:\/\/blogsaverroes.juntadeandalucia.es\/electronicamartinaldehuela\/files\/2022\/12\/Jornada_02DIC22_6.jpeg 768w\" sizes=\"(max-width: 225px) 100vw, 225px\" \/><\/td>\n<td style=\"width: 33.3333%\"><img loading=\"lazy\" decoding=\"async\" class=\"size-medium wp-image-565 aligncenter\" src=\"https:\/\/blogsaverroes.juntadeandalucia.es\/electronicamartinaldehuela\/files\/2022\/12\/Jornada_02DIC22_10-225x300.jpeg\" alt=\"\" width=\"225\" height=\"300\" srcset=\"https:\/\/blogsaverroes.juntadeandalucia.es\/electronicamartinaldehuela\/files\/2022\/12\/Jornada_02DIC22_10-225x300.jpeg 225w, https:\/\/blogsaverroes.juntadeandalucia.es\/electronicamartinaldehuela\/files\/2022\/12\/Jornada_02DIC22_10.jpeg 768w\" sizes=\"(max-width: 225px) 100vw, 225px\" \/><\/td>\n<td style=\"width: 33.3333%\"><img loading=\"lazy\" decoding=\"async\" class=\"size-medium wp-image-566 aligncenter\" src=\"https:\/\/blogsaverroes.juntadeandalucia.es\/electronicamartinaldehuela\/files\/2022\/12\/Jornada_02DIC22_8-225x300.jpeg\" alt=\"\" width=\"225\" height=\"300\" srcset=\"https:\/\/blogsaverroes.juntadeandalucia.es\/electronicamartinaldehuela\/files\/2022\/12\/Jornada_02DIC22_8-225x300.jpeg 225w, https:\/\/blogsaverroes.juntadeandalucia.es\/electronicamartinaldehuela\/files\/2022\/12\/Jornada_02DIC22_8.jpeg 768w\" sizes=\"(max-width: 225px) 100vw, 225px\" \/><\/td>\n<\/tr>\n<\/tbody>\n<\/table>\n<p>&nbsp;<\/p>\n<p><span style=\"font-size: 18pt\"><strong>Partiendo de los objetivos y actividades del proyecto, la jornada ha sido una experiencia muy enriquecedora para todos los participantes. Se he podido compartir distintos enfoques de actividades, intercambiar opiniones, plantear colaboraciones. En definitiva, un trabajo colaborativo que une esfuerzos. Hemos podido planear actividades de cara al Malakabot (www.malakabot.com), que es un evento ideal para plasmar las destrezas y competencias que han de adquirir nuestros estudiantes.<\/strong><br \/>\n<\/span><\/p>\n<p><a href=\"http:\/\/malakabot.com\/\"><img loading=\"lazy\" decoding=\"async\" class=\"size-medium wp-image-522 aligncenter\" src=\"https:\/\/blogsaverroes.juntadeandalucia.es\/electronicamartinaldehuela\/files\/2022\/10\/MalakaBot_23-248x300.jpg\" alt=\"\" width=\"248\" height=\"300\" srcset=\"https:\/\/blogsaverroes.juntadeandalucia.es\/electronicamartinaldehuela\/files\/2022\/10\/MalakaBot_23-248x300.jpg 248w, https:\/\/blogsaverroes.juntadeandalucia.es\/electronicamartinaldehuela\/files\/2022\/10\/MalakaBot_23.jpg 744w\" sizes=\"(max-width: 248px) 100vw, 248px\" \/><\/a><\/p>\n<p>&nbsp;<\/p>\n<p><strong><span style=\"font-size: 18pt\">Tambi\u00e9n se ha aprovechado, una vez m\u00e1s, para mostrar la Revista de FP-Electr\u00f3nica como un medio a trav\u00e9s del cual compartir nuestro trabajo y las necesidades de las empresas. Actualmente la Revista est\u00e1 sirviendo para crear un material curricular de utilidad.<\/span><\/strong><\/p>\n<p style=\"text-align: center\"><a href=\"https:\/\/blogsaverroes.juntadeandalucia.es\/electronicamartinaldehuela\/revista\/\"><img loading=\"lazy\" decoding=\"async\" class=\"alignnone size-medium wp-image-345\" src=\"https:\/\/blogsaverroes.juntadeandalucia.es\/electronicamartinaldehuela\/files\/2021\/10\/portada-232x300.jpg\" alt=\"\" width=\"232\" height=\"300\"><\/a><\/p>\n<p>&nbsp;<\/p>\n<p><span style=\"font-size: 18pt\"><strong>Alumnos de 2\u00ba de STI, del IES Mart\u00edn de Aldehuela, se encargaron de grabar y retransmitir en directo la jornada, a trav\u00e9s de nuestro canal de youtube <\/strong><\/span><\/p>\n<p style=\"text-align: center\"><a href=\"https:\/\/www.youtube.com\/watch?v=GGUke_1rYkg\"><span style=\"font-size: 18pt\"><strong>https:\/\/www.youtube.com\/watch?v=GGUke_1rYkg<\/strong><\/span><\/a><\/p>\n<p style=\"text-align: center\"><a href=\"https:\/\/www.youtube.com\/watch?v=AozX8kv6MSc\"><span style=\"font-size: 18pt\"><strong> https:\/\/www.youtube.com\/watch?v=AozX8kv6MSc<\/strong><\/span><\/a><\/p>\n<p><span style=\"font-size: 18pt\"><strong>Por parte de la organizaci\u00f3n del PTA, Aline Daniel hizo una presentaci\u00f3n del proyecto y marco de competencias de Make My Future.<\/strong><\/span><\/p>\n<table style=\"border-collapse: collapse;width: 100%\">\n<tbody>\n<tr>\n<td style=\"width: 50%\"><img loading=\"lazy\" decoding=\"async\" class=\"size-medium wp-image-574 aligncenter\" src=\"https:\/\/blogsaverroes.juntadeandalucia.es\/electronicamartinaldehuela\/files\/2022\/12\/Jornada_02DIC22_15-300x225.jpeg\" alt=\"\" width=\"300\" height=\"225\" srcset=\"https:\/\/blogsaverroes.juntadeandalucia.es\/electronicamartinaldehuela\/files\/2022\/12\/Jornada_02DIC22_15-300x225.jpeg 300w, https:\/\/blogsaverroes.juntadeandalucia.es\/electronicamartinaldehuela\/files\/2022\/12\/Jornada_02DIC22_15-768x576.jpeg 768w, https:\/\/blogsaverroes.juntadeandalucia.es\/electronicamartinaldehuela\/files\/2022\/12\/Jornada_02DIC22_15.jpeg 1024w\" sizes=\"(max-width: 300px) 100vw, 300px\" \/><\/td>\n<td style=\"width: 50%\"><img loading=\"lazy\" decoding=\"async\" class=\"size-medium wp-image-573 aligncenter\" src=\"https:\/\/blogsaverroes.juntadeandalucia.es\/electronicamartinaldehuela\/files\/2022\/12\/Jornada_02DIC22_16-300x225.jpeg\" alt=\"\" width=\"300\" height=\"225\" srcset=\"https:\/\/blogsaverroes.juntadeandalucia.es\/electronicamartinaldehuela\/files\/2022\/12\/Jornada_02DIC22_16-300x225.jpeg 300w, https:\/\/blogsaverroes.juntadeandalucia.es\/electronicamartinaldehuela\/files\/2022\/12\/Jornada_02DIC22_16-768x576.jpeg 768w, https:\/\/blogsaverroes.juntadeandalucia.es\/electronicamartinaldehuela\/files\/2022\/12\/Jornada_02DIC22_16.jpeg 1024w\" sizes=\"(max-width: 300px) 100vw, 300px\" \/><\/td>\n<\/tr>\n<\/tbody>\n<\/table>\n<p>&nbsp;<\/p>\n<p><strong><span style=\"font-size: 18pt\">La jornada finaliz\u00f3 con la charla del Profesor de la UMA D. V\u00edctor Mu\u00f1oz, bajo el t\u00edtulo \u00abIndustria 4.0 y tendencias futuras\u00bb. Lo cual fue un broche ideal, a una jornada muy provechosa.<\/span><\/strong><\/p>\n<p style=\"text-align: center\"><img loading=\"lazy\" decoding=\"async\" class=\"alignnone size-medium wp-image-572\" src=\"https:\/\/blogsaverroes.juntadeandalucia.es\/electronicamartinaldehuela\/files\/2022\/12\/Jornada_02DIC22_2-300x225.jpeg\" alt=\"\" width=\"300\" height=\"225\"><\/p>\n<p>&nbsp;<\/p>\n<p>&nbsp;<\/p>\n<p>&nbsp;<\/p>\n<p>&nbsp;<\/p>\n","protected":false},"excerpt":{"rendered":"<p>&nbsp; &nbsp; &nbsp; &nbsp; MAKE MY FUTURE, MULTIPLIER EVENT &nbsp; Dentro de la Mobile Week M\u00e1laga 2022, el PTA S.A. y el IES Mart\u00edn de Aldehuela, han organizado una jornada para promoci\u00f3n del proyecto&#46;&#46;&#46;<\/p>\n","protected":false},"author":8603,"featured_media":0,"parent":0,"menu_order":0,"comment_status":"closed","ping_status":"closed","template":"","meta":{"ngg_post_thumbnail":0,"footnotes":""},"aioseo_notices":[],"_links":{"self":[{"href":"https:\/\/blogsaverroes.juntadeandalucia.es\/electronicamartinaldehuela\/wp-json\/wp\/v2\/pages\/556"}],"collection":[{"href":"https:\/\/blogsaverroes.juntadeandalucia.es\/electronicamartinaldehuela\/wp-json\/wp\/v2\/pages"}],"about":[{"href":"https:\/\/blogsaverroes.juntadeandalucia.es\/electronicamartinaldehuela\/wp-json\/wp\/v2\/types\/page"}],"author":[{"embeddable":true,"href":"https:\/\/blogsaverroes.juntadeandalucia.es\/electronicamartinaldehuela\/wp-json\/wp\/v2\/users\/8603"}],"replies":[{"embeddable":true,"href":"https:\/\/blogsaverroes.juntadeandalucia.es\/electronicamartinaldehuela\/wp-json\/wp\/v2\/comments?post=556"}],"version-history":[{"count":3,"href":"https:\/\/blogsaverroes.juntadeandalucia.es\/electronicamartinaldehuela\/wp-json\/wp\/v2\/pages\/556\/revisions"}],"predecessor-version":[{"id":575,"href":"https:\/\/blogsaverroes.juntadeandalucia.es\/electronicamartinaldehuela\/wp-json\/wp\/v2\/pages\/556\/revisions\/575"}],"wp:attachment":[{"href":"https:\/\/blogsaverroes.juntadeandalucia.es\/electronicamartinaldehuela\/wp-json\/wp\/v2\/media?parent=556"}],"curies":[{"name":"wp","href":"https:\/\/api.w.org\/{rel}","templated":true}]}}