{"id":1609,"date":"2022-09-12T09:42:34","date_gmt":"2022-09-12T07:42:34","guid":{"rendered":"https:\/\/blogsaverroes.juntadeandalucia.es\/ellocodelamochila\/?page_id=1609"},"modified":"2023-08-16T13:16:05","modified_gmt":"2023-08-16T11:16:05","slug":"ejemplo-de-situacion-de-aprendizaje-creamos-una-ruta-cultural","status":"publish","type":"page","link":"https:\/\/blogsaverroes.juntadeandalucia.es\/ellocodelamochila\/situaciones-de-aprendizaje-lomloe\/repositorios-de-situaciones-de-aprendizaje-2\/ejemplo-de-situacion-de-aprendizaje-creamos-una-ruta-cultural\/","title":{"rendered":"EJEMPLO DE SITUACI\u00d3N DE APRENDIZAJE: CREAMOS UNA RUTA CULTURAL"},"content":{"rendered":"<p style=\"text-align: justify\"><span style=\"font-family: terminal, monaco, monospace;font-size: 14pt\">En esta infograf\u00eda se recoge un esbozo de la situaci\u00f3n de aprendizaje, dise\u00f1ada para <em>Lengua Castellana y Literatura<\/em> de 3\u00ba de ESO, con sus distintos elementos curriculares (hemos abreviado al m\u00e1ximo la redacci\u00f3n de los mismos para facilitar su visi\u00f3n de conjunto):<\/span><\/p>\n<p><img loading=\"lazy\" decoding=\"async\" class=\"aligncenter wp-image-1613 size-full\" src=\"https:\/\/blogsaverroes.juntadeandalucia.es\/ellocodelamochila\/files\/2022\/09\/1.png\" alt=\"\" width=\"1920\" height=\"1080\" srcset=\"https:\/\/blogsaverroes.juntadeandalucia.es\/ellocodelamochila\/files\/2022\/09\/1.png 1920w, https:\/\/blogsaverroes.juntadeandalucia.es\/ellocodelamochila\/files\/2022\/09\/1-300x169.png 300w, https:\/\/blogsaverroes.juntadeandalucia.es\/ellocodelamochila\/files\/2022\/09\/1-1024x576.png 1024w, https:\/\/blogsaverroes.juntadeandalucia.es\/ellocodelamochila\/files\/2022\/09\/1-768x432.png 768w, https:\/\/blogsaverroes.juntadeandalucia.es\/ellocodelamochila\/files\/2022\/09\/1-1536x864.png 1536w\" sizes=\"(max-width: 1920px) 100vw, 1920px\" \/><\/p>\n<p><img loading=\"lazy\" decoding=\"async\" class=\"aligncenter wp-image-1614 size-full\" src=\"https:\/\/blogsaverroes.juntadeandalucia.es\/ellocodelamochila\/files\/2022\/09\/2.png\" alt=\"\" width=\"1920\" height=\"1080\" srcset=\"https:\/\/blogsaverroes.juntadeandalucia.es\/ellocodelamochila\/files\/2022\/09\/2.png 1920w, https:\/\/blogsaverroes.juntadeandalucia.es\/ellocodelamochila\/files\/2022\/09\/2-300x169.png 300w, https:\/\/blogsaverroes.juntadeandalucia.es\/ellocodelamochila\/files\/2022\/09\/2-1024x576.png 1024w, https:\/\/blogsaverroes.juntadeandalucia.es\/ellocodelamochila\/files\/2022\/09\/2-768x432.png 768w, https:\/\/blogsaverroes.juntadeandalucia.es\/ellocodelamochila\/files\/2022\/09\/2-1536x864.png 1536w\" sizes=\"(max-width: 1920px) 100vw, 1920px\" \/><\/p>\n<p style=\"text-align: justify\"><span style=\"font-family: terminal, monaco, monospace;font-size: 14pt\">La situaci\u00f3n de aprendizaje pretende que el alumnado cree una ruta cultural por la ciudad en la que vive al estilo de \u201ccallejeros viajeros\u201d. Este ser\u00e1 el producto final de la misma. Est\u00e1 pensada para trabajarla en <em>Lengua Castellana y Literatura<\/em> de 3\u00ba de ESO, pero es f\u00e1cilmente adaptable a otras asignaturas y \/ o niveles.<\/span><\/p>\n<p style=\"text-align: justify\"><span style=\"font-family: terminal, monaco, monospace;font-size: 14pt\">Durante el proyecto trabajar\u00e1n en equipo, leer\u00e1n y redactar\u00e1n textos expositivos, dise\u00f1ar\u00e1n tr\u00edpticos publicitarios, preparar\u00e1n y llevar\u00e1n a cabo exposiciones orales, etc. En definitiva, la situaci\u00f3n de aprendizaje aunar\u00e1 el trabajo de multitud de habilidades competenciales (comprensi\u00f3n y expresi\u00f3n escrita, la comprensi\u00f3n y expresi\u00f3n oral, etc.)<\/span><\/p>\n<p style=\"text-align: justify\"><span style=\"font-family: terminal, monaco, monospace;font-size: 14pt\">Para ello, formaremos grupos de trabajo heterog\u00e9neos entre nuestro alumnado -o continuaremos con nuestros equipos base si seguimos una organizaci\u00f3n cooperativa del aula-. Tras explicar las l\u00edneas maestras del proyecto, haremos una lluvia de ideas recogiendo en la pizarra sitios hist\u00f3ricos representativos de nuestra ciudad: museos, plazas p\u00fablicas, bibliotecas, monumentos, etc. Si es necesario, se puede recurrir a <a href=\"https:\/\/www.google.com\/url?sa=t&amp;rct=j&amp;q=&amp;esrc=s&amp;source=web&amp;cd=&amp;cad=rja&amp;uact=8&amp;ved=2ahUKEwiUnNem3Y76AhUQ5hoKHfBtBEwQFnoECAwQAQ&amp;url=https%3A%2F%2Fwww.google.es%2Fmaps%2F%3Fhl%3Des&amp;usg=AOvVaw2-oD2wy6UPJhjY9JdwGLbW\" target=\"_blank\" rel=\"noopener noreferrer\"><em>Google Maps<\/em><\/a> para coger ideas. L\u00f3gicamente, cada grupo elegir\u00e1 uno, evitando repeticiones de lugares entre distintos grupos.<\/span><\/p>\n<p style=\"text-align: justify\"><span style=\"font-family: terminal, monaco, monospace;font-size: 14pt\">A continuaci\u00f3n, cada grupo de trabajo se pondr\u00e1 manos a la obra. Deber\u00e1 buscar informaci\u00f3n en Internet sobre su lugar hist\u00f3rico, redactando un borrador de texto expositivo. Tambi\u00e9n podr\u00e1n incorporar informaci\u00f3n propia (de sus experiencias personales, de comentarios de su familia, etc.)<\/span><\/p>\n<p style=\"text-align: justify\"><span style=\"font-family: terminal, monaco, monospace;font-size: 14pt\">Tras la revisi\u00f3n del docente, cada grupo pasar\u00e1 a dise\u00f1ar un tr\u00edptico publicitario de dicho lugar. En este se combinar\u00e1 texto e imagen (el docente les mostrar\u00e1 ejemplos digitales). Para facilitar el trabajo, se les proporcionar\u00e1 una plantilla editable.<\/span><\/p>\n<p style=\"text-align: justify\"><span style=\"font-family: terminal, monaco, monospace;font-size: 14pt\">Una vez confeccionado el tr\u00edptico, cada grupo continuar\u00e1 con la siguiente fase: la preparaci\u00f3n de una exposici\u00f3n oral sobre su sitio hist\u00f3rico. Para esto deber\u00e1n crear un esquema o \u00e1rbol de ideas en el que recojan los puntos que van a tratar y a\u00f1adan datos hist\u00f3ricos relevantes. Adem\u00e1s, se les recomendar\u00e1 que busquen an\u00e9cdotas curiosas o divertidas para que hagan lo m\u00e1s interesante posible la exposici\u00f3n. Deber\u00e1n preparar su exposici\u00f3n oral y ensayarla.<\/span><\/p>\n<p style=\"text-align: justify\"><span style=\"font-family: terminal, monaco, monospace;font-size: 14pt\">El \u00faltimo paso consiste en la realizaci\u00f3n de la ruta cultural. Para ello, toda la clase realizar\u00e1 la ruta cultural, deteni\u00e9ndose en cada uno de los sitios hist\u00f3ricos seleccionados en los que el grupo correspondiente realizar\u00e1 la exposici\u00f3n oral ante sus compa\u00f1eras \/ os y les repartir\u00e1 el tr\u00edptico que hayan dise\u00f1ado.<\/span><\/p>\n<p style=\"text-align: center\"><span style=\"font-size: 18pt\"><strong><span style=\"font-family: terminal, monaco, monospace\">MATERIAL WEB<\/span><\/strong><\/span><\/p>\n<table style=\"border-collapse: collapse;width: 100%\">\n<tbody>\n<tr>\n<td style=\"width: 50%\"><a href=\"https:\/\/drive.google.com\/file\/d\/13DeujiAxPi7z0WLeROtabkvgavOaYo4O\/view?usp=sharing\" target=\"_blank\" rel=\"noopener noreferrer\"><img loading=\"lazy\" decoding=\"async\" class=\"aligncenter wp-image-1126\" src=\"https:\/\/blogsaverroes.juntadeandalucia.es\/ellocodelamochila\/files\/2022\/07\/file-type-pdf.981x1024-287x300.png\" alt=\"\" width=\"100\" height=\"104\" srcset=\"https:\/\/blogsaverroes.juntadeandalucia.es\/ellocodelamochila\/files\/2022\/07\/file-type-pdf.981x1024-287x300.png 287w, https:\/\/blogsaverroes.juntadeandalucia.es\/ellocodelamochila\/files\/2022\/07\/file-type-pdf.981x1024-768x802.png 768w, https:\/\/blogsaverroes.juntadeandalucia.es\/ellocodelamochila\/files\/2022\/07\/file-type-pdf.981x1024.png 981w\" sizes=\"(max-width: 100px) 100vw, 100px\" \/><\/a><\/td>\n<td style=\"width: 50%\">&nbsp;<\/td>\n<\/tr>\n<tr>\n<td style=\"width: 50%;text-align: center\"><span style=\"font-family: terminal, monaco, monospace;font-size: 14pt\">CONCRECI\u00d3N CURRICULAR DE LA SITUACI\u00d3N DE APRENDIZAJE<\/span><\/td>\n<td style=\"width: 50%\">&nbsp;<\/td>\n<\/tr>\n<tr>\n<td style=\"width: 50%\"><a href=\"https:\/\/templates.office.com\/es-es\/tr%C3%ADptico-azul-tm03133090\" target=\"_blank\" rel=\"noopener noreferrer\"><img loading=\"lazy\" decoding=\"async\" class=\"aligncenter wp-image-1148\" src=\"https:\/\/blogsaverroes.juntadeandalucia.es\/ellocodelamochila\/files\/2022\/07\/web-3.1024x1006-300x295.png\" alt=\"\" width=\"100\" height=\"98\" srcset=\"https:\/\/blogsaverroes.juntadeandalucia.es\/ellocodelamochila\/files\/2022\/07\/web-3.1024x1006-300x295.png 300w, https:\/\/blogsaverroes.juntadeandalucia.es\/ellocodelamochila\/files\/2022\/07\/web-3.1024x1006-768x755.png 768w, https:\/\/blogsaverroes.juntadeandalucia.es\/ellocodelamochila\/files\/2022\/07\/web-3.1024x1006.png 1024w\" sizes=\"(max-width: 100px) 100vw, 100px\" \/><\/a><\/td>\n<td style=\"width: 50%\"><a href=\"https:\/\/youtu.be\/VX9l7hM5H60\" target=\"_blank\" rel=\"noopener noreferrer\"><img loading=\"lazy\" decoding=\"async\" class=\"aligncenter wp-image-1589\" src=\"https:\/\/blogsaverroes.juntadeandalucia.es\/ellocodelamochila\/files\/2022\/09\/multimedia-video-player.512x421-300x247.png\" alt=\"\" width=\"100\" height=\"82\" srcset=\"https:\/\/blogsaverroes.juntadeandalucia.es\/ellocodelamochila\/files\/2022\/09\/multimedia-video-player.512x421-300x247.png 300w, https:\/\/blogsaverroes.juntadeandalucia.es\/ellocodelamochila\/files\/2022\/09\/multimedia-video-player.512x421.png 512w\" sizes=\"(max-width: 100px) 100vw, 100px\" \/><\/a><\/td>\n<\/tr>\n<tr>\n<td style=\"width: 50%;text-align: center\"><span style=\"font-family: terminal, monaco, monospace;font-size: 14pt\">PLANTILLA PARA EL TR\u00cdPTICO<\/span><\/td>\n<td style=\"width: 50%;text-align: center\"><span style=\"font-family: terminal, monaco, monospace;font-size: 14pt\">EJEMPLO DE \u00abCALLEJEROS VIAJEROS\u00bb<\/span><\/td>\n<\/tr>\n<\/tbody>\n<\/table>\n<table style=\"border-collapse: collapse;width: 100%\">\n<tbody>\n<tr>\n<td style=\"width: 50%\"><a href=\"http:\/\/www.motril.es\/fileadmin\/areas\/turismo\/pdfs\/Motril_Charca_de_Suarez.pdf\" target=\"_blank\" rel=\"noopener noreferrer\"><img loading=\"lazy\" decoding=\"async\" class=\"aligncenter wp-image-1126\" src=\"https:\/\/blogsaverroes.juntadeandalucia.es\/ellocodelamochila\/files\/2022\/07\/file-type-pdf.981x1024-287x300.png\" alt=\"\" width=\"100\" height=\"104\" srcset=\"https:\/\/blogsaverroes.juntadeandalucia.es\/ellocodelamochila\/files\/2022\/07\/file-type-pdf.981x1024-287x300.png 287w, https:\/\/blogsaverroes.juntadeandalucia.es\/ellocodelamochila\/files\/2022\/07\/file-type-pdf.981x1024-768x802.png 768w, https:\/\/blogsaverroes.juntadeandalucia.es\/ellocodelamochila\/files\/2022\/07\/file-type-pdf.981x1024.png 981w\" sizes=\"(max-width: 100px) 100vw, 100px\" \/><\/a><\/td>\n<td style=\"width: 50%\"><a href=\"http:\/\/www.motril.es\/fileadmin\/areas\/turismo\/pdfs\/Motril_Museo_Historia_Espanol.pdf\" target=\"_blank\" rel=\"noopener noreferrer\"><img loading=\"lazy\" decoding=\"async\" class=\"aligncenter wp-image-1126\" src=\"https:\/\/blogsaverroes.juntadeandalucia.es\/ellocodelamochila\/files\/2022\/07\/file-type-pdf.981x1024-287x300.png\" alt=\"\" width=\"100\" height=\"104\" srcset=\"https:\/\/blogsaverroes.juntadeandalucia.es\/ellocodelamochila\/files\/2022\/07\/file-type-pdf.981x1024-287x300.png 287w, https:\/\/blogsaverroes.juntadeandalucia.es\/ellocodelamochila\/files\/2022\/07\/file-type-pdf.981x1024-768x802.png 768w, https:\/\/blogsaverroes.juntadeandalucia.es\/ellocodelamochila\/files\/2022\/07\/file-type-pdf.981x1024.png 981w\" sizes=\"(max-width: 100px) 100vw, 100px\" \/><\/a><\/td>\n<\/tr>\n<tr>\n<td style=\"width: 50%;text-align: center\"><span style=\"font-family: terminal, monaco, monospace;font-size: 14pt\">EJEMPLO DE TR\u00cdPTICO PUBLICITARIO 1<\/span><\/td>\n<td style=\"width: 50%;text-align: center\"><span style=\"font-family: terminal, monaco, monospace;font-size: 14pt\">EJEMPLO DE TR\u00cdPTICO PUBLICITARIO 2<\/span><\/td>\n<\/tr>\n<\/tbody>\n<\/table>\n<!--themify_builder_content-->\n<div id=\"themify_builder_content-1609\" data-postid=\"1609\" class=\"themify_builder_content themify_builder_content-1609 themify_builder tf_clear\">\n                    <div  data-lazy=\"1\" class=\"module_row themify_builder_row tb_pogl720 tb_first tf_w\">\n                        <div class=\"row_inner col_align_top tb_col_count_1 tf_box tf_rel\">\n                        <div  data-lazy=\"1\" class=\"module_column tb-column col-full tb_bd88721 first\">\n                            <div  data-lazy=\"1\" class=\"module_subrow themify_builder_sub_row tf_w col_align_top tb_col_count_2 tb_v1hl81\">\n                <div  data-lazy=\"1\" class=\"module_column sub_column col2-1 tb_sjt182 first\">\n                            <\/div>\n                    <div  data-lazy=\"1\" class=\"module_column sub_column col2-1 tb_bflw82 last\">\n                    <!-- module social share -->\n<div  class=\"module module-social-share tb_3m5y450  tb_ss_size_large tb_ss_shape_rounded\" data-lazy=\"1\" data-title=\"\" data-url=\"\">\n        <div class=\"module-social-share-wrapper\">\n                                            <div class=\"ss_anchor_wrap tf_inline_b\">\n                        <a href=\"#\" data-type=\"facebook\">\n                            <em class=\"tb_social_share_icon\"><svg  aria-label=\"Facebook\" class=\"tf_fa tf-ti-facebook\" role=\"img\"><use href=\"#tf-ti-facebook\"><\/use><\/svg><\/em>\n                                                    <\/a>\n                    <\/div>\n                                    <div class=\"ss_anchor_wrap tf_inline_b\">\n                        <a href=\"#\" data-type=\"twitter\">\n                            <em class=\"tb_social_share_icon\"><svg  aria-label=\"Twitter\" class=\"tf_fa tf-fab-x-twitter\" role=\"img\"><use href=\"#tf-fab-x-twitter\"><\/use><\/svg><\/em>\n                                                    <\/a>\n                    <\/div>\n                                    <div class=\"ss_anchor_wrap tf_inline_b\">\n                        <a href=\"#\" data-type=\"email\">\n                            <em class=\"tb_social_share_icon\"><svg  aria-label=\"Email\" class=\"tf_fa tf-ti-email\" role=\"img\"><use href=\"#tf-ti-email\"><\/use><\/svg><\/em>\n                                                    <\/a>\n                    <\/div>\n                            <\/div>\n<\/div>\n<!-- \/module social share -->\n        <\/div>\n                    <\/div>\n                <\/div>\n                        <\/div>\n        <\/div>\n        <\/div>\n<!--\/themify_builder_content-->","protected":false},"excerpt":{"rendered":"<p>En esta infograf\u00eda se recoge un esbozo de la situaci\u00f3n de aprendizaje, dise\u00f1ada para Lengua Castellana y Literatura de 3\u00ba de ESO, con sus distintos elementos curriculares (hemos abreviado al m\u00e1ximo la redacci\u00f3n de los mismos para facilitar su visi\u00f3n de conjunto): La situaci\u00f3n de aprendizaje pretende que el alumnado cree una ruta cultural por [&hellip;]<\/p>\n","protected":false},"author":4178,"featured_media":0,"parent":2122,"menu_order":3,"comment_status":"open","ping_status":"closed","template":"","meta":{"footnotes":""},"aioseo_notices":[],"_links":{"self":[{"href":"https:\/\/blogsaverroes.juntadeandalucia.es\/ellocodelamochila\/wp-json\/wp\/v2\/pages\/1609"}],"collection":[{"href":"https:\/\/blogsaverroes.juntadeandalucia.es\/ellocodelamochila\/wp-json\/wp\/v2\/pages"}],"about":[{"href":"https:\/\/blogsaverroes.juntadeandalucia.es\/ellocodelamochila\/wp-json\/wp\/v2\/types\/page"}],"author":[{"embeddable":true,"href":"https:\/\/blogsaverroes.juntadeandalucia.es\/ellocodelamochila\/wp-json\/wp\/v2\/users\/4178"}],"replies":[{"embeddable":true,"href":"https:\/\/blogsaverroes.juntadeandalucia.es\/ellocodelamochila\/wp-json\/wp\/v2\/comments?post=1609"}],"version-history":[{"count":28,"href":"https:\/\/blogsaverroes.juntadeandalucia.es\/ellocodelamochila\/wp-json\/wp\/v2\/pages\/1609\/revisions"}],"predecessor-version":[{"id":2291,"href":"https:\/\/blogsaverroes.juntadeandalucia.es\/ellocodelamochila\/wp-json\/wp\/v2\/pages\/1609\/revisions\/2291"}],"up":[{"embeddable":true,"href":"https:\/\/blogsaverroes.juntadeandalucia.es\/ellocodelamochila\/wp-json\/wp\/v2\/pages\/2122"}],"wp:attachment":[{"href":"https:\/\/blogsaverroes.juntadeandalucia.es\/ellocodelamochila\/wp-json\/wp\/v2\/media?parent=1609"}],"curies":[{"name":"wp","href":"https:\/\/api.w.org\/{rel}","templated":true}]}}