{"id":1657,"date":"2022-09-26T18:51:57","date_gmt":"2022-09-26T16:51:57","guid":{"rendered":"https:\/\/blogsaverroes.juntadeandalucia.es\/ellocodelamochila\/?page_id=1657"},"modified":"2023-09-03T17:35:16","modified_gmt":"2023-09-03T15:35:16","slug":"guion-para-la-elaboracion-de-una-programacion-didactica-lomloe","status":"publish","type":"page","link":"https:\/\/blogsaverroes.juntadeandalucia.es\/ellocodelamochila\/programacion-didactica-lomloe\/guion-para-la-elaboracion-de-una-programacion-didactica-lomloe\/","title":{"rendered":"GUION PARA LA ELABORACI\u00d3N DE UNA PROGRAMACI\u00d3N DID\u00c1CTICA LOMLOE"},"content":{"rendered":"<p style=\"text-align: justify\"><span style=\"font-family: terminal, monaco, monospace;font-size: 14pt\"><img loading=\"lazy\" decoding=\"async\" class=\" wp-image-2464 alignright\" src=\"https:\/\/blogsaverroes.juntadeandalucia.es\/ellocodelamochila\/files\/2023\/08\/Programaci\u00f3n-LOMLOE-1-300x300.jpg\" alt=\"\" width=\"475\" height=\"475\" srcset=\"https:\/\/blogsaverroes.juntadeandalucia.es\/ellocodelamochila\/files\/2023\/08\/Programaci\u00f3n-LOMLOE-1-300x300.jpg 300w, https:\/\/blogsaverroes.juntadeandalucia.es\/ellocodelamochila\/files\/2023\/08\/Programaci\u00f3n-LOMLOE-1-1024x1024.jpg 1024w, https:\/\/blogsaverroes.juntadeandalucia.es\/ellocodelamochila\/files\/2023\/08\/Programaci\u00f3n-LOMLOE-1-150x150.jpg 150w, https:\/\/blogsaverroes.juntadeandalucia.es\/ellocodelamochila\/files\/2023\/08\/Programaci\u00f3n-LOMLOE-1-768x768.jpg 768w, https:\/\/blogsaverroes.juntadeandalucia.es\/ellocodelamochila\/files\/2023\/08\/Programaci\u00f3n-LOMLOE-1.jpg 1080w\" sizes=\"(max-width: 475px) 100vw, 475px\" \/>En el proceso de elaboraci\u00f3n de una programaci\u00f3n did\u00e1ctica se deben tener en cuenta dos importantes cuestiones. Por un lado, la legislaci\u00f3n educativa vigente (no hay que olvidar que una programaci\u00f3n no es otra cosa que la concreci\u00f3n de la legislaci\u00f3n educativa) y, por otro, las caracter\u00edsticas singulares de nuestro contexto educativo.<\/span><\/p>\n<p style=\"text-align: justify\"><span style=\"font-family: terminal, monaco, monospace;font-size: 14pt\">Por tanto, se trata de un proceso de reflexi\u00f3n que el profesorado debe hacer conociendo las leyes educativas en vigor de las etapas en las que trabaja, la realidad del centro educativo en el que desarrolla su labor y el alumnado concreto de su grupo-clase.<\/span><\/p>\n<p style=\"text-align: justify\"><span style=\"font-family: terminal, monaco, monospace;font-size: 14pt\">Adem\u00e1s, con la LOMLOE se ha tratado de potenciar la personalizaci\u00f3n del aprendizaje. De hecho, la introducci\u00f3n del DUA camina en este sentido: cada alumna \/ o es diferente, tiene un ritmo personal de aprendizaje, unos intereses concretos, etc. Al mismo tiempo, se ha apostado tambi\u00e9n por una fuerte contextualizaci\u00f3n del aprendizaje: las llamadas \u201csituaciones de aprendizaje\u201d intentan que la \/ el alumna \/ o sea consciente en todo momento de para qu\u00e9 sirve lo que est\u00e1 aprendiendo. Sin olvidar la autonom\u00eda pedag\u00f3gica que tiene cada centro dentro del marco normativo.<\/span><\/p>\n<p style=\"text-align: justify\"><span style=\"font-family: terminal, monaco, monospace;font-size: 14pt\">Por ello, no hay ni debe haber dos programaciones iguales. Teniendo esto en cuenta, hemos elaborado un esbozo de guion para cada etapa (uno para Infantil, otro para Primaria, otro para ESO y el \u00faltimo para Bachillerato) que pueden servir como ayuda al profesorado a la hora de realizar su proceso de reflexi\u00f3n profesional para la elaboraci\u00f3n de su programaci\u00f3n did\u00e1ctica. Se debe considerar no como algo prescriptivo que deba cumplirse al pie de la letra, sino como un sencillo guion<\/span><span style=\"font-family: terminal, monaco, monospace;font-size: 14pt\"> que puede servir como andamiaje en la construcci\u00f3n de la propia.<\/span><\/p>\n<p style=\"text-align: justify\"><span style=\"font-family: terminal, monaco, monospace;font-size: 14pt\">Adem\u00e1s, hemos incluido breves indicaciones en los distintos apartados para que sirvan como orientaciones o, al menos, como punto de partida. <\/span><\/p>\n<p style=\"text-align: justify\"><span style=\"font-family: terminal, monaco, monospace;font-size: 14pt\">Por \u00faltimo, hemos seguido conscientemente en la creaci\u00f3n del guion los apartados marcados en S\u00e9neca con el fin de facilitar el proceso de traslado a dicha plataforma una vez terminada.<\/span><\/p>\n<table style=\"border-collapse: collapse;width: 100%;height: 380px\">\n<tbody>\n<tr style=\"height: 354px\">\n<td style=\"width: 50%;height: 354px\"><a href=\"https:\/\/docs.google.com\/document\/d\/10_lJWEKWq3V3OKLrFSUJg79vJYc1y9Ogm_uyzz2WoPY\/edit?usp=sharing\" target=\"_blank\" rel=\"noopener noreferrer\"><img loading=\"lazy\" decoding=\"async\" class=\"aligncenter wp-image-1223\" src=\"https:\/\/blogsaverroes.juntadeandalucia.es\/ellocodelamochila\/files\/2022\/07\/file-type-doc-word-document.427x512-250x300.png\" alt=\"\" width=\"200\" height=\"240\" srcset=\"https:\/\/blogsaverroes.juntadeandalucia.es\/ellocodelamochila\/files\/2022\/07\/file-type-doc-word-document.427x512-250x300.png 250w, https:\/\/blogsaverroes.juntadeandalucia.es\/ellocodelamochila\/files\/2022\/07\/file-type-doc-word-document.427x512.png 427w\" sizes=\"(max-width: 200px) 100vw, 200px\" \/><\/a><\/td>\n<td style=\"width: 50%;height: 354px\"><a href=\"https:\/\/docs.google.com\/document\/d\/1nX2GINBrEmpHrZYTQhhwTQZCUfVwG1vQRCVHo24pfjQ\/edit?usp=sharing\" target=\"_blank\" rel=\"noopener noreferrer\"><img loading=\"lazy\" decoding=\"async\" class=\"aligncenter wp-image-1223\" src=\"https:\/\/blogsaverroes.juntadeandalucia.es\/ellocodelamochila\/files\/2022\/07\/file-type-doc-word-document.427x512-250x300.png\" alt=\"\" width=\"200\" height=\"240\" srcset=\"https:\/\/blogsaverroes.juntadeandalucia.es\/ellocodelamochila\/files\/2022\/07\/file-type-doc-word-document.427x512-250x300.png 250w, https:\/\/blogsaverroes.juntadeandalucia.es\/ellocodelamochila\/files\/2022\/07\/file-type-doc-word-document.427x512.png 427w\" sizes=\"(max-width: 200px) 100vw, 200px\" \/><\/a><\/td>\n<\/tr>\n<tr style=\"height: 26px\">\n<td style=\"width: 50%;text-align: center;height: 26px\"><strong><span style=\"font-family: terminal, monaco, monospace;font-size: 14pt\">GUION DE PROGRAMACI\u00d3N DID\u00c1CTICA <\/span><\/strong><\/p>\n<p><strong><span style=\"font-family: terminal, monaco, monospace;font-size: 14pt\">PARA INFANTIL<\/span><\/strong><\/td>\n<td style=\"width: 50%;text-align: center;height: 26px\"><strong><span style=\"font-family: terminal, monaco, monospace;font-size: 14pt\">GUION DE PROGRAMACI\u00d3N DID\u00c1CTICA <\/span><\/strong><\/p>\n<p><strong><span style=\"font-family: terminal, monaco, monospace;font-size: 14pt\">PARA PRIMARIA<\/span><\/strong><\/td>\n<\/tr>\n<\/tbody>\n<\/table>\n<table style=\"border-collapse: collapse;width: 100%;height: 380px\">\n<tbody>\n<tr style=\"height: 354px\">\n<td style=\"width: 50%;height: 354px\"><a href=\"https:\/\/docs.google.com\/document\/d\/1BjexbtnrhfelVtmPbs3vXimlLsXBN2REq4oRTUzFFRw\/edit?usp=share_link\" target=\"_blank\" rel=\"noopener noreferrer\"><img loading=\"lazy\" decoding=\"async\" class=\"aligncenter wp-image-1223\" src=\"https:\/\/blogsaverroes.juntadeandalucia.es\/ellocodelamochila\/files\/2022\/07\/file-type-doc-word-document.427x512-250x300.png\" alt=\"\" width=\"200\" height=\"240\" srcset=\"https:\/\/blogsaverroes.juntadeandalucia.es\/ellocodelamochila\/files\/2022\/07\/file-type-doc-word-document.427x512-250x300.png 250w, https:\/\/blogsaverroes.juntadeandalucia.es\/ellocodelamochila\/files\/2022\/07\/file-type-doc-word-document.427x512.png 427w\" sizes=\"(max-width: 200px) 100vw, 200px\" \/><\/a><\/td>\n<td style=\"width: 50%;height: 354px\"><a href=\"https:\/\/docs.google.com\/document\/d\/13rHblJit6Cq_fLTZ14kdSMN-kBVo53VHPnE0gHOhthY\/edit?usp=share_link\" target=\"_blank\" rel=\"noopener noreferrer\"><img loading=\"lazy\" decoding=\"async\" class=\"aligncenter wp-image-1223\" src=\"https:\/\/blogsaverroes.juntadeandalucia.es\/ellocodelamochila\/files\/2022\/07\/file-type-doc-word-document.427x512-250x300.png\" alt=\"\" width=\"200\" height=\"240\" srcset=\"https:\/\/blogsaverroes.juntadeandalucia.es\/ellocodelamochila\/files\/2022\/07\/file-type-doc-word-document.427x512-250x300.png 250w, https:\/\/blogsaverroes.juntadeandalucia.es\/ellocodelamochila\/files\/2022\/07\/file-type-doc-word-document.427x512.png 427w\" sizes=\"(max-width: 200px) 100vw, 200px\" \/><\/a><\/td>\n<\/tr>\n<tr style=\"height: 26px\">\n<td style=\"width: 50%;text-align: center;height: 26px\"><strong><span style=\"font-family: terminal, monaco, monospace;font-size: 14pt\">GUION DE PROGRAMACI\u00d3N DID\u00c1CTICA <\/span><\/strong><\/p>\n<p><strong><span style=\"font-family: terminal, monaco, monospace;font-size: 14pt\">PARA ESO<\/span><\/strong><\/td>\n<td style=\"width: 50%;text-align: center;height: 26px\"><strong><span style=\"font-family: terminal, monaco, monospace;font-size: 14pt\">GUION DE PROGRAMACI\u00d3N DID\u00c1CTICA <\/span><\/strong><\/p>\n<p><strong><span style=\"font-family: terminal, monaco, monospace;font-size: 14pt\">PARA BACHILLERATO<\/span><\/strong><\/td>\n<\/tr>\n<\/tbody>\n<\/table>\n<p>&nbsp;<\/p>\n<!--themify_builder_content-->\n<div id=\"themify_builder_content-1657\" data-postid=\"1657\" class=\"themify_builder_content themify_builder_content-1657 themify_builder tf_clear\">\n                    <div  data-lazy=\"1\" class=\"module_row themify_builder_row tb_a7zt201 tb_first tf_w\">\n                        <div class=\"row_inner col_align_top tb_col_count_1 tf_box tf_rel\">\n                        <div  data-lazy=\"1\" class=\"module_column tb-column col-full tb_gxgy201 first\">\n                            <div  data-lazy=\"1\" class=\"module_subrow themify_builder_sub_row tf_w col_align_top tb_col_count_2 tb_aayb644\">\n                <div  data-lazy=\"1\" class=\"module_column sub_column col2-1 tb_d59a644 first\">\n                            <\/div>\n                    <div  data-lazy=\"1\" class=\"module_column sub_column col2-1 tb_e3ak644 last\">\n                    <!-- module social share -->\n<div  class=\"module module-social-share tb_daub788  tb_ss_size_large tb_ss_shape_rounded\" data-lazy=\"1\" data-title=\"\" data-url=\"\">\n        <div class=\"module-social-share-wrapper\">\n                                            <div class=\"ss_anchor_wrap tf_inline_b\">\n                        <a href=\"#\" data-type=\"facebook\">\n                            <em class=\"tb_social_share_icon\"><svg  aria-label=\"Facebook\" class=\"tf_fa tf-ti-facebook\" role=\"img\"><use href=\"#tf-ti-facebook\"><\/use><\/svg><\/em>\n                                                    <\/a>\n                    <\/div>\n                                    <div class=\"ss_anchor_wrap tf_inline_b\">\n                        <a href=\"#\" data-type=\"twitter\">\n                            <em class=\"tb_social_share_icon\"><svg  aria-label=\"Twitter\" class=\"tf_fa tf-fab-x-twitter\" role=\"img\"><use href=\"#tf-fab-x-twitter\"><\/use><\/svg><\/em>\n                                                    <\/a>\n                    <\/div>\n                                    <div class=\"ss_anchor_wrap tf_inline_b\">\n                        <a href=\"#\" data-type=\"email\">\n                            <em class=\"tb_social_share_icon\"><svg  aria-label=\"Email\" class=\"tf_fa tf-ti-email\" role=\"img\"><use href=\"#tf-ti-email\"><\/use><\/svg><\/em>\n                                                    <\/a>\n                    <\/div>\n                            <\/div>\n<\/div>\n<!-- \/module social share -->\n        <\/div>\n                    <\/div>\n                <\/div>\n                        <\/div>\n        <\/div>\n        <\/div>\n<!--\/themify_builder_content-->","protected":false},"excerpt":{"rendered":"<p>En el proceso de elaboraci\u00f3n de una programaci\u00f3n did\u00e1ctica se deben tener en cuenta dos importantes cuestiones. Por un lado, la legislaci\u00f3n educativa vigente (no hay que olvidar que una programaci\u00f3n no es otra cosa que la concreci\u00f3n de la legislaci\u00f3n educativa) y, por otro, las caracter\u00edsticas singulares de nuestro contexto educativo. Por tanto, se [&hellip;]<\/p>\n","protected":false},"author":4178,"featured_media":0,"parent":1740,"menu_order":2,"comment_status":"open","ping_status":"closed","template":"","meta":{"footnotes":""},"aioseo_notices":[],"_links":{"self":[{"href":"https:\/\/blogsaverroes.juntadeandalucia.es\/ellocodelamochila\/wp-json\/wp\/v2\/pages\/1657"}],"collection":[{"href":"https:\/\/blogsaverroes.juntadeandalucia.es\/ellocodelamochila\/wp-json\/wp\/v2\/pages"}],"about":[{"href":"https:\/\/blogsaverroes.juntadeandalucia.es\/ellocodelamochila\/wp-json\/wp\/v2\/types\/page"}],"author":[{"embeddable":true,"href":"https:\/\/blogsaverroes.juntadeandalucia.es\/ellocodelamochila\/wp-json\/wp\/v2\/users\/4178"}],"replies":[{"embeddable":true,"href":"https:\/\/blogsaverroes.juntadeandalucia.es\/ellocodelamochila\/wp-json\/wp\/v2\/comments?post=1657"}],"version-history":[{"count":11,"href":"https:\/\/blogsaverroes.juntadeandalucia.es\/ellocodelamochila\/wp-json\/wp\/v2\/pages\/1657\/revisions"}],"predecessor-version":[{"id":2526,"href":"https:\/\/blogsaverroes.juntadeandalucia.es\/ellocodelamochila\/wp-json\/wp\/v2\/pages\/1657\/revisions\/2526"}],"up":[{"embeddable":true,"href":"https:\/\/blogsaverroes.juntadeandalucia.es\/ellocodelamochila\/wp-json\/wp\/v2\/pages\/1740"}],"wp:attachment":[{"href":"https:\/\/blogsaverroes.juntadeandalucia.es\/ellocodelamochila\/wp-json\/wp\/v2\/media?parent=1657"}],"curies":[{"name":"wp","href":"https:\/\/api.w.org\/{rel}","templated":true}]}}

GUION PARA LA ELABORACIÓN DE UNA PROGRAMACIÓN DIDÁCTICA LOMLOE

<p style="text-align: justify"><span style="font-family: terminal, monaco, monospace;font-size: 14pt"><img loading="lazy" decoding="async" class=" wp-image-2464 alignright" src="https://blogsaverroes.juntadeandalucia.es/ellocodelamochila/files/2023/08/Programación-LOMLOE-1-300x300.jpg" alt="" width="475" height="475" srcset="https://blogsaverroes.juntadeandalucia.es/ellocodelamochila/files/2023/08/Programación-LOMLOE-1-300x300.jpg 300w, https://blogsaverroes.juntadeandalucia.es/ellocodelamochila/files/2023/08/Programación-LOMLOE-1-1024x1024.jpg 1024w, https://blogsaverroes.juntadeandalucia.es/ellocodelamochila/files/2023/08/Programación-LOMLOE-1-150x150.jpg 150w, https://blogsaverroes.juntadeandalucia.es/ellocodelamochila/files/2023/08/Programación-LOMLOE-1-768x768.jpg 768w, https://blogsaverroes.juntadeandalucia.es/ellocodelamochila/files/2023/08/Programación-LOMLOE-1.jpg 1080w" sizes="(max-width: 475px) 100vw, 475px" />En el proceso de elaboración de una programación didáctica se deben tener en cuenta dos importantes cuestiones. Por un lado, la legislación educativa vigente (no hay que olvidar que una programación no es otra cosa que la concreción de la legislación educativa) y, por otro, las características singulares de nuestro contexto educativo.</span></p>
<p style="text-align: justify"><span style="font-family: terminal, monaco, monospace;font-size: 14pt">Por tanto, se trata de un proceso de reflexión que el profesorado debe hacer conociendo las leyes educativas en vigor de las etapas en las que trabaja, la realidad del centro educativo en el que desarrolla su labor y el alumnado concreto de su grupo-clase.</span></p>
<p style="text-align: justify"><span style="font-family: terminal, monaco, monospace;font-size: 14pt">Además, con la LOMLOE se ha tratado de potenciar la personalización del aprendizaje. De hecho, la introducción del DUA camina en este sentido: cada alumna / o es diferente, tiene un ritmo personal de aprendizaje, unos intereses concretos, etc. Al mismo tiempo, se ha apostado también por una fuerte contextualización del aprendizaje: las llamadas “situaciones de aprendizaje” intentan que la / el alumna / o sea consciente en todo momento de para qué sirve lo que está aprendiendo. Sin olvidar la autonomía pedagógica que tiene cada centro dentro del marco normativo.</span></p>
<p style="text-align: justify"><span style="font-family: terminal, monaco, monospace;font-size: 14pt">Por ello, no hay ni debe haber dos programaciones iguales. Teniendo esto en cuenta, hemos elaborado un esbozo de guion para cada etapa (uno para Infantil, otro para Primaria, otro para ESO y el último para Bachillerato) que pueden servir como ayuda al profesorado a la hora de realizar su proceso de reflexión profesional para la elaboración de su programación didáctica. Se debe considerar no como algo prescriptivo que deba cumplirse al pie de la letra, sino como un sencillo guion</span><span style="font-family: terminal, monaco, monospace;font-size: 14pt"> que puede servir como andamiaje en la construcción de la propia.</span></p>
<p style="text-align: justify"><span style="font-family: terminal, monaco, monospace;font-size: 14pt">Además, hemos incluido breves indicaciones en los distintos apartados para que sirvan como orientaciones o, al menos, como punto de partida. </span></p>
<p style="text-align: justify"><span style="font-family: terminal, monaco, monospace;font-size: 14pt">Por último, hemos seguido conscientemente en la creación del guion los apartados marcados en Séneca con el fin de facilitar el proceso de traslado a dicha plataforma una vez terminada.</span></p>
<table style="border-collapse: collapse;width: 100%;height: 380px">
<tbody>
<tr style="height: 354px">
<td style="width: 50%;height: 354px"><a href="https://docs.google.com/document/d/10_lJWEKWq3V3OKLrFSUJg79vJYc1y9Ogm_uyzz2WoPY/edit?usp=sharing" target="_blank" rel="noopener noreferrer"><img loading="lazy" decoding="async" class="aligncenter wp-image-1223" src="https://blogsaverroes.juntadeandalucia.es/ellocodelamochila/files/2022/07/file-type-doc-word-document.427x512-250x300.png" alt="" width="200" height="240" srcset="https://blogsaverroes.juntadeandalucia.es/ellocodelamochila/files/2022/07/file-type-doc-word-document.427x512-250x300.png 250w, https://blogsaverroes.juntadeandalucia.es/ellocodelamochila/files/2022/07/file-type-doc-word-document.427x512.png 427w" sizes="(max-width: 200px) 100vw, 200px" /></a></td>
<td style="width: 50%;height: 354px"><a href="https://docs.google.com/document/d/1nX2GINBrEmpHrZYTQhhwTQZCUfVwG1vQRCVHo24pfjQ/edit?usp=sharing" target="_blank" rel="noopener noreferrer"><img loading="lazy" decoding="async" class="aligncenter wp-image-1223" src="https://blogsaverroes.juntadeandalucia.es/ellocodelamochila/files/2022/07/file-type-doc-word-document.427x512-250x300.png" alt="" width="200" height="240" srcset="https://blogsaverroes.juntadeandalucia.es/ellocodelamochila/files/2022/07/file-type-doc-word-document.427x512-250x300.png 250w, https://blogsaverroes.juntadeandalucia.es/ellocodelamochila/files/2022/07/file-type-doc-word-document.427x512.png 427w" sizes="(max-width: 200px) 100vw, 200px" /></a></td>
</tr>
<tr style="height: 26px">
<td style="width: 50%;text-align: center;height: 26px"><strong><span style="font-family: terminal, monaco, monospace;font-size: 14pt">GUION DE PROGRAMACIÓN DIDÁCTICA </span></strong></p>
<p><strong><span style="font-family: terminal, monaco, monospace;font-size: 14pt">PARA INFANTIL</span></strong></td>
<td style="width: 50%;text-align: center;height: 26px"><strong><span style="font-family: terminal, monaco, monospace;font-size: 14pt">GUION DE PROGRAMACIÓN DIDÁCTICA </span></strong></p>
<p><strong><span style="font-family: terminal, monaco, monospace;font-size: 14pt">PARA PRIMARIA</span></strong></td>
</tr>
</tbody>
</table>
<table style="border-collapse: collapse;width: 100%;height: 380px">
<tbody>
<tr style="height: 354px">
<td style="width: 50%;height: 354px"><a href="https://docs.google.com/document/d/1BjexbtnrhfelVtmPbs3vXimlLsXBN2REq4oRTUzFFRw/edit?usp=share_link" target="_blank" rel="noopener noreferrer"><img loading="lazy" decoding="async" class="aligncenter wp-image-1223" src="https://blogsaverroes.juntadeandalucia.es/ellocodelamochila/files/2022/07/file-type-doc-word-document.427x512-250x300.png" alt="" width="200" height="240" srcset="https://blogsaverroes.juntadeandalucia.es/ellocodelamochila/files/2022/07/file-type-doc-word-document.427x512-250x300.png 250w, https://blogsaverroes.juntadeandalucia.es/ellocodelamochila/files/2022/07/file-type-doc-word-document.427x512.png 427w" sizes="(max-width: 200px) 100vw, 200px" /></a></td>
<td style="width: 50%;height: 354px"><a href="https://docs.google.com/document/d/13rHblJit6Cq_fLTZ14kdSMN-kBVo53VHPnE0gHOhthY/edit?usp=share_link" target="_blank" rel="noopener noreferrer"><img loading="lazy" decoding="async" class="aligncenter wp-image-1223" src="https://blogsaverroes.juntadeandalucia.es/ellocodelamochila/files/2022/07/file-type-doc-word-document.427x512-250x300.png" alt="" width="200" height="240" srcset="https://blogsaverroes.juntadeandalucia.es/ellocodelamochila/files/2022/07/file-type-doc-word-document.427x512-250x300.png 250w, https://blogsaverroes.juntadeandalucia.es/ellocodelamochila/files/2022/07/file-type-doc-word-document.427x512.png 427w" sizes="(max-width: 200px) 100vw, 200px" /></a></td>
</tr>
<tr style="height: 26px">
<td style="width: 50%;text-align: center;height: 26px"><strong><span style="font-family: terminal, monaco, monospace;font-size: 14pt">GUION DE PROGRAMACIÓN DIDÁCTICA </span></strong></p>
<p><strong><span style="font-family: terminal, monaco, monospace;font-size: 14pt">PARA ESO</span></strong></td>
<td style="width: 50%;text-align: center;height: 26px"><strong><span style="font-family: terminal, monaco, monospace;font-size: 14pt">GUION DE PROGRAMACIÓN DIDÁCTICA </span></strong></p>
<p><strong><span style="font-family: terminal, monaco, monospace;font-size: 14pt">PARA BACHILLERATO</span></strong></td>
</tr>
</tbody>
</table>
<p>&nbsp;</p>
<!--themify_builder_content-->
<div id="themify_builder_content-1657" data-postid="1657" class="themify_builder_content themify_builder_content-1657 themify_builder tf_clear">
                    <div  data-lazy="1" class="module_row themify_builder_row tb_a7zt201 tb_first tf_w">
                        <div class="row_inner col_align_top tb_col_count_1 tf_box tf_rel">
                        <div  data-lazy="1" class="module_column tb-column col-full tb_gxgy201 first">
                            <div  data-lazy="1" class="module_subrow themify_builder_sub_row tf_w col_align_top tb_col_count_2 tb_aayb644">
                <div  data-lazy="1" class="module_column sub_column col2-1 tb_d59a644 first">
                            </div>
                    <div  data-lazy="1" class="module_column sub_column col2-1 tb_e3ak644 last">
                    <!-- module social share -->
<div  class="module module-social-share tb_daub788  tb_ss_size_large tb_ss_shape_rounded" data-lazy="1" data-title="" data-url="">
        <div class="module-social-share-wrapper">
                                            <div class="ss_anchor_wrap tf_inline_b">
                        <a href="#" data-type="facebook">
                            <em class="tb_social_share_icon"><svg  aria-label="Facebook" class="tf_fa tf-ti-facebook" role="img"><use href="#tf-ti-facebook"></use></svg></em>
                                                    </a>
                    </div>
                                    <div class="ss_anchor_wrap tf_inline_b">
                        <a href="#" data-type="twitter">
                            <em class="tb_social_share_icon"><svg  aria-label="Twitter" class="tf_fa tf-fab-x-twitter" role="img"><use href="#tf-fab-x-twitter"></use></svg></em>
                                                    </a>
                    </div>
                                    <div class="ss_anchor_wrap tf_inline_b">
                        <a href="#" data-type="email">
                            <em class="tb_social_share_icon"><svg  aria-label="Email" class="tf_fa tf-ti-email" role="img"><use href="#tf-ti-email"></use></svg></em>
                                                    </a>
                    </div>
                            </div>
</div>
<!-- /module social share -->
        </div>
                    </div>
                </div>
                        </div>
        </div>
        </div>
<!--/themify_builder_content-->

<p>En el proceso de elaboración de una programación didáctica se deben tener en cuenta dos importantes cuestiones. Por un lado, la legislación educativa vigente (no hay que olvidar que una programación no es otra cosa que la concreción de la legislación educativa) y, por otro, las características singulares de nuestro contexto educativo. Por tanto, se [&hellip;]</p>
