{"id":1742,"date":"2022-12-04T17:11:56","date_gmt":"2022-12-04T16:11:56","guid":{"rendered":"https:\/\/blogsaverroes.juntadeandalucia.es\/ellocodelamochila\/?page_id=1742"},"modified":"2025-07-10T13:10:13","modified_gmt":"2025-07-10T11:10:13","slug":"situaciones-de-aprendizaje-lomloe","status":"publish","type":"page","link":"https:\/\/blogsaverroes.juntadeandalucia.es\/ellocodelamochila\/situaciones-de-aprendizaje-lomloe\/","title":{"rendered":"SITUACIONES DE APRENDIZAJE"},"content":{"rendered":"<!--themify_builder_content-->\n<div id=\"themify_builder_content-1742\" data-postid=\"1742\" class=\"themify_builder_content themify_builder_content-1742 themify_builder tf_clear\">\n                    <div  data-lazy=\"1\" class=\"module_row themify_builder_row tb_yekb449 tb_first tf_w\">\n                        <div class=\"row_inner col_align_middle tb_col_count_2 tf_box tf_rel\">\n                        <div  data-lazy=\"1\" class=\"module_column tb-column tb_dmgh449 first\">\n                    <!-- module image -->\n<div  class=\"module module-image tb_ym3m228 image-left drop-shadow bordered  auto_fullwidth tf_mw\" data-lazy=\"1\">\n        <div class=\"image-wrap tf_rel tf_mw\">\n            <img loading=\"lazy\" decoding=\"async\" width=\"1072\" height=\"1070\" src=\"https:\/\/blogsaverroes.juntadeandalucia.es\/ellocodelamochila\/files\/2025\/07\/Portada-SA.png\" class=\"wp-post-image wp-image-3284\" title=\"Portada SA\" alt=\"Portada SA\" srcset=\"https:\/\/blogsaverroes.juntadeandalucia.es\/ellocodelamochila\/files\/2025\/07\/Portada-SA.png 1072w, https:\/\/blogsaverroes.juntadeandalucia.es\/ellocodelamochila\/files\/2025\/07\/Portada-SA-300x300.png 300w, https:\/\/blogsaverroes.juntadeandalucia.es\/ellocodelamochila\/files\/2025\/07\/Portada-SA-1024x1022.png 1024w, https:\/\/blogsaverroes.juntadeandalucia.es\/ellocodelamochila\/files\/2025\/07\/Portada-SA-150x150.png 150w, https:\/\/blogsaverroes.juntadeandalucia.es\/ellocodelamochila\/files\/2025\/07\/Portada-SA-768x767.png 768w\" sizes=\"(max-width: 1072px) 100vw, 1072px\" \/>    \n        <\/div>\n    <!-- \/image-wrap -->\n    \n        <\/div>\n<!-- \/module image -->        <\/div>\n                    <div  data-lazy=\"1\" class=\"module_column tb-column tb_h87n450 last\">\n                    <!-- module menu -->\n<div  class=\"module module-menu tb_0oo1318  mobile-menu-slide\" data-menu-style=\"mobile-menu-slide\" data-menu-breakpoint=\"0\" data-element-id=\"tb_0oo1318\" data-lazy=\"1\">\n        \n    <div class=\"module-menu-container\"><ul id=\"menu-menu-situaciones-aprendizaje-lomloe\" class=\"ui tf_clearfix nav tf_rel tf_scrollbar vertical light-blue rounded gradient glossy embossed shadow\"><li id=\"menu-item-2767\" class=\"menu-item-page-2668 menu-item menu-item-type-post_type menu-item-object-page menu-item-2767\"><a href=\"https:\/\/blogsaverroes.juntadeandalucia.es\/ellocodelamochila\/situaciones-de-aprendizaje-lomloe\/y-por-donde-empiezo-yo-este-curso\/\">\u00bfY POR D\u00d3NDE EMPIEZO YO ESTE CURSO\u2026?<\/a><\/li>\n<li id=\"menu-item-2139\" class=\"menu-item-page-1145 menu-item menu-item-type-post_type menu-item-object-page menu-item-2139\"><a href=\"https:\/\/blogsaverroes.juntadeandalucia.es\/ellocodelamochila\/situaciones-de-aprendizaje-lomloe\/situaciones-de-aprendizaje\/\">APROXIMACI\u00d3N A LAS SITUACIONES DE APRENDIZAJE<\/a><\/li>\n<li id=\"menu-item-2140\" class=\"menu-item-page-1876 menu-item menu-item-type-post_type menu-item-object-page menu-item-2140\"><a href=\"https:\/\/blogsaverroes.juntadeandalucia.es\/ellocodelamochila\/situaciones-de-aprendizaje-lomloe\/elementos-de-una-situacion-de-aprendizaje\/\">ELEMENTOS DE UNA SITUACI\u00d3N DE APRENDIZAJE<\/a><\/li>\n<li id=\"menu-item-2141\" class=\"menu-item-page-2119 menu-item menu-item-type-post_type menu-item-object-page menu-item-2141\"><a href=\"https:\/\/blogsaverroes.juntadeandalucia.es\/ellocodelamochila\/situaciones-de-aprendizaje-lomloe\/kit-para-el-diseno-de-situaciones-de-aprendizaje-2\/\">KIT PARA EL DISE\u00d1O DE SITUACIONES DE APRENDIZAJE<\/a><\/li>\n<li id=\"menu-item-2768\" class=\"menu-item-page-1717 menu-item menu-item-type-post_type menu-item-object-page menu-item-2768\"><a href=\"https:\/\/blogsaverroes.juntadeandalucia.es\/ellocodelamochila\/situaciones-de-aprendizaje-lomloe\/ideas-para-el-diseno-de-nuestras-propias-situaciones-de-aprendizaje\/\">IDEAS PARA EL DISE\u00d1O DE NUESTRAS PROPIAS SITUACIONES DE APRENDIZAJE<\/a><\/li>\n<li id=\"menu-item-2142\" class=\"menu-item-page-2122 menu-item menu-item-type-post_type menu-item-object-page menu-item-2142\"><a href=\"https:\/\/blogsaverroes.juntadeandalucia.es\/ellocodelamochila\/situaciones-de-aprendizaje-lomloe\/repositorios-de-situaciones-de-aprendizaje-2\/\">REPOSITORIOS DE SITUACIONES DE APRENDIZAJE<\/a><\/li>\n<\/ul><\/div>        <style>\n            .mobile-menu-module[data-module=\"tb_0oo1318\"]{\n                right:-300px            }\n        <\/style>\n    <\/div>\n<!-- \/module menu -->\n        <\/div>\n                        <\/div>\n        <\/div>\n        <\/div>\n<!--\/themify_builder_content-->&nbsp;<\/p>\n<p>&nbsp;<\/p>","protected":false},"excerpt":{"rendered":"<p>\u00bfY POR D\u00d3NDE EMPIEZO YO ESTE CURSO\u2026? APROXIMACI\u00d3N A LAS SITUACIONES DE APRENDIZAJE ELEMENTOS DE UNA SITUACI\u00d3N DE APRENDIZAJE KIT PARA EL DISE\u00d1O DE SITUACIONES DE APRENDIZAJE IDEAS PARA EL DISE\u00d1O DE NUESTRAS PROPIAS SITUACIONES DE APRENDIZAJE REPOSITORIOS DE SITUACIONES DE APRENDIZAJE &nbsp; &nbsp;<\/p>\n","protected":false},"author":4178,"featured_media":0,"parent":0,"menu_order":4,"comment_status":"open","ping_status":"closed","template":"","meta":{"footnotes":""},"aioseo_notices":[],"_links":{"self":[{"href":"https:\/\/blogsaverroes.juntadeandalucia.es\/ellocodelamochila\/wp-json\/wp\/v2\/pages\/1742"}],"collection":[{"href":"https:\/\/blogsaverroes.juntadeandalucia.es\/ellocodelamochila\/wp-json\/wp\/v2\/pages"}],"about":[{"href":"https:\/\/blogsaverroes.juntadeandalucia.es\/ellocodelamochila\/wp-json\/wp\/v2\/types\/page"}],"author":[{"embeddable":true,"href":"https:\/\/blogsaverroes.juntadeandalucia.es\/ellocodelamochila\/wp-json\/wp\/v2\/users\/4178"}],"replies":[{"embeddable":true,"href":"https:\/\/blogsaverroes.juntadeandalucia.es\/ellocodelamochila\/wp-json\/wp\/v2\/comments?post=1742"}],"version-history":[{"count":30,"href":"https:\/\/blogsaverroes.juntadeandalucia.es\/ellocodelamochila\/wp-json\/wp\/v2\/pages\/1742\/revisions"}],"predecessor-version":[{"id":3290,"href":"https:\/\/blogsaverroes.juntadeandalucia.es\/ellocodelamochila\/wp-json\/wp\/v2\/pages\/1742\/revisions\/3290"}],"wp:attachment":[{"href":"https:\/\/blogsaverroes.juntadeandalucia.es\/ellocodelamochila\/wp-json\/wp\/v2\/media?parent=1742"}],"curies":[{"name":"wp","href":"https:\/\/api.w.org\/{rel}","templated":true}]}}