{"id":1868,"date":"2023-07-03T12:38:19","date_gmt":"2023-07-03T10:38:19","guid":{"rendered":"https:\/\/blogsaverroes.juntadeandalucia.es\/ellocodelamochila\/?page_id=1868"},"modified":"2023-09-03T17:40:48","modified_gmt":"2023-09-03T15:40:48","slug":"el-centro-organizador","status":"publish","type":"page","link":"https:\/\/blogsaverroes.juntadeandalucia.es\/ellocodelamochila\/situaciones-de-aprendizaje-lomloe\/elementos-de-una-situacion-de-aprendizaje\/el-centro-organizador\/","title":{"rendered":"EL CENTRO ORGANIZADOR"},"content":{"rendered":"<p style=\"text-align: justify\"><strong><span style=\"font-family: terminal, monaco, monospace;font-size: 14pt\"><img loading=\"lazy\" decoding=\"async\" class=\" wp-image-2471 alignright\" src=\"https:\/\/blogsaverroes.juntadeandalucia.es\/ellocodelamochila\/files\/2023\/08\/El-centro-organizador-300x300.jpg\" alt=\"\" width=\"402\" height=\"402\" srcset=\"https:\/\/blogsaverroes.juntadeandalucia.es\/ellocodelamochila\/files\/2023\/08\/El-centro-organizador-300x300.jpg 300w, https:\/\/blogsaverroes.juntadeandalucia.es\/ellocodelamochila\/files\/2023\/08\/El-centro-organizador-1024x1024.jpg 1024w, https:\/\/blogsaverroes.juntadeandalucia.es\/ellocodelamochila\/files\/2023\/08\/El-centro-organizador-150x150.jpg 150w, https:\/\/blogsaverroes.juntadeandalucia.es\/ellocodelamochila\/files\/2023\/08\/El-centro-organizador-768x768.jpg 768w, https:\/\/blogsaverroes.juntadeandalucia.es\/ellocodelamochila\/files\/2023\/08\/El-centro-organizador.jpg 1080w\" sizes=\"(max-width: 402px) 100vw, 402px\" \/>DEFINICI\u00d3N DE CENTRO ORGANIZADOR.<\/span><\/strong><\/p>\n<p style=\"text-align: justify\"><span style=\"font-family: terminal, monaco, monospace;font-size: 14pt\">El centro organizador es el punto de partida de una situaci\u00f3n de aprendizaje, constituyendo un n\u00facleo irradiador que la dota de unidad y de coherencia interna y, al mismo tiempo, la conecta con un contexto educativo concreto. No hay que olvidar que una situaci\u00f3n de aprendizaje en su conjunto es una unidad de planificaci\u00f3n did\u00e1ctica y como tal debe tener un cierto nivel de coherencia interna que la dote de sentido.<\/span><\/p>\n<p style=\"text-align: justify\"><strong><span style=\"font-family: terminal, monaco, monospace;font-size: 14pt\">FACTORES CLAVE DE UN CENTRO ORGANIZADOR.<\/span><\/strong><\/p>\n<p style=\"text-align: justify\"><span style=\"font-family: terminal, monaco, monospace;font-size: 14pt\">Para pensar y decidir un buen centro organizador debemos tener en cuenta al menos estos factores:<\/span><\/p>\n<p style=\"text-align: justify;padding-left: 40px\"><span style=\"font-family: terminal, monaco, monospace;font-size: 14pt\">&#8211;<strong>el contexto educativo<\/strong>: resulta fundamental que nuestro centro organizador est\u00e9 directamente conectado con el contexto educativo en el que vamos a implementar nuestra situaci\u00f3n de aprendizaje. Por ello, debemos tener en cuenta las caracter\u00edsticas socioculturales de nuestro alumnado as\u00ed como sus intereses. Por ello, es enormemente importante conocer a nuestro alumnado en profundidad (sus gustos, sus preocupaciones, sue\u00f1os, intenciones para el futuro\u2026) Adem\u00e1s, nuestro centro organizador debe estar perfectamente integrado dentro del contexto geogr\u00e1fico en el que vayamos a trabajarlo, aprovechando los recursos (humanos o materiales) disponibles en las inmediaciones de nuestro centro. Si pretendemos educar para la vida y apostamos por un aprendizaje experiencial qu\u00e9 menos que partir de las circunstancias y de la idiosincrasia caracter\u00edstica de la cotidianidad de nuestro alumnado.<\/span><\/p>\n<p style=\"text-align: justify;padding-left: 40px\"><span style=\"font-family: terminal, monaco, monospace;font-size: 14pt\">&#8211;<strong>el curr\u00edculo<\/strong>: es otro de los pilares de una situaci\u00f3n de aprendizaje y el centro organizador debe tenerlo en cuenta. No podemos obviar que cuando trabajamos en el aula estamos llevando a la pr\u00e1ctica una parte del curr\u00edculo de un \u00e1rea o materia, por lo que para que un centro organizador sea \u00f3ptimo debe facilitarnos el traslado a nuestra aula de varios elementos del curr\u00edculo de una o varias \u00e1reas o materias. No se trata de trabajar ocurrencias o cuestiones dispersas, sino de llevar al aula el curr\u00edculo prescriptivo.<\/span><\/p>\n<p style=\"text-align: justify;padding-left: 40px\"><span style=\"font-family: terminal, monaco, monospace;font-size: 14pt\">&#8211;<strong>el producto final<\/strong>: este no es la meta final de nuestra situaci\u00f3n de aprendizaje, pues no se debe confundir el medio con el fin. En realidad, el fin de nuestra situaci\u00f3n de aprendizaje no es otro que el aprendizaje de nuestro alumnado, pero pensar y decidir un buen producto final sin duda puede facilitarnos mucho el camino. Por ello, apostar por un producto final que sea claro y motivador para nuestro alumnado y que est\u00e9 integrado en su vida har\u00e1 que nuestra situaci\u00f3n de aprendizaje se desarrolle mucho mejor. As\u00ed, el producto final ser\u00e1 aquello que nuestro alumnado pensar\u00e1, planificar\u00e1 y crear\u00e1 a lo largo de nuestra situaci\u00f3n de aprendizaje, siendo en realidad una excusa para lo realmente importante: que nuestro alumnado aprenda.<\/span><\/p>\n<p><strong><span style=\"font-family: terminal, monaco, monospace;font-size: 14pt\"><img loading=\"lazy\" decoding=\"async\" class=\"wp-image-1873 aligncenter\" src=\"https:\/\/blogsaverroes.juntadeandalucia.es\/ellocodelamochila\/files\/2023\/06\/Imagen_centro_organizador-300x140.png\" alt=\"\" width=\"870\" height=\"406\" srcset=\"https:\/\/blogsaverroes.juntadeandalucia.es\/ellocodelamochila\/files\/2023\/06\/Imagen_centro_organizador-300x140.png 300w, https:\/\/blogsaverroes.juntadeandalucia.es\/ellocodelamochila\/files\/2023\/06\/Imagen_centro_organizador-1024x478.png 1024w, https:\/\/blogsaverroes.juntadeandalucia.es\/ellocodelamochila\/files\/2023\/06\/Imagen_centro_organizador-768x359.png 768w, https:\/\/blogsaverroes.juntadeandalucia.es\/ellocodelamochila\/files\/2023\/06\/Imagen_centro_organizador-1536x717.png 1536w, https:\/\/blogsaverroes.juntadeandalucia.es\/ellocodelamochila\/files\/2023\/06\/Imagen_centro_organizador.png 1683w\" sizes=\"(max-width: 870px) 100vw, 870px\" \/><\/span><\/strong><\/p>\n<p style=\"text-align: justify\"><span style=\"font-family: terminal, monaco, monospace;font-size: 14pt\">Estos tres factores deben ser tenidos en cuenta a la hora de decidirse por un centro organizador para nuestra situaci\u00f3n de aprendizaje.<\/span><\/p>\n<p style=\"text-align: justify\"><strong><span style=\"font-family: terminal, monaco, monospace;font-size: 14pt\">EJEMPLOS DE CENTROS ORGANIZADORES.<\/span><\/strong><\/p>\n<p style=\"text-align: justify\"><span style=\"font-family: terminal, monaco, monospace;font-size: 14pt\">Podemos mencionar algunos ejemplos de centros organizadores que pueden servir como modelo o como ideas, teniendo en cuenta que se trata de elementos que exigen una fuerte contextualizaci\u00f3n, por lo que pueden ser v\u00e1lidos para unos centros y para otros no.<\/span><\/p>\n<p style=\"text-align: justify\"><span style=\"font-family: terminal, monaco, monospace;font-size: 14pt\">El claustro de un centro educativo con el que colabor\u00e9 en una formaci\u00f3n detect\u00f3 un problema en el funcionamiento de su centro: su alumnado generaba una gran cantidad de residuos y no siempre lo depositaban en los sitios adecuados. Adem\u00e1s, indagando descubrieron que en casa no clasificaban para el reciclaje la basura en un alto porcentaje. Por ello, idearon una situaci\u00f3n de aprendizaje interdisciplinar que ten\u00eda como centro organizador la sensibilaci\u00f3n ante dicho problema, creando una campa\u00f1a de concienciaci\u00f3n internivelar sobre el reciclaje que se difundir\u00eda por distintas v\u00edas (carteler\u00eda en el centro, infograf\u00edas en la web, publicidad en redes sociales, etc.)<\/span><\/p>\n<p style=\"text-align: justify\"><span style=\"font-family: terminal, monaco, monospace;font-size: 14pt\">Este era un centro organizador \u00f3ptimo para ese centro puesto que part\u00eda de una necesidad muy concreta de su contexto educativo, despertaba el inter\u00e9s de su alumnado (especialmente en lo referente a la difusi\u00f3n en redes sociales), serv\u00eda para el desarrollo de una parte del curr\u00edculo de diversas \u00e1reas (de Conocimiento del Medio, Lengua, Ingl\u00e9s\u2026) y, adem\u00e1s, generaba productos finales de gran calidad.<\/span><\/p>\n<p style=\"text-align: justify\"><span style=\"font-family: terminal, monaco, monospace;font-size: 14pt\">En otro claustro con el que estuve trabajando en otra formaci\u00f3n similar percibieron que gran parte de su alumnado desayunaba en los recreos alimentos poco saludables. Por ello, dise\u00f1aron una situaci\u00f3n de aprendizaje en la que su centro organizador buscaba mejorar la alimentaci\u00f3n del alumnado en los recreos, creando para ello un plan de dieta saludable. Al igual que en el caso anterior, este centro organizador part\u00eda de su contexto educativo real, se vinculaba con el desarrollo de una parte del curr\u00edculo de diversas \u00e1reas (Educaci\u00f3n f\u00edsica, Conocimiento del medio, etc.) y, adem\u00e1s, creaba productos finales que mejoraban la vida de su alumnado. Por tanto, se trataba de un centro organizador muy completo.<\/span><\/p>\n<p style=\"text-align: justify\"><span style=\"font-family: terminal, monaco, monospace;font-size: 14pt\">Otro ejemplo m\u00e1s de centro organizador puede ser la difusi\u00f3n de las noticias m\u00e1s destacadas de un centro mediante la creaci\u00f3n de un podcast. En este caso, la idea surgi\u00f3 de la necesidad que otro claustro detect\u00f3 en su alumnado: dificultades en la expresi\u00f3n oral en contextos formales. Para ello, dise\u00f1aron una situaci\u00f3n de aprendizaje interdisciplinar que consist\u00eda en la preparaci\u00f3n, grabaci\u00f3n y edici\u00f3n de un podcast con las noticias m\u00e1s relevantes de su centro. Se trataba de un buen centro organizador porque nac\u00eda directamente relacionado con su contexto educativo, era motivador para su alumnado (especialmente la grabaci\u00f3n y la edici\u00f3n), respond\u00eda a una parte del curr\u00edculo de varias materias (Lengua, Ingl\u00e9s, etc.) y, adem\u00e1s, los productos finales fueron realmente interesantes.<\/span><\/p>\n<p style=\"text-align: justify\"><span style=\"font-family: terminal, monaco, monospace;font-size: 14pt\">Otras ideas que una vez contextualizadas adecuadamente y vinculadas al trabajo del curr\u00edculo de algunas \u00e1reas o materias pueden convertirse en aut\u00e9nticos centros organizadores pueden ser, por ejemplo, la creaci\u00f3n de una ruta cultural por la propia ciudad; la preparaci\u00f3n, organizaci\u00f3n y realizaci\u00f3n de una olimp\u00edada de juegos tradicionales de la zona; la creaci\u00f3n de un peri\u00f3dico escolar; la publicaci\u00f3n de un libro de plantas y animales que recoja las especies t\u00edpicas de los alrededores; la redacci\u00f3n de un libro de recetas t\u00edpicas y tradicionales de las familias; etc.<\/span><\/p>\n<p style=\"text-align: justify\"><span style=\"font-family: terminal, monaco, monospace;font-size: 14pt\">La lista de posibles centros organizadores puede ser tan extensa como queramos. Si se te ocurre alguna buena idea que pueda servir como centro organizador, no dudes en dejarlo en los comentarios de esta entrada. Si pensamos juntos y lo compartimos, seguro que llegamos m\u00e1s lejos.<\/span><\/p>\n<!--themify_builder_content-->\n<div id=\"themify_builder_content-1868\" data-postid=\"1868\" class=\"themify_builder_content themify_builder_content-1868 themify_builder tf_clear\">\n                    <div  data-lazy=\"1\" class=\"module_row themify_builder_row tb_2916646 tb_first tf_w\">\n                        <div class=\"row_inner col_align_top tb_col_count_1 tf_box tf_rel\">\n                        <div  data-lazy=\"1\" class=\"module_column tb-column col-full tb_gv2q647 first\">\n                            <div  data-lazy=\"1\" class=\"module_subrow themify_builder_sub_row tf_w col_align_top tb_col_count_2 tb_i39e958\">\n                <div  data-lazy=\"1\" class=\"module_column sub_column col2-1 tb_rxjo959 first\">\n                            <\/div>\n                    <div  data-lazy=\"1\" class=\"module_column sub_column col2-1 tb_m6oy959 last\">\n                    <!-- module social share -->\n<div  class=\"module module-social-share tb_shir297  tb_ss_size_large tb_ss_shape_rounded\" data-lazy=\"1\" data-title=\"\" data-url=\"\">\n        <div class=\"module-social-share-wrapper\">\n                                            <div class=\"ss_anchor_wrap tf_inline_b\">\n                        <a href=\"#\" data-type=\"facebook\">\n                            <em class=\"tb_social_share_icon\"><svg  aria-label=\"Facebook\" class=\"tf_fa tf-ti-facebook\" role=\"img\"><use href=\"#tf-ti-facebook\"><\/use><\/svg><\/em>\n                                                    <\/a>\n                    <\/div>\n                                    <div class=\"ss_anchor_wrap tf_inline_b\">\n                        <a href=\"#\" data-type=\"twitter\">\n                            <em class=\"tb_social_share_icon\"><svg  aria-label=\"Twitter\" class=\"tf_fa tf-fab-x-twitter\" role=\"img\"><use href=\"#tf-fab-x-twitter\"><\/use><\/svg><\/em>\n                                                    <\/a>\n                    <\/div>\n                                    <div class=\"ss_anchor_wrap tf_inline_b\">\n                        <a href=\"#\" data-type=\"email\">\n                            <em class=\"tb_social_share_icon\"><svg  aria-label=\"Email\" class=\"tf_fa tf-ti-email\" role=\"img\"><use href=\"#tf-ti-email\"><\/use><\/svg><\/em>\n                                                    <\/a>\n                    <\/div>\n                            <\/div>\n<\/div>\n<!-- \/module social share -->\n        <\/div>\n                    <\/div>\n                <\/div>\n                        <\/div>\n        <\/div>\n        <\/div>\n<!--\/themify_builder_content-->","protected":false},"excerpt":{"rendered":"<p>DEFINICI\u00d3N DE CENTRO ORGANIZADOR. El centro organizador es el punto de partida de una situaci\u00f3n de aprendizaje, constituyendo un n\u00facleo irradiador que la dota de unidad y de coherencia interna y, al mismo tiempo, la conecta con un contexto educativo concreto. No hay que olvidar que una situaci\u00f3n de aprendizaje en su conjunto es una [&hellip;]<\/p>\n","protected":false},"author":4178,"featured_media":0,"parent":1876,"menu_order":1,"comment_status":"open","ping_status":"closed","template":"","meta":{"footnotes":""},"aioseo_notices":[],"_links":{"self":[{"href":"https:\/\/blogsaverroes.juntadeandalucia.es\/ellocodelamochila\/wp-json\/wp\/v2\/pages\/1868"}],"collection":[{"href":"https:\/\/blogsaverroes.juntadeandalucia.es\/ellocodelamochila\/wp-json\/wp\/v2\/pages"}],"about":[{"href":"https:\/\/blogsaverroes.juntadeandalucia.es\/ellocodelamochila\/wp-json\/wp\/v2\/types\/page"}],"author":[{"embeddable":true,"href":"https:\/\/blogsaverroes.juntadeandalucia.es\/ellocodelamochila\/wp-json\/wp\/v2\/users\/4178"}],"replies":[{"embeddable":true,"href":"https:\/\/blogsaverroes.juntadeandalucia.es\/ellocodelamochila\/wp-json\/wp\/v2\/comments?post=1868"}],"version-history":[{"count":11,"href":"https:\/\/blogsaverroes.juntadeandalucia.es\/ellocodelamochila\/wp-json\/wp\/v2\/pages\/1868\/revisions"}],"predecessor-version":[{"id":2473,"href":"https:\/\/blogsaverroes.juntadeandalucia.es\/ellocodelamochila\/wp-json\/wp\/v2\/pages\/1868\/revisions\/2473"}],"up":[{"embeddable":true,"href":"https:\/\/blogsaverroes.juntadeandalucia.es\/ellocodelamochila\/wp-json\/wp\/v2\/pages\/1876"}],"wp:attachment":[{"href":"https:\/\/blogsaverroes.juntadeandalucia.es\/ellocodelamochila\/wp-json\/wp\/v2\/media?parent=1868"}],"curies":[{"name":"wp","href":"https:\/\/api.w.org\/{rel}","templated":true}]}}

<p style="text-align: justify"><strong><span style="font-family: terminal, monaco, monospace;font-size: 14pt"><img loading="lazy" decoding="async" class=" wp-image-2471 alignright" src="https://blogsaverroes.juntadeandalucia.es/ellocodelamochila/files/2023/08/El-centro-organizador-300x300.jpg" alt="" width="402" height="402" srcset="https://blogsaverroes.juntadeandalucia.es/ellocodelamochila/files/2023/08/El-centro-organizador-300x300.jpg 300w, https://blogsaverroes.juntadeandalucia.es/ellocodelamochila/files/2023/08/El-centro-organizador-1024x1024.jpg 1024w, https://blogsaverroes.juntadeandalucia.es/ellocodelamochila/files/2023/08/El-centro-organizador-150x150.jpg 150w, https://blogsaverroes.juntadeandalucia.es/ellocodelamochila/files/2023/08/El-centro-organizador-768x768.jpg 768w, https://blogsaverroes.juntadeandalucia.es/ellocodelamochila/files/2023/08/El-centro-organizador.jpg 1080w" sizes="(max-width: 402px) 100vw, 402px" />DEFINICIÓN DE CENTRO ORGANIZADOR.</span></strong></p>
<p style="text-align: justify"><span style="font-family: terminal, monaco, monospace;font-size: 14pt">El centro organizador es el punto de partida de una situación de aprendizaje, constituyendo un núcleo irradiador que la dota de unidad y de coherencia interna y, al mismo tiempo, la conecta con un contexto educativo concreto. No hay que olvidar que una situación de aprendizaje en su conjunto es una unidad de planificación didáctica y como tal debe tener un cierto nivel de coherencia interna que la dote de sentido.</span></p>
<p style="text-align: justify"><strong><span style="font-family: terminal, monaco, monospace;font-size: 14pt">FACTORES CLAVE DE UN CENTRO ORGANIZADOR.</span></strong></p>
<p style="text-align: justify"><span style="font-family: terminal, monaco, monospace;font-size: 14pt">Para pensar y decidir un buen centro organizador debemos tener en cuenta al menos estos factores:</span></p>
<p style="text-align: justify;padding-left: 40px"><span style="font-family: terminal, monaco, monospace;font-size: 14pt">&#8211;<strong>el contexto educativo</strong>: resulta fundamental que nuestro centro organizador esté directamente conectado con el contexto educativo en el que vamos a implementar nuestra situación de aprendizaje. Por ello, debemos tener en cuenta las características socioculturales de nuestro alumnado así como sus intereses. Por ello, es enormemente importante conocer a nuestro alumnado en profundidad (sus gustos, sus preocupaciones, sueños, intenciones para el futuro…) Además, nuestro centro organizador debe estar perfectamente integrado dentro del contexto geográfico en el que vayamos a trabajarlo, aprovechando los recursos (humanos o materiales) disponibles en las inmediaciones de nuestro centro. Si pretendemos educar para la vida y apostamos por un aprendizaje experiencial qué menos que partir de las circunstancias y de la idiosincrasia característica de la cotidianidad de nuestro alumnado.</span></p>
<p style="text-align: justify;padding-left: 40px"><span style="font-family: terminal, monaco, monospace;font-size: 14pt">&#8211;<strong>el currículo</strong>: es otro de los pilares de una situación de aprendizaje y el centro organizador debe tenerlo en cuenta. No podemos obviar que cuando trabajamos en el aula estamos llevando a la práctica una parte del currículo de un área o materia, por lo que para que un centro organizador sea óptimo debe facilitarnos el traslado a nuestra aula de varios elementos del currículo de una o varias áreas o materias. No se trata de trabajar ocurrencias o cuestiones dispersas, sino de llevar al aula el currículo prescriptivo.</span></p>
<p style="text-align: justify;padding-left: 40px"><span style="font-family: terminal, monaco, monospace;font-size: 14pt">&#8211;<strong>el producto final</strong>: este no es la meta final de nuestra situación de aprendizaje, pues no se debe confundir el medio con el fin. En realidad, el fin de nuestra situación de aprendizaje no es otro que el aprendizaje de nuestro alumnado, pero pensar y decidir un buen producto final sin duda puede facilitarnos mucho el camino. Por ello, apostar por un producto final que sea claro y motivador para nuestro alumnado y que esté integrado en su vida hará que nuestra situación de aprendizaje se desarrolle mucho mejor. Así, el producto final será aquello que nuestro alumnado pensará, planificará y creará a lo largo de nuestra situación de aprendizaje, siendo en realidad una excusa para lo realmente importante: que nuestro alumnado aprenda.</span></p>
<p><strong><span style="font-family: terminal, monaco, monospace;font-size: 14pt"><img loading="lazy" decoding="async" class="wp-image-1873 aligncenter" src="https://blogsaverroes.juntadeandalucia.es/ellocodelamochila/files/2023/06/Imagen_centro_organizador-300x140.png" alt="" width="870" height="406" srcset="https://blogsaverroes.juntadeandalucia.es/ellocodelamochila/files/2023/06/Imagen_centro_organizador-300x140.png 300w, https://blogsaverroes.juntadeandalucia.es/ellocodelamochila/files/2023/06/Imagen_centro_organizador-1024x478.png 1024w, https://blogsaverroes.juntadeandalucia.es/ellocodelamochila/files/2023/06/Imagen_centro_organizador-768x359.png 768w, https://blogsaverroes.juntadeandalucia.es/ellocodelamochila/files/2023/06/Imagen_centro_organizador-1536x717.png 1536w, https://blogsaverroes.juntadeandalucia.es/ellocodelamochila/files/2023/06/Imagen_centro_organizador.png 1683w" sizes="(max-width: 870px) 100vw, 870px" /></span></strong></p>
<p style="text-align: justify"><span style="font-family: terminal, monaco, monospace;font-size: 14pt">Estos tres factores deben ser tenidos en cuenta a la hora de decidirse por un centro organizador para nuestra situación de aprendizaje.</span></p>
<p style="text-align: justify"><strong><span style="font-family: terminal, monaco, monospace;font-size: 14pt">EJEMPLOS DE CENTROS ORGANIZADORES.</span></strong></p>
<p style="text-align: justify"><span style="font-family: terminal, monaco, monospace;font-size: 14pt">Podemos mencionar algunos ejemplos de centros organizadores que pueden servir como modelo o como ideas, teniendo en cuenta que se trata de elementos que exigen una fuerte contextualización, por lo que pueden ser válidos para unos centros y para otros no.</span></p>
<p style="text-align: justify"><span style="font-family: terminal, monaco, monospace;font-size: 14pt">El claustro de un centro educativo con el que colaboré en una formación detectó un problema en el funcionamiento de su centro: su alumnado generaba una gran cantidad de residuos y no siempre lo depositaban en los sitios adecuados. Además, indagando descubrieron que en casa no clasificaban para el reciclaje la basura en un alto porcentaje. Por ello, idearon una situación de aprendizaje interdisciplinar que tenía como centro organizador la sensibilación ante dicho problema, creando una campaña de concienciación internivelar sobre el reciclaje que se difundiría por distintas vías (cartelería en el centro, infografías en la web, publicidad en redes sociales, etc.)</span></p>
<p style="text-align: justify"><span style="font-family: terminal, monaco, monospace;font-size: 14pt">Este era un centro organizador óptimo para ese centro puesto que partía de una necesidad muy concreta de su contexto educativo, despertaba el interés de su alumnado (especialmente en lo referente a la difusión en redes sociales), servía para el desarrollo de una parte del currículo de diversas áreas (de Conocimiento del Medio, Lengua, Inglés…) y, además, generaba productos finales de gran calidad.</span></p>
<p style="text-align: justify"><span style="font-family: terminal, monaco, monospace;font-size: 14pt">En otro claustro con el que estuve trabajando en otra formación similar percibieron que gran parte de su alumnado desayunaba en los recreos alimentos poco saludables. Por ello, diseñaron una situación de aprendizaje en la que su centro organizador buscaba mejorar la alimentación del alumnado en los recreos, creando para ello un plan de dieta saludable. Al igual que en el caso anterior, este centro organizador partía de su contexto educativo real, se vinculaba con el desarrollo de una parte del currículo de diversas áreas (Educación física, Conocimiento del medio, etc.) y, además, creaba productos finales que mejoraban la vida de su alumnado. Por tanto, se trataba de un centro organizador muy completo.</span></p>
<p style="text-align: justify"><span style="font-family: terminal, monaco, monospace;font-size: 14pt">Otro ejemplo más de centro organizador puede ser la difusión de las noticias más destacadas de un centro mediante la creación de un podcast. En este caso, la idea surgió de la necesidad que otro claustro detectó en su alumnado: dificultades en la expresión oral en contextos formales. Para ello, diseñaron una situación de aprendizaje interdisciplinar que consistía en la preparación, grabación y edición de un podcast con las noticias más relevantes de su centro. Se trataba de un buen centro organizador porque nacía directamente relacionado con su contexto educativo, era motivador para su alumnado (especialmente la grabación y la edición), respondía a una parte del currículo de varias materias (Lengua, Inglés, etc.) y, además, los productos finales fueron realmente interesantes.</span></p>
<p style="text-align: justify"><span style="font-family: terminal, monaco, monospace;font-size: 14pt">Otras ideas que una vez contextualizadas adecuadamente y vinculadas al trabajo del currículo de algunas áreas o materias pueden convertirse en auténticos centros organizadores pueden ser, por ejemplo, la creación de una ruta cultural por la propia ciudad; la preparación, organización y realización de una olimpíada de juegos tradicionales de la zona; la creación de un periódico escolar; la publicación de un libro de plantas y animales que recoja las especies típicas de los alrededores; la redacción de un libro de recetas típicas y tradicionales de las familias; etc.</span></p>
<p style="text-align: justify"><span style="font-family: terminal, monaco, monospace;font-size: 14pt">La lista de posibles centros organizadores puede ser tan extensa como queramos. Si se te ocurre alguna buena idea que pueda servir como centro organizador, no dudes en dejarlo en los comentarios de esta entrada. Si pensamos juntos y lo compartimos, seguro que llegamos más lejos.</span></p>
<!--themify_builder_content-->
<div id="themify_builder_content-1868" data-postid="1868" class="themify_builder_content themify_builder_content-1868 themify_builder tf_clear">
                    <div  data-lazy="1" class="module_row themify_builder_row tb_2916646 tb_first tf_w">
                        <div class="row_inner col_align_top tb_col_count_1 tf_box tf_rel">
                        <div  data-lazy="1" class="module_column tb-column col-full tb_gv2q647 first">
                            <div  data-lazy="1" class="module_subrow themify_builder_sub_row tf_w col_align_top tb_col_count_2 tb_i39e958">
                <div  data-lazy="1" class="module_column sub_column col2-1 tb_rxjo959 first">
                            </div>
                    <div  data-lazy="1" class="module_column sub_column col2-1 tb_m6oy959 last">
                    <!-- module social share -->
<div  class="module module-social-share tb_shir297  tb_ss_size_large tb_ss_shape_rounded" data-lazy="1" data-title="" data-url="">
        <div class="module-social-share-wrapper">
                                            <div class="ss_anchor_wrap tf_inline_b">
                        <a href="#" data-type="facebook">
                            <em class="tb_social_share_icon"><svg  aria-label="Facebook" class="tf_fa tf-ti-facebook" role="img"><use href="#tf-ti-facebook"></use></svg></em>
                                                    </a>
                    </div>
                                    <div class="ss_anchor_wrap tf_inline_b">
                        <a href="#" data-type="twitter">
                            <em class="tb_social_share_icon"><svg  aria-label="Twitter" class="tf_fa tf-fab-x-twitter" role="img"><use href="#tf-fab-x-twitter"></use></svg></em>
                                                    </a>
                    </div>
                                    <div class="ss_anchor_wrap tf_inline_b">
                        <a href="#" data-type="email">
                            <em class="tb_social_share_icon"><svg  aria-label="Email" class="tf_fa tf-ti-email" role="img"><use href="#tf-ti-email"></use></svg></em>
                                                    </a>
                    </div>
                            </div>
</div>
<!-- /module social share -->
        </div>
                    </div>
                </div>
                        </div>
        </div>
        </div>
<!--/themify_builder_content-->

<p>DEFINICIÓN DE CENTRO ORGANIZADOR. El centro organizador es el punto de partida de una situación de aprendizaje, constituyendo un núcleo irradiador que la dota de unidad y de coherencia interna y, al mismo tiempo, la conecta con un contexto educativo concreto. No hay que olvidar que una situación de aprendizaje en su conjunto es una [&hellip;]</p>
