{"id":1965,"date":"2023-07-05T13:08:21","date_gmt":"2023-07-05T11:08:21","guid":{"rendered":"https:\/\/blogsaverroes.juntadeandalucia.es\/ellocodelamochila\/?page_id=1965"},"modified":"2023-09-03T17:41:39","modified_gmt":"2023-09-03T15:41:39","slug":"detonadores-para-situaciones-de-aprendizaje","status":"publish","type":"page","link":"https:\/\/blogsaverroes.juntadeandalucia.es\/ellocodelamochila\/situaciones-de-aprendizaje-lomloe\/elementos-de-una-situacion-de-aprendizaje\/detonadores-para-situaciones-de-aprendizaje\/","title":{"rendered":"DETONADORES PARA SITUACIONES DE APRENDIZAJE"},"content":{"rendered":"<p style=\"text-align: justify\"><span style=\"font-size: 14pt;font-family: terminal, monaco, monospace\"><img loading=\"lazy\" decoding=\"async\" class=\" wp-image-2474 alignright\" src=\"https:\/\/blogsaverroes.juntadeandalucia.es\/ellocodelamochila\/files\/2023\/08\/Detonadores-de-SA-300x300.jpg\" alt=\"\" width=\"439\" height=\"439\" srcset=\"https:\/\/blogsaverroes.juntadeandalucia.es\/ellocodelamochila\/files\/2023\/08\/Detonadores-de-SA-300x300.jpg 300w, https:\/\/blogsaverroes.juntadeandalucia.es\/ellocodelamochila\/files\/2023\/08\/Detonadores-de-SA-1024x1024.jpg 1024w, https:\/\/blogsaverroes.juntadeandalucia.es\/ellocodelamochila\/files\/2023\/08\/Detonadores-de-SA-150x150.jpg 150w, https:\/\/blogsaverroes.juntadeandalucia.es\/ellocodelamochila\/files\/2023\/08\/Detonadores-de-SA-768x768.jpg 768w, https:\/\/blogsaverroes.juntadeandalucia.es\/ellocodelamochila\/files\/2023\/08\/Detonadores-de-SA.jpg 1080w\" sizes=\"(max-width: 439px) 100vw, 439px\" \/>El centro organizador de una situaci\u00f3n de aprendizaje adquiere una importancia clave para el buen desarrollo de la misma, pues supone un punto de anclaje en torno al cual se integran el resto de los elementos de la situaci\u00f3n, dotando a la misma de coherencia interna y articulando su narrativa.<\/span><\/p>\n<p style=\"text-align: justify\"><span style=\"font-size: 14pt;font-family: terminal, monaco, monospace\">Por ello, es fundamental pensar y seleccionar centros organizadores que, por un lado, posibiliten el trabajo de todos los elementos del curr\u00edculo (las competencias espec\u00edficas, los saberes b\u00e1sicos, los criterios de evaluaci\u00f3n\u2026) y, por otro, favorezcan el enfoque competencial y, al mismo tiempo, sean interesantes y motivadores vistos desde la \u00f3ptica de nuestro alumnado.<\/span><\/p>\n<p style=\"text-align: justify\"><span style=\"font-size: 14pt;font-family: terminal, monaco, monospace\">Y a todo esto hemos de sumarle la contextualizaci\u00f3n, dado que las situaciones de aprendizaje pretenden tomar como punto de partida la realidad m\u00e1s inmediata en la que se desenvuelve la vida de nuestro alumnado.<\/span><\/p>\n<p style=\"text-align: justify\"><span style=\"font-size: 14pt;font-family: terminal, monaco, monospace\">As\u00ed pues, supone una tarea compleja aunar todas estas caracter\u00edsticas en un centro organizador. Por ello, vamos a compartir aqu\u00ed algunas ideas que pueden servir -con las adaptaciones que sean necesarias (al centro concreto, a la etapa, al curso, al grupo\u2026)- como germen o, al menos, como fuente de inspiraci\u00f3n para decidir centros organizadores propios en torno a los cuales articular el dise\u00f1o del resto de nuestras situaciones de aprendizaje.<\/span><\/p>\n<p style=\"text-align: justify\"><span style=\"font-size: 14pt;font-family: terminal, monaco, monospace\">Juan Jos\u00e9 Vergara dedica un apartado de su libro <em>Aprendo porque quiero. El Aprendizaje Basado en Proyectos (ABP) paso a paso<\/em> a este mismo tema. Lo titula \u201c<em>\u00bfDe qui\u00e9n parte y c\u00f3mo puede saltar la chispa?<\/em>\u201d y habla de:<\/span><\/p>\n<p style=\"text-align: justify;padding-left: 40px\"><span style=\"font-size: 14pt;font-family: terminal, monaco, monospace\">-Inter\u00e9s espont\u00e1neo de los alumnos: la dependencia de los adolescentes de las redes sociales\u2026<\/span><\/p>\n<p style=\"text-align: justify;padding-left: 40px\"><span style=\"font-size: 14pt;font-family: terminal, monaco, monospace\">-Un suceso o acontecimiento: noticias que hayan pasado recientemente en el contexto cercano\u2026<\/span><\/p>\n<p style=\"text-align: justify;padding-left: 40px\"><span style=\"font-size: 14pt;font-family: terminal, monaco, monospace\">-Un encargo: campa\u00f1a publicitaria de nuestra biblioteca, el peri\u00f3dico digital de nuestro centro, nuestro huerto escolar, una dieta saludable para los recreos\u2026<\/span><\/p>\n<p style=\"text-align: justify;padding-left: 40px\"><span style=\"font-size: 14pt;font-family: terminal, monaco, monospace\">-Una acci\u00f3n provocada: \u00bfes nuestro centro accesible para gente con discapacidad?<\/span><\/p>\n<p style=\"text-align: justify;padding-left: 40px\"><span style=\"font-size: 14pt;font-family: terminal, monaco, monospace\">-Una propuesta comunitaria: una colaboraci\u00f3n con una ONG del barrio\u2026<\/span><\/p>\n<p style=\"text-align: justify;padding-left: 40px\"><span style=\"font-size: 14pt;font-family: terminal, monaco, monospace\">-Preguntas generadoras: cu\u00e1nto les cuesto a mi familia, cu\u00e1l es el animal m\u00e1s grande sobre la tierra\u2026<\/span><\/p>\n<p style=\"text-align: justify;padding-left: 40px\"><span style=\"font-size: 14pt;font-family: terminal, monaco, monospace\">-Desaf\u00edos: qu\u00e9 puedo hacer yo para salvar el mundo, somos machistas?, conoces tu pueblo realmente?<\/span><\/p>\n<p style=\"text-align: justify\"><span style=\"font-size: 14pt;font-family: terminal, monaco, monospace\">En una formaci\u00f3n en el CEP de \u00dabeda en la que colabor\u00e9 las personas que asistieron tuvieron la amabilidad de compartir ideas sobre posibles centros organizadores que bien hab\u00edan llevado ya a sus aulas o bien ten\u00edan pensado hacerlo en un futuro.<\/span><\/p>\n<p style=\"text-align: justify\"><span style=\"font-size: 14pt;font-family: terminal, monaco, monospace\">El fruto de esta reflexi\u00f3n colectiva de docentes de infantil, primaria, secundaria y ciclos formativos fueron estas pizarras repletas de ideas \u00fatiles:<\/span><\/p>\n<p>[ngg src=\u00bbgalleries\u00bb ids=\u00bb3&#8243; display=\u00bbbasic_imagebrowser\u00bb]<!--themify_builder_content-->\n<div id=\"themify_builder_content-1965\" data-postid=\"1965\" class=\"themify_builder_content themify_builder_content-1965 themify_builder tf_clear\">\n                    <div  data-lazy=\"1\" class=\"module_row themify_builder_row tb_6twz464 tb_first tf_w\">\n                        <div class=\"row_inner col_align_top tb_col_count_1 tf_box tf_rel\">\n                        <div  data-lazy=\"1\" class=\"module_column tb-column col-full tb_g1f2464 first\">\n                            <div  data-lazy=\"1\" class=\"module_subrow themify_builder_sub_row tf_w col_align_top tb_col_count_2 tb_letn59\">\n                <div  data-lazy=\"1\" class=\"module_column sub_column col2-1 tb_ga9y59 first\">\n                            <\/div>\n                    <div  data-lazy=\"1\" class=\"module_column sub_column col2-1 tb_u50459 last\">\n                    <!-- module social share -->\n<div  class=\"module module-social-share tb_qww7505  tb_ss_size_large tb_ss_shape_rounded\" data-lazy=\"1\" data-title=\"\" data-url=\"\">\n        <div class=\"module-social-share-wrapper\">\n                                            <div class=\"ss_anchor_wrap tf_inline_b\">\n                        <a href=\"#\" data-type=\"facebook\">\n                            <em class=\"tb_social_share_icon\"><svg  aria-label=\"Facebook\" class=\"tf_fa tf-ti-facebook\" role=\"img\"><use href=\"#tf-ti-facebook\"><\/use><\/svg><\/em>\n                                                    <\/a>\n                    <\/div>\n                                    <div class=\"ss_anchor_wrap tf_inline_b\">\n                        <a href=\"#\" data-type=\"twitter\">\n                            <em class=\"tb_social_share_icon\"><svg  aria-label=\"Twitter\" class=\"tf_fa tf-fab-x-twitter\" role=\"img\"><use href=\"#tf-fab-x-twitter\"><\/use><\/svg><\/em>\n                                                    <\/a>\n                    <\/div>\n                                    <div class=\"ss_anchor_wrap tf_inline_b\">\n                        <a href=\"#\" data-type=\"email\">\n                            <em class=\"tb_social_share_icon\"><svg  aria-label=\"Email\" class=\"tf_fa tf-ti-email\" role=\"img\"><use href=\"#tf-ti-email\"><\/use><\/svg><\/em>\n                                                    <\/a>\n                    <\/div>\n                            <\/div>\n<\/div>\n<!-- \/module social share -->\n        <\/div>\n                    <\/div>\n                <\/div>\n                        <\/div>\n        <\/div>\n        <\/div>\n<!--\/themify_builder_content-->","protected":false},"excerpt":{"rendered":"<p>El centro organizador de una situaci\u00f3n de aprendizaje adquiere una importancia clave para el buen desarrollo de la misma, pues supone un punto de anclaje en torno al cual se integran el resto de los elementos de la situaci\u00f3n, dotando a la misma de coherencia interna y articulando su narrativa. Por ello, es fundamental pensar [&hellip;]<\/p>\n","protected":false},"author":4178,"featured_media":0,"parent":1876,"menu_order":2,"comment_status":"open","ping_status":"closed","template":"","meta":{"footnotes":""},"aioseo_notices":[],"_links":{"self":[{"href":"https:\/\/blogsaverroes.juntadeandalucia.es\/ellocodelamochila\/wp-json\/wp\/v2\/pages\/1965"}],"collection":[{"href":"https:\/\/blogsaverroes.juntadeandalucia.es\/ellocodelamochila\/wp-json\/wp\/v2\/pages"}],"about":[{"href":"https:\/\/blogsaverroes.juntadeandalucia.es\/ellocodelamochila\/wp-json\/wp\/v2\/types\/page"}],"author":[{"embeddable":true,"href":"https:\/\/blogsaverroes.juntadeandalucia.es\/ellocodelamochila\/wp-json\/wp\/v2\/users\/4178"}],"replies":[{"embeddable":true,"href":"https:\/\/blogsaverroes.juntadeandalucia.es\/ellocodelamochila\/wp-json\/wp\/v2\/comments?post=1965"}],"version-history":[{"count":7,"href":"https:\/\/blogsaverroes.juntadeandalucia.es\/ellocodelamochila\/wp-json\/wp\/v2\/pages\/1965\/revisions"}],"predecessor-version":[{"id":2475,"href":"https:\/\/blogsaverroes.juntadeandalucia.es\/ellocodelamochila\/wp-json\/wp\/v2\/pages\/1965\/revisions\/2475"}],"up":[{"embeddable":true,"href":"https:\/\/blogsaverroes.juntadeandalucia.es\/ellocodelamochila\/wp-json\/wp\/v2\/pages\/1876"}],"wp:attachment":[{"href":"https:\/\/blogsaverroes.juntadeandalucia.es\/ellocodelamochila\/wp-json\/wp\/v2\/media?parent=1965"}],"curies":[{"name":"wp","href":"https:\/\/api.w.org\/{rel}","templated":true}]}}

<p style="text-align: justify"><span style="font-size: 14pt;font-family: terminal, monaco, monospace"><img loading="lazy" decoding="async" class=" wp-image-2474 alignright" src="https://blogsaverroes.juntadeandalucia.es/ellocodelamochila/files/2023/08/Detonadores-de-SA-300x300.jpg" alt="" width="439" height="439" srcset="https://blogsaverroes.juntadeandalucia.es/ellocodelamochila/files/2023/08/Detonadores-de-SA-300x300.jpg 300w, https://blogsaverroes.juntadeandalucia.es/ellocodelamochila/files/2023/08/Detonadores-de-SA-1024x1024.jpg 1024w, https://blogsaverroes.juntadeandalucia.es/ellocodelamochila/files/2023/08/Detonadores-de-SA-150x150.jpg 150w, https://blogsaverroes.juntadeandalucia.es/ellocodelamochila/files/2023/08/Detonadores-de-SA-768x768.jpg 768w, https://blogsaverroes.juntadeandalucia.es/ellocodelamochila/files/2023/08/Detonadores-de-SA.jpg 1080w" sizes="(max-width: 439px) 100vw, 439px" />El centro organizador de una situación de aprendizaje adquiere una importancia clave para el buen desarrollo de la misma, pues supone un punto de anclaje en torno al cual se integran el resto de los elementos de la situación, dotando a la misma de coherencia interna y articulando su narrativa.</span></p>
<p style="text-align: justify"><span style="font-size: 14pt;font-family: terminal, monaco, monospace">Por ello, es fundamental pensar y seleccionar centros organizadores que, por un lado, posibiliten el trabajo de todos los elementos del currículo (las competencias específicas, los saberes básicos, los criterios de evaluación…) y, por otro, favorezcan el enfoque competencial y, al mismo tiempo, sean interesantes y motivadores vistos desde la óptica de nuestro alumnado.</span></p>
<p style="text-align: justify"><span style="font-size: 14pt;font-family: terminal, monaco, monospace">Y a todo esto hemos de sumarle la contextualización, dado que las situaciones de aprendizaje pretenden tomar como punto de partida la realidad más inmediata en la que se desenvuelve la vida de nuestro alumnado.</span></p>
<p style="text-align: justify"><span style="font-size: 14pt;font-family: terminal, monaco, monospace">Así pues, supone una tarea compleja aunar todas estas características en un centro organizador. Por ello, vamos a compartir aquí algunas ideas que pueden servir -con las adaptaciones que sean necesarias (al centro concreto, a la etapa, al curso, al grupo…)- como germen o, al menos, como fuente de inspiración para decidir centros organizadores propios en torno a los cuales articular el diseño del resto de nuestras situaciones de aprendizaje.</span></p>
<p style="text-align: justify"><span style="font-size: 14pt;font-family: terminal, monaco, monospace">Juan José Vergara dedica un apartado de su libro <em>Aprendo porque quiero. El Aprendizaje Basado en Proyectos (ABP) paso a paso</em> a este mismo tema. Lo titula “<em>¿De quién parte y cómo puede saltar la chispa?</em>” y habla de:</span></p>
<p style="text-align: justify;padding-left: 40px"><span style="font-size: 14pt;font-family: terminal, monaco, monospace">-Interés espontáneo de los alumnos: la dependencia de los adolescentes de las redes sociales…</span></p>
<p style="text-align: justify;padding-left: 40px"><span style="font-size: 14pt;font-family: terminal, monaco, monospace">-Un suceso o acontecimiento: noticias que hayan pasado recientemente en el contexto cercano…</span></p>
<p style="text-align: justify;padding-left: 40px"><span style="font-size: 14pt;font-family: terminal, monaco, monospace">-Un encargo: campaña publicitaria de nuestra biblioteca, el periódico digital de nuestro centro, nuestro huerto escolar, una dieta saludable para los recreos…</span></p>
<p style="text-align: justify;padding-left: 40px"><span style="font-size: 14pt;font-family: terminal, monaco, monospace">-Una acción provocada: ¿es nuestro centro accesible para gente con discapacidad?</span></p>
<p style="text-align: justify;padding-left: 40px"><span style="font-size: 14pt;font-family: terminal, monaco, monospace">-Una propuesta comunitaria: una colaboración con una ONG del barrio…</span></p>
<p style="text-align: justify;padding-left: 40px"><span style="font-size: 14pt;font-family: terminal, monaco, monospace">-Preguntas generadoras: cuánto les cuesto a mi familia, cuál es el animal más grande sobre la tierra…</span></p>
<p style="text-align: justify;padding-left: 40px"><span style="font-size: 14pt;font-family: terminal, monaco, monospace">-Desafíos: qué puedo hacer yo para salvar el mundo, somos machistas?, conoces tu pueblo realmente?</span></p>
<p style="text-align: justify"><span style="font-size: 14pt;font-family: terminal, monaco, monospace">En una formación en el CEP de Úbeda en la que colaboré las personas que asistieron tuvieron la amabilidad de compartir ideas sobre posibles centros organizadores que bien habían llevado ya a sus aulas o bien tenían pensado hacerlo en un futuro.</span></p>
<p style="text-align: justify"><span style="font-size: 14pt;font-family: terminal, monaco, monospace">El fruto de esta reflexión colectiva de docentes de infantil, primaria, secundaria y ciclos formativos fueron estas pizarras repletas de ideas útiles:</span></p>
<p>[ngg src=»galleries» ids=»3&#8243; display=»basic_imagebrowser»]<!--themify_builder_content-->
<div id="themify_builder_content-1965" data-postid="1965" class="themify_builder_content themify_builder_content-1965 themify_builder tf_clear">
                    <div  data-lazy="1" class="module_row themify_builder_row tb_6twz464 tb_first tf_w">
                        <div class="row_inner col_align_top tb_col_count_1 tf_box tf_rel">
                        <div  data-lazy="1" class="module_column tb-column col-full tb_g1f2464 first">
                            <div  data-lazy="1" class="module_subrow themify_builder_sub_row tf_w col_align_top tb_col_count_2 tb_letn59">
                <div  data-lazy="1" class="module_column sub_column col2-1 tb_ga9y59 first">
                            </div>
                    <div  data-lazy="1" class="module_column sub_column col2-1 tb_u50459 last">
                    <!-- module social share -->
<div  class="module module-social-share tb_qww7505  tb_ss_size_large tb_ss_shape_rounded" data-lazy="1" data-title="" data-url="">
        <div class="module-social-share-wrapper">
                                            <div class="ss_anchor_wrap tf_inline_b">
                        <a href="#" data-type="facebook">
                            <em class="tb_social_share_icon"><svg  aria-label="Facebook" class="tf_fa tf-ti-facebook" role="img"><use href="#tf-ti-facebook"></use></svg></em>
                                                    </a>
                    </div>
                                    <div class="ss_anchor_wrap tf_inline_b">
                        <a href="#" data-type="twitter">
                            <em class="tb_social_share_icon"><svg  aria-label="Twitter" class="tf_fa tf-fab-x-twitter" role="img"><use href="#tf-fab-x-twitter"></use></svg></em>
                                                    </a>
                    </div>
                                    <div class="ss_anchor_wrap tf_inline_b">
                        <a href="#" data-type="email">
                            <em class="tb_social_share_icon"><svg  aria-label="Email" class="tf_fa tf-ti-email" role="img"><use href="#tf-ti-email"></use></svg></em>
                                                    </a>
                    </div>
                            </div>
</div>
<!-- /module social share -->
        </div>
                    </div>
                </div>
                        </div>
        </div>
        </div>
<!--/themify_builder_content-->

<p>El centro organizador de una situación de aprendizaje adquiere una importancia clave para el buen desarrollo de la misma, pues supone un punto de anclaje en torno al cual se integran el resto de los elementos de la situación, dotando a la misma de coherencia interna y articulando su narrativa. Por ello, es fundamental pensar [&hellip;]</p>
