{"id":2077,"date":"2023-07-25T12:34:25","date_gmt":"2023-07-25T10:34:25","guid":{"rendered":"https:\/\/blogsaverroes.juntadeandalucia.es\/ellocodelamochila\/?page_id=2077"},"modified":"2023-09-03T17:23:23","modified_gmt":"2023-09-03T15:23:23","slug":"el-perfil-de-salida-una-mirada-a-largo-plazo","status":"publish","type":"page","link":"https:\/\/blogsaverroes.juntadeandalucia.es\/ellocodelamochila\/lomloe\/el-perfil-de-salida-una-mirada-a-largo-plazo\/","title":{"rendered":"EL PERFIL DE SALIDA, UNA MIRADA A LARGO PLAZO"},"content":{"rendered":"<p style=\"text-align: justify\"><strong><span style=\"font-family: terminal, monaco, monospace;font-size: 14pt\"><img loading=\"lazy\" decoding=\"async\" class=\" wp-image-2462 alignright\" src=\"https:\/\/blogsaverroes.juntadeandalucia.es\/ellocodelamochila\/files\/2023\/08\/El-perfil-de-salida-300x300.jpg\" alt=\"\" width=\"414\" height=\"414\" srcset=\"https:\/\/blogsaverroes.juntadeandalucia.es\/ellocodelamochila\/files\/2023\/08\/El-perfil-de-salida-300x300.jpg 300w, https:\/\/blogsaverroes.juntadeandalucia.es\/ellocodelamochila\/files\/2023\/08\/El-perfil-de-salida-1024x1024.jpg 1024w, https:\/\/blogsaverroes.juntadeandalucia.es\/ellocodelamochila\/files\/2023\/08\/El-perfil-de-salida-150x150.jpg 150w, https:\/\/blogsaverroes.juntadeandalucia.es\/ellocodelamochila\/files\/2023\/08\/El-perfil-de-salida-768x768.jpg 768w, https:\/\/blogsaverroes.juntadeandalucia.es\/ellocodelamochila\/files\/2023\/08\/El-perfil-de-salida.jpg 1080w\" sizes=\"(max-width: 414px) 100vw, 414px\" \/>EL PAPEL DEL PERFIL DE SALIDA.<br \/>\n<\/span><\/strong><\/p>\n<p style=\"text-align: justify\"><span style=\"font-family: terminal, monaco, monospace;font-size: 14pt\">Es habitual que el profesorado use como punto de referencia principal las competencias espec\u00edficas de su \u00e1rea o materia a la hora de dise\u00f1ar sus situaciones de aprendizaje. Esto es algo \u00fatil y pr\u00e1ctico, pues no hay que olvidar que las competencias espec\u00edficas constituyen un elemento bisagra que permite la conexi\u00f3n entre los descriptores operativos y las competencias clave por un lado y los criterios de evaluaci\u00f3n y sus saberes b\u00e1sicos asociados por otro. Por tanto, las competencias espec\u00edficas son un \u00f3ptimo elemento vertebrados de nuestras situaciones de aprendizaje desde el punto de vista curricular.<\/span><\/p>\n<p style=\"text-align: justify\"><span style=\"font-family: terminal, monaco, monospace;font-size: 14pt\">Sin embargo, tomar como referentes las competencias espec\u00edficas supone una mirada a corto plazo. Implica pensar en c\u00f3mo dise\u00f1ar una situaci\u00f3n de aprendizaje con un enfoque competencial y globalizador, permitiendo la interconexi\u00f3n de los distintos elementos curriculares.<\/span><\/p>\n<p style=\"text-align: justify\"><span style=\"font-family: terminal, monaco, monospace;font-size: 14pt\">Pero el trabajo de planificaci\u00f3n docente no debe limitarse a pensar en el corto plazo, sino que debe completarse con otra mirada m\u00e1s a largo plazo. Es decir, la necesidad del organizar el d\u00eda a d\u00eda en el aula debe ser compatible con una planificaci\u00f3n del curso e, incluso, de la etapa.<\/span><\/p>\n<p style=\"text-align: justify\"><span style=\"font-family: terminal, monaco, monospace;font-size: 14pt\">Y es justo aqu\u00ed cuando entra en juego lo que denominamos \u201cperfil de salida\u201d, que si bien recoge toda una serie de descriptores operativos que formar\u00e1n parte de nuestras situaciones de aprendizaje, sirve al mismo tiempo para fijar el camino que debe seguir el aprendizaje de nuestro alumnado a lo largo del curso y de la etapa.<\/span><\/p>\n<p>&nbsp;<\/p>\n<p style=\"text-align: justify\"><strong><span style=\"font-family: terminal, monaco, monospace;font-size: 14pt\">QU\u00c9 ES EL PERFIL DE SALIDA.<\/span><\/strong><\/p>\n<p style=\"text-align: justify\"><span style=\"font-family: terminal, monaco, monospace;font-size: 14pt\">En el <a href=\"https:\/\/www.boe.es\/boe\/dias\/2022\/03\/30\/pdfs\/BOE-A-2022-4975.pdf\" target=\"_blank\" rel=\"noopener noreferrer\"><em>Real Decreto 217\/2022, de 29 de marzo, por el que se establece la ordenaci\u00f3n y las ense\u00f1anzas m\u00ednimas de la Educaci\u00f3n Secundaria Obligatoria<\/em><\/a> se define as\u00ed el perfil de salida:<\/span><\/p>\n<p style=\"text-align: justify;padding-left: 80px\"><span style=\"font-family: terminal, monaco, monospace;font-size: 14pt\"><em>\u201cEl Perfil de salida del alumnado al t\u00e9rmino de la ense\u00f1anza b\u00e1sica fija las competencias clave que el alumnado debe haber adquirido y desarrollado al finalizar la ense\u00f1anza b\u00e1sica. Constituye el referente \u00faltimo del desempe\u00f1o competencial, tanto en la evaluaci\u00f3n de las distintas etapas y modalidades de la formaci\u00f3n b\u00e1sica, como para la titulaci\u00f3n de Graduado en Educaci\u00f3n Secundaria Obligatoria. Fundamenta el resto de decisiones curriculares, as\u00ed como las estrategias y orientaciones metodol\u00f3gicas en la pr\u00e1ctica lectiva\u201d. (art\u00edculo 11, apartado 2).<\/em><\/span><\/p>\n<p style=\"text-align: justify\"><span style=\"font-family: terminal, monaco, monospace;font-size: 14pt\">De una forma similar, se vuelve a ofrecer una definici\u00f3n de perfil de salida en el anexo I de dicho Real Decreto:<\/span><\/p>\n<p style=\"text-align: justify;padding-left: 80px\"><span style=\"font-family: terminal, monaco, monospace;font-size: 14pt\"><em>\u201cEl Perfil de salida del alumnado al t\u00e9rmino de la ense\u00f1anza b\u00e1sica es la herramienta en la que se concretan los principios y los fines del sistema educativo espa\u00f1ol referidos a dicho periodo. El Perfil identifica y define, en conexi\u00f3n con los retos del siglo XXI, las competencias clave que se espera que los alumnos y alumnas hayan desarrollado al completar esta fase de su itinerario formativo\u201d.<\/em><\/span><\/p>\n<p style=\"text-align: justify\"><span style=\"font-family: terminal, monaco, monospace;font-size: 14pt\">Por tanto, el perfil de salida fija el rumbo que debe seguir la planificaci\u00f3n docente en el dise\u00f1o de las situaciones de aprendizaje a largo plazo, concretando al m\u00e1ximo los aprendizajes que debe ir adquiriendo el alumnado a lo largo de toda la etapa.<\/span><\/p>\n<p>&nbsp;<\/p>\n<p style=\"text-align: justify\"><strong><span style=\"font-family: terminal, monaco, monospace;font-size: 14pt\">CARACTER\u00cdSTICAS DEL PERFIL DE SALIDA.<\/span><\/strong><\/p>\n<p style=\"text-align: justify\"><span style=\"font-family: terminal, monaco, monospace;font-size: 14pt\">En el anexo I del <em>Real Decreto<\/em> se citan algunas de las caracter\u00edsticas m\u00e1s relevantes del perfil de salida. En concreto, algunas son las siguientes:<\/span><\/p>\n<p style=\"text-align: justify;padding-left: 80px\"><span style=\"font-family: terminal, monaco, monospace;font-size: 14pt\">-es \u00fanico y el mismo para todo el territorio nacional, es decir, las comunidades aut\u00f3nomas no tienen ning\u00fan margen de acci\u00f3n para introducir modificaciones o singularidades propias;<\/span><\/p>\n<p style=\"text-align: justify;padding-left: 80px\"><span style=\"font-family: terminal, monaco, monospace;font-size: 14pt\">-es el punto hacia el que convergen los objetivos de las distintas etapas educativas;<\/span><\/p>\n<p style=\"text-align: justify;padding-left: 80px\"><span style=\"font-family: terminal, monaco, monospace;font-size: 14pt\">-debe fundamentar las decisiones curriculares, las estrategias y las orientaciones metodol\u00f3gicas en la pr\u00e1ctica;<\/span><\/p>\n<p style=\"text-align: justify;padding-left: 80px\"><span style=\"font-family: terminal, monaco, monospace;font-size: 14pt\">-fundamenta la toma de decisiones sobre la promoci\u00f3n entre los distintos cursos y la decisi\u00f3n sobre la titulaci\u00f3n.<\/span><\/p>\n<p>&nbsp;<\/p>\n<p style=\"text-align: justify\"><strong><span style=\"font-family: terminal, monaco, monospace;font-size: 14pt\">REFERENTES USADOS EN LA ELABORACI\u00d3N DEL PERFIL DE SALIDA.<\/span><\/strong><\/p>\n<p style=\"text-align: justify\"><span style=\"font-family: terminal, monaco, monospace;font-size: 14pt\">La creaci\u00f3n del perfil de salida constituye un verdadero desaf\u00edo pedag\u00f3gico, especialmente teniendo si tenemos en cuenta su enorme importancia y tambi\u00e9n el hecho de que es la piedra angular del curr\u00edculo de todas las \u00e1reas o materias de la etapa. Para su elaboraci\u00f3n se ha tenido en cuenta varias fuentes:<\/span><\/p>\n<p style=\"text-align: justify;padding-left: 80px\"><span style=\"font-family: terminal, monaco, monospace;font-size: 14pt\">-la <a href=\"https:\/\/eur-lex.europa.eu\/legal-content\/ES\/TXT\/PDF\/?uri=CELEX:32018H0604(01)\" target=\"_blank\" rel=\"noopener noreferrer\">Recomendaci\u00f3n del Consejo de la Uni\u00f3n Europea, de 22 de mayo de 2018<\/a>, relativa a las competencias clave para el aprendizaje permanente;<\/span><\/p>\n<p style=\"text-align: justify;padding-left: 80px\"><span style=\"font-family: terminal, monaco, monospace;font-size: 14pt\">-los retos y desaf\u00edos globales del siglo XXI;<\/span><\/p>\n<p style=\"text-align: justify;padding-left: 80px\"><span style=\"font-family: terminal, monaco, monospace;font-size: 14pt\">-los retos recogidos en el documento <a href=\"https:\/\/www.ibe.unesco.org\/sites\/default\/files\/resources\/reconceptualizing_and_repositioning.pdf?fbclid=IwAR3oOL6pkLL-j4VtLB4ClIFtuDP6fD2M5SAz2zvTKcsfe2NDg3_i0_nL-Ao\" target=\"_blank\" rel=\"noopener noreferrer\"><em>Key Drivers of Curricula Change in the 21st Century<\/em><\/a> de la Oficina Internacional de Educaci\u00f3n de la UNESCO,;<\/span><\/p>\n<p style=\"text-align: justify;padding-left: 80px\"><span style=\"font-family: terminal, monaco, monospace;font-size: 14pt\">-los <a href=\"https:\/\/unesdoc.unesco.org\/ark:\/48223\/pf0000252423\" target=\"_blank\" rel=\"noopener noreferrer\">Objetivos de Desarrollo Sostenible de la Agenda 2030<\/a> adoptada por la Asamblea General de las Naciones Unidas en septiembre de 2015.<\/span><\/p>\n<p><strong><span style=\"font-family: terminal, monaco, monospace;font-size: 14pt\"><img loading=\"lazy\" decoding=\"async\" class=\"wp-image-2080 aligncenter\" src=\"https:\/\/blogsaverroes.juntadeandalucia.es\/ellocodelamochila\/files\/2023\/07\/Infograf\u00eda-perfil-salida-300x169.jpg\" alt=\"\" width=\"964\" height=\"543\" srcset=\"https:\/\/blogsaverroes.juntadeandalucia.es\/ellocodelamochila\/files\/2023\/07\/Infograf\u00eda-perfil-salida-300x169.jpg 300w, https:\/\/blogsaverroes.juntadeandalucia.es\/ellocodelamochila\/files\/2023\/07\/Infograf\u00eda-perfil-salida-1024x576.jpg 1024w, https:\/\/blogsaverroes.juntadeandalucia.es\/ellocodelamochila\/files\/2023\/07\/Infograf\u00eda-perfil-salida-768x432.jpg 768w, https:\/\/blogsaverroes.juntadeandalucia.es\/ellocodelamochila\/files\/2023\/07\/Infograf\u00eda-perfil-salida-1536x864.jpg 1536w, https:\/\/blogsaverroes.juntadeandalucia.es\/ellocodelamochila\/files\/2023\/07\/Infograf\u00eda-perfil-salida.jpg 1920w\" sizes=\"(max-width: 964px) 100vw, 964px\" \/><\/span><\/strong><\/p>\n<p style=\"text-align: justify\"><strong><span style=\"font-family: terminal, monaco, monospace;font-size: 14pt\">\u00bfY EL PERFIL COMPETENCIAL QU\u00c9 ES?<\/span><\/strong><\/p>\n<p style=\"text-align: justify\"><span style=\"font-family: terminal, monaco, monospace;font-size: 14pt\">En Andaluc\u00eda existen dos t\u00e9rminos que si bien est\u00e1n muy interrelacionados no son exactamente lo mismo. Son \u201cperfil competencial\u201d y \u201cperfil de salida\u201d.<\/span><\/p>\n<p style=\"text-align: justify\"><span style=\"font-family: terminal, monaco, monospace;font-size: 14pt\">En el <a href=\"https:\/\/drive.google.com\/file\/d\/1-aeShXgJFNCak4ZuQ1WXRTOCJgydzS3y\/view?usp=share_link\" target=\"_blank\" rel=\"noopener noreferrer\"><em>Decreto 102\/2023, de 9 de mayo, por el que se establece la ordenaci\u00f3n y el curr\u00edculo de la etapa de Educaci\u00f3n Secundaria Obligatoria en la Comunidad Aut\u00f3noma de Andaluc\u00eda<\/em><\/a> se define el concepto de \u201cperfil competencial\u201d con las siguientes palabras:<\/span><\/p>\n<p style=\"text-align: justify;padding-left: 80px\"><span style=\"font-family: terminal, monaco, monospace;font-size: 14pt\">\u201c<em>se entender\u00e1 por Perfil competencial la gu\u00eda que identifica y define las competencias clave que el alumnado debe haber adquirido y desarrollado al finalizar segundo curso e introduce los descriptores operativos que orientan sobre el nivel de desempe\u00f1o esperado al t\u00e9rmino del mismo, as\u00ed como de la etapa. Los perfiles se encuentran recogidos en el anexo de este decreto<\/em>\u201d. (art\u00edculo 3).<\/span><\/p>\n<p style=\"text-align: justify\"><span style=\"font-family: terminal, monaco, monospace;font-size: 14pt\">As\u00ed pues, el perfil competencial no es otra cosa que una etapa intermedia que ha creado la Junta de Andaluc\u00eda y que la ha situado en momentos muy concretos (al final de cada ciclo en Primaria y al final de 2\u00ba de ESO en Secundaria) que fijan el rumbo que se debe seguir hasta llegar al perfil competencial al final de la etapa. Funciona, por as\u00ed decirlo, como una meta volante, siendo el perfil de salida la meta final de la etapa.<\/span><\/p>\n<p>&nbsp;<\/p>\n<p style=\"text-align: justify\"><strong><span style=\"font-family: terminal, monaco, monospace;font-size: 14pt\">D\u00d3NDE SE LOCALIZA EL PERFIL DE SALIDA.<\/span><\/strong><\/p>\n<p style=\"text-align: justify\"><span style=\"font-family: terminal, monaco, monospace;font-size: 14pt\">El perfil de salida se puede localizar en diferentes documentos legales. Por ejemplo:<\/span><\/p>\n<p style=\"text-align: justify;padding-left: 80px\"><span style=\"font-family: terminal, monaco, monospace;font-size: 14pt\">-En el anexo I del <a href=\"https:\/\/boe.es\/boe\/dias\/2022\/03\/02\/pdfs\/BOE-A-2022-3296.pdf\" target=\"_blank\" rel=\"noopener noreferrer\"><em>Real Decreto 157, de 1 de marzo, por el que se establecen la ordenaci\u00f3n y las ense\u00f1anzas m\u00ednimas de la Educaci\u00f3n Primaria<\/em><\/a>.<\/span><\/p>\n<p style=\"text-align: justify;padding-left: 80px\"><span style=\"font-family: terminal, monaco, monospace;font-size: 14pt\">-En el anexo I del <em><a href=\"https:\/\/www.boe.es\/boe\/dias\/2022\/03\/30\/pdfs\/BOE-A-2022-4975.pdf\" target=\"_blank\" rel=\"noopener noreferrer\">Real Decreto 217\/2022, de 29 de marzo, por el que se establece la ordenaci\u00f3n y las ense\u00f1anzas m\u00ednimas de la Educaci\u00f3n Secundaria Obligatoria<\/a>.<\/em><\/span><\/p>\n<p><span style=\"font-size: 14pt;font-family: terminal, monaco, monospace\">En cualquier caso, el perfil de salida puedes descargarlo aqu\u00ed:<\/span><\/p>\n<p><a href=\"https:\/\/drive.google.com\/file\/d\/1NPk5zwJAhDIAe3cvfg7Khg0Ck3zv9aks\/view?usp=sharing\" target=\"_blank\" rel=\"noopener noreferrer\"><img loading=\"lazy\" decoding=\"async\" class=\"aligncenter wp-image-1126 \" src=\"https:\/\/blogsaverroes.juntadeandalucia.es\/ellocodelamochila\/files\/2022\/07\/file-type-pdf.981x1024-287x300.png\" alt=\"\" width=\"177\" height=\"185\" srcset=\"https:\/\/blogsaverroes.juntadeandalucia.es\/ellocodelamochila\/files\/2022\/07\/file-type-pdf.981x1024-287x300.png 287w, https:\/\/blogsaverroes.juntadeandalucia.es\/ellocodelamochila\/files\/2022\/07\/file-type-pdf.981x1024-768x802.png 768w, https:\/\/blogsaverroes.juntadeandalucia.es\/ellocodelamochila\/files\/2022\/07\/file-type-pdf.981x1024.png 981w\" sizes=\"(max-width: 177px) 100vw, 177px\" \/><\/a><\/p>\n<p style=\"text-align: justify\"><strong><span style=\"font-family: terminal, monaco, monospace;font-size: 14pt\">UN EJEMPLO PR\u00c1CTICO.<\/span><\/strong><\/p>\n<p style=\"text-align: justify\"><span style=\"font-family: terminal, monaco, monospace;font-size: 14pt\">Vamos a ver c\u00f3mo se establece la relaci\u00f3n entre el perfil competencial y el perfil de salida a trav\u00e9s de estos dos ejemplos:<\/span><\/p>\n<p><img loading=\"lazy\" decoding=\"async\" class=\"aligncenter wp-image-2084\" src=\"https:\/\/blogsaverroes.juntadeandalucia.es\/ellocodelamochila\/files\/2023\/07\/Ejemplo-perfil-salida-PRIMARIA-300x283.jpg\" alt=\"\" width=\"539\" height=\"508\" srcset=\"https:\/\/blogsaverroes.juntadeandalucia.es\/ellocodelamochila\/files\/2023\/07\/Ejemplo-perfil-salida-PRIMARIA-300x283.jpg 300w, https:\/\/blogsaverroes.juntadeandalucia.es\/ellocodelamochila\/files\/2023\/07\/Ejemplo-perfil-salida-PRIMARIA-1024x965.jpg 1024w, https:\/\/blogsaverroes.juntadeandalucia.es\/ellocodelamochila\/files\/2023\/07\/Ejemplo-perfil-salida-PRIMARIA-768x724.jpg 768w, https:\/\/blogsaverroes.juntadeandalucia.es\/ellocodelamochila\/files\/2023\/07\/Ejemplo-perfil-salida-PRIMARIA.jpg 1108w\" sizes=\"(max-width: 539px) 100vw, 539px\" \/><\/p>\n<p><img loading=\"lazy\" decoding=\"async\" class=\"aligncenter wp-image-2083\" src=\"https:\/\/blogsaverroes.juntadeandalucia.es\/ellocodelamochila\/files\/2023\/07\/Ejemplo-perfil-salida-ESO-300x169.jpg\" alt=\"\" width=\"524\" height=\"296\" srcset=\"https:\/\/blogsaverroes.juntadeandalucia.es\/ellocodelamochila\/files\/2023\/07\/Ejemplo-perfil-salida-ESO-300x169.jpg 300w, https:\/\/blogsaverroes.juntadeandalucia.es\/ellocodelamochila\/files\/2023\/07\/Ejemplo-perfil-salida-ESO-1024x578.jpg 1024w, https:\/\/blogsaverroes.juntadeandalucia.es\/ellocodelamochila\/files\/2023\/07\/Ejemplo-perfil-salida-ESO-768x433.jpg 768w, https:\/\/blogsaverroes.juntadeandalucia.es\/ellocodelamochila\/files\/2023\/07\/Ejemplo-perfil-salida-ESO.jpg 1349w\" sizes=\"(max-width: 524px) 100vw, 524px\" \/><\/p>\n<p>&nbsp;<\/p>\n<p style=\"text-align: justify\"><strong><span style=\"font-family: terminal, monaco, monospace;font-size: 14pt\">PARA SABER M\u00c1S\u2026<\/span><\/strong><\/p>\n<p style=\"text-align: justify;padding-left: 80px\"><span style=\"font-family: terminal, monaco, monospace;font-size: 14pt\">&#8211;<a href=\"https:\/\/educagob.educacionyfp.gob.es\/ca\/curriculo\/curriculo-lomloe\/menu-curriculos-basicos\/ed-secundaria-obligatoria\/perfil-salida.html\" target=\"_blank\" rel=\"noopener noreferrer\">Descripci\u00f3n del perfil de salida en la Web del Ministerio de educaci\u00f3n<\/a>.<\/span><\/p>\n<p style=\"text-align: justify;padding-left: 80px\"><span style=\"font-family: terminal, monaco, monospace;font-size: 14pt\">&#8211;<a href=\"https:\/\/educagob.educacionyfp.gob.es\/gl\/curriculo\/curriculo-lomloe\/menu-curriculos-basicos\/ed-secundaria-obligatoria\/competencias-clave.html\" target=\"_blank\" rel=\"noopener noreferrer\">Exposici\u00f3n de las competencias clave con todos sus descriptores operativos correspondientes<\/a>.<\/span><\/p>\n<!--themify_builder_content-->\n<div id=\"themify_builder_content-2077\" data-postid=\"2077\" class=\"themify_builder_content themify_builder_content-2077 themify_builder tf_clear\">\n                    <div  data-lazy=\"1\" class=\"module_row themify_builder_row tb_0map572 tb_first tf_w\">\n                        <div class=\"row_inner col_align_top tb_col_count_1 tf_box tf_rel\">\n                        <div  data-lazy=\"1\" class=\"module_column tb-column col-full tb_bg9c573 first\">\n                            <div  data-lazy=\"1\" class=\"module_subrow themify_builder_sub_row tf_w col_align_top tb_col_count_2 tb_640u267\">\n                <div  data-lazy=\"1\" class=\"module_column sub_column col2-1 tb_n4a6269 first\">\n                            <\/div>\n                    <div  data-lazy=\"1\" class=\"module_column sub_column col2-1 tb_82fw269 last\">\n                    <!-- module social share -->\n<div  class=\"module module-social-share tb_ai3c947  tb_ss_size_large tb_ss_shape_rounded\" data-lazy=\"1\" data-title=\"\" data-url=\"\">\n        <div class=\"module-social-share-wrapper\">\n                                            <div class=\"ss_anchor_wrap tf_inline_b\">\n                        <a href=\"#\" data-type=\"facebook\">\n                            <em class=\"tb_social_share_icon\"><svg  aria-label=\"Facebook\" class=\"tf_fa tf-ti-facebook\" role=\"img\"><use href=\"#tf-ti-facebook\"><\/use><\/svg><\/em>\n                                                    <\/a>\n                    <\/div>\n                                    <div class=\"ss_anchor_wrap tf_inline_b\">\n                        <a href=\"#\" data-type=\"twitter\">\n                            <em class=\"tb_social_share_icon\"><svg  aria-label=\"Twitter\" class=\"tf_fa tf-fab-x-twitter\" role=\"img\"><use href=\"#tf-fab-x-twitter\"><\/use><\/svg><\/em>\n                                                    <\/a>\n                    <\/div>\n                                    <div class=\"ss_anchor_wrap tf_inline_b\">\n                        <a href=\"#\" data-type=\"email\">\n                            <em class=\"tb_social_share_icon\"><svg  aria-label=\"Email\" class=\"tf_fa tf-ti-email\" role=\"img\"><use href=\"#tf-ti-email\"><\/use><\/svg><\/em>\n                                                    <\/a>\n                    <\/div>\n                            <\/div>\n<\/div>\n<!-- \/module social share -->\n        <\/div>\n                    <\/div>\n                <\/div>\n                        <\/div>\n        <\/div>\n        <\/div>\n<!--\/themify_builder_content-->","protected":false},"excerpt":{"rendered":"<p>EL PAPEL DEL PERFIL DE SALIDA. Es habitual que el profesorado use como punto de referencia principal las competencias espec\u00edficas de su \u00e1rea o materia a la hora de dise\u00f1ar sus situaciones de aprendizaje. Esto es algo \u00fatil y pr\u00e1ctico, pues no hay que olvidar que las competencias espec\u00edficas constituyen un elemento bisagra que permite [&hellip;]<\/p>\n","protected":false},"author":4178,"featured_media":0,"parent":1026,"menu_order":4,"comment_status":"open","ping_status":"closed","template":"","meta":{"footnotes":""},"aioseo_notices":[],"_links":{"self":[{"href":"https:\/\/blogsaverroes.juntadeandalucia.es\/ellocodelamochila\/wp-json\/wp\/v2\/pages\/2077"}],"collection":[{"href":"https:\/\/blogsaverroes.juntadeandalucia.es\/ellocodelamochila\/wp-json\/wp\/v2\/pages"}],"about":[{"href":"https:\/\/blogsaverroes.juntadeandalucia.es\/ellocodelamochila\/wp-json\/wp\/v2\/types\/page"}],"author":[{"embeddable":true,"href":"https:\/\/blogsaverroes.juntadeandalucia.es\/ellocodelamochila\/wp-json\/wp\/v2\/users\/4178"}],"replies":[{"embeddable":true,"href":"https:\/\/blogsaverroes.juntadeandalucia.es\/ellocodelamochila\/wp-json\/wp\/v2\/comments?post=2077"}],"version-history":[{"count":14,"href":"https:\/\/blogsaverroes.juntadeandalucia.es\/ellocodelamochila\/wp-json\/wp\/v2\/pages\/2077\/revisions"}],"predecessor-version":[{"id":2463,"href":"https:\/\/blogsaverroes.juntadeandalucia.es\/ellocodelamochila\/wp-json\/wp\/v2\/pages\/2077\/revisions\/2463"}],"up":[{"embeddable":true,"href":"https:\/\/blogsaverroes.juntadeandalucia.es\/ellocodelamochila\/wp-json\/wp\/v2\/pages\/1026"}],"wp:attachment":[{"href":"https:\/\/blogsaverroes.juntadeandalucia.es\/ellocodelamochila\/wp-json\/wp\/v2\/media?parent=2077"}],"curies":[{"name":"wp","href":"https:\/\/api.w.org\/{rel}","templated":true}]}}