{"id":2630,"date":"2023-12-22T12:43:08","date_gmt":"2023-12-22T11:43:08","guid":{"rendered":"https:\/\/blogsaverroes.juntadeandalucia.es\/ellocodelamochila\/?page_id=2630"},"modified":"2025-08-16T17:36:42","modified_gmt":"2025-08-16T15:36:42","slug":"razones-para-el-uso-de-seneca-como-herramienta-para-la-gestion-de-la-evaluacion","status":"publish","type":"page","link":"https:\/\/blogsaverroes.juntadeandalucia.es\/ellocodelamochila\/seneca\/razones-para-el-uso-de-seneca-como-herramienta-para-la-gestion-de-la-evaluacion\/","title":{"rendered":"RAZONES PARA EL USO DE S\u00c9NECA COMO HERRAMIENTA PARA LA GESTI\u00d3N DE LA EVALUACI\u00d3N"},"content":{"rendered":"<p style=\"text-align: justify\"><span style=\"font-family: terminal, monaco, monospace;font-size: 14pt\"><img loading=\"lazy\" decoding=\"async\" class=\" wp-image-2632 alignright\" src=\"https:\/\/blogsaverroes.juntadeandalucia.es\/ellocodelamochila\/files\/2023\/12\/Flash-art\u00edculo-blog-300x300.jpg\" alt=\"\" width=\"438\" height=\"438\" srcset=\"https:\/\/blogsaverroes.juntadeandalucia.es\/ellocodelamochila\/files\/2023\/12\/Flash-art\u00edculo-blog-300x300.jpg 300w, https:\/\/blogsaverroes.juntadeandalucia.es\/ellocodelamochila\/files\/2023\/12\/Flash-art\u00edculo-blog-1024x1024.jpg 1024w, https:\/\/blogsaverroes.juntadeandalucia.es\/ellocodelamochila\/files\/2023\/12\/Flash-art\u00edculo-blog-150x150.jpg 150w, https:\/\/blogsaverroes.juntadeandalucia.es\/ellocodelamochila\/files\/2023\/12\/Flash-art\u00edculo-blog-768x768.jpg 768w, https:\/\/blogsaverroes.juntadeandalucia.es\/ellocodelamochila\/files\/2023\/12\/Flash-art\u00edculo-blog.jpg 1080w\" sizes=\"(max-width: 438px) 100vw, 438px\" \/>&#8211;<strong>La comunicaci\u00f3n con las familias<\/strong>: la vinculaci\u00f3n del cuaderno de S\u00e9neca con IPASEN hace posible que los datos sobre la evaluaci\u00f3n les llegue a las familias de forma peri\u00f3dica, \u00e1gil y r\u00e1pida. De esta forma, las familias estar\u00e1n siempre informadas de la evoluci\u00f3n de sus hijas \/ os en tiempo real.<\/span><\/p>\n<p style=\"text-align: justify\"><span style=\"font-family: terminal, monaco, monospace;font-size: 14pt\">&#8211;<strong>La recopilaci\u00f3n e integraci\u00f3n de los datos de todo el equipo educativo<\/strong>: hay que recordar que las competencias clave no son exclusivas de ning\u00fan \u00e1rea o materia, sino que son trabajadas y evaluadas por la totalidad del equipo educativo. Y la informaci\u00f3n de cada \u00e1rea o materia debe combinarse con la del resto de \u00e1reas o materias, para de esta forma ir trazando el perfil de salida. Es decir, la informaci\u00f3n de la evaluaci\u00f3n de cada asignatura no es algo aislado, sino que los datos de todas ellas deben ponerse sobre la mesa y combinarse en su justa medida, completando el perfil de salida. S\u00e9neca facilita sobremanera esta interrelaci\u00f3n de los datos de diferentes \u00e1reas o materias.<\/span><\/p>\n<p style=\"text-align: justify\"><span style=\"font-family: terminal, monaco, monospace;font-size: 14pt\">&#8211;<strong>La privacidad de los datos<\/strong>: los datos relativos al proceso de evaluaci\u00f3n son especialmente sensibles, sobre todo cuando nos referimos a menores de edad. Por ello, debemos proteger su privacidad al m\u00e1ximo. S\u00e9neca es un entorno seguro al ser una herramienta de la administraci\u00f3n. Adem\u00e1s, la Junta de Andaluc\u00eda estableci\u00f3 un c\u00f3digo de conducta para el uso de las TIC en las que dice de forma expl\u00edcita que \u00ab<em>los profesionales utilizar\u00e1n exclusivamente las aplicaciones y sistemas que para el desempe\u00f1o de sus funciones les haya habilitado la Administraci\u00f3n de la Junta de Andaluc\u00eda<\/em>\u00bb (punto 6.1. del citado c\u00f3digo). El documento completo se puede consultar <a href=\"https:\/\/www.adideandalucia.es\/normas\/resoluc\/Resolucion22octubre2020UsoTicJuntaAndalucia.pdf\" target=\"_blank\" rel=\"noopener noreferrer\">aqu\u00ed<\/a>.&nbsp;<\/span><\/p>\n<p style=\"text-align: justify\"><span style=\"font-family: terminal, monaco, monospace;font-size: 14pt\">&#8211;<strong>Todo el curr\u00edculo est\u00e1 disponible<\/strong>: S\u00e9neca tiene integrado la totalidad de los elementos curriculares, disponibles para que cualquier docente pueda consultarlos y usarlos en sus actividades evaluables. Por tanto, no nos tenemos que preocupar de mirar las \u00d3rdenes que desarrollan el curr\u00edculo ni de localizar nuestra \u00e1rea o materia en concreto. Est\u00e1 todo ya cargado en S\u00e9neca.<\/span><\/p>\n<p style=\"text-align: justify\"><span style=\"font-family: terminal, monaco, monospace;font-size: 14pt\">&#8211;<strong>S\u00e9neca es una herramienta multiplataforma<\/strong>: podemos usar el cuaderno de S\u00e9neca en nuestro ordenador de clase, en cualquier tablet o Ipad, en un ordenador personal o, incluso, en el m\u00f3vil. La sincronizaci\u00f3n de S\u00e9neca e Is\u00e9neca facilita poder usar distintas herramientas seg\u00fan dispongamos de ellas en cada situaci\u00f3n o seg\u00fan nuestras preferencias.<\/span><\/p>\n<p style=\"text-align: justify\"><span style=\"font-family: terminal, monaco, monospace;font-size: 14pt\">&#8211;<strong>La gratuidad<\/strong>: S\u00e9neca es una herramienta gratuita tanto para el profesorado como para las familias (en su versi\u00f3n IPASEN).<\/span><\/p>\n<p style=\"text-align: justify\"><span style=\"font-family: terminal, monaco, monospace;font-size: 14pt\">&#8211;<strong>La integraci\u00f3n de los m\u00f3dulos cuaderno-situaciones-programaci\u00f3n<\/strong>: Estos tres m\u00f3dulos de S\u00e9neca est\u00e1n muy conectados entre s\u00ed, de tal manera que, por ejemplo, si elaboramos una situaci\u00f3n de aprendizaje concreta para un \u00e1rea o materia, esta aparece de forma autom\u00e1tica en la programaci\u00f3n did\u00e1ctica para dicha \u00e1rea o materia y, adem\u00e1s, podemos trasladar f\u00e1cilmente su secuencia did\u00e1ctica hasta nuestro cuaderno de evaluaci\u00f3n. Sin duda, esto facilita el trabajo docente.<\/span><\/p>\n<p style=\"text-align: justify\"><span style=\"font-family: terminal, monaco, monospace;font-size: 14pt\">&#8211;<strong>Una misma herramienta para todo el centro<\/strong>: es importante que el claustro de un centro siga una misma l\u00ednea de trabajo. Y para ello -entre otras muchas cosas- es positivo que se usen las mismas herramientas a la hora de elaborar los documentos oficiales (la programaci\u00f3n did\u00e1ctica, las situaciones de aprendizaje, los informes de evaluaci\u00f3n, etc.) Si todo el centro usa un mismo lenguaje es m\u00e1s f\u00e1cil entenderse y colaborar.<\/span><\/p>\n<p style=\"text-align: justify\"><span style=\"font-family: terminal, monaco, monospace;font-size: 14pt\">&#8211;<strong>La posibilidad de trabajo en equipo<\/strong>: la elaboraci\u00f3n de situaciones de aprendizaje no tiene por qu\u00e9 ser una tarea individual y solitaria de un docente. S\u00e9neca permite que varios docentes elaboren una misma situaci\u00f3n de aprendizaje, siendo uno el propietario y otro u otros participantes. Tambi\u00e9n es posible integrar el trabajo de varias \u00e1reas o materias diferentes en una misma situaci\u00f3n de aprendizaje. De esta forma se posibilita el trabajo colaborativo del profesorado.<\/span><\/p>\n<p style=\"text-align: justify\"><span style=\"font-family: terminal, monaco, monospace;font-size: 14pt\">&#8211;<strong>La generaci\u00f3n de informes de evaluaci\u00f3n<\/strong>: a lo largo del curso es com\u00fan que el profesorado necesite informes sobre c\u00f3mo se est\u00e1 desarrollando el proceso de evaluaci\u00f3n (para informar a las familias en tutor\u00edas, para procesos de evaluaci\u00f3n internos del centro, para el an\u00e1lisis de datos y la toma de decisiones, etc.). S\u00e9neca permite generar informes de evaluaci\u00f3n en PDF f\u00e1cilmente.<\/span><\/p>\n<!--themify_builder_content-->\n<div id=\"themify_builder_content-2630\" data-postid=\"2630\" class=\"themify_builder_content themify_builder_content-2630 themify_builder tf_clear\">\n                    <div  data-lazy=\"1\" class=\"module_row themify_builder_row tb_gr1c488 tb_first tf_w\">\n                        <div class=\"row_inner col_align_top tb_col_count_1 tf_box tf_rel\">\n                        <div  data-lazy=\"1\" class=\"module_column tb-column col-full tb_k5wn489 first\">\n                            <div  data-lazy=\"1\" class=\"module_subrow themify_builder_sub_row tf_w col_align_top tb_col_count_2 tb_c5r7899\">\n                <div  data-lazy=\"1\" class=\"module_column sub_column col2-1 tb_dfx9900 first\">\n                            <\/div>\n                    <div  data-lazy=\"1\" class=\"module_column sub_column col2-1 tb_5xf9900 last\">\n                    <!-- module social share -->\n<div  class=\"module module-social-share tb_krnv485  tb_ss_size_large tb_ss_shape_rounded\" data-lazy=\"1\" data-title=\"\" data-url=\"\">\n        <div class=\"module-social-share-wrapper\">\n                                            <div class=\"ss_anchor_wrap tf_inline_b\">\n                        <a href=\"#\" data-type=\"facebook\">\n                            <em class=\"tb_social_share_icon\"><svg  aria-label=\"Facebook\" class=\"tf_fa tf-ti-facebook\" role=\"img\"><use href=\"#tf-ti-facebook\"><\/use><\/svg><\/em>\n                                                    <\/a>\n                    <\/div>\n                                    <div class=\"ss_anchor_wrap tf_inline_b\">\n                        <a href=\"#\" data-type=\"twitter\">\n                            <em class=\"tb_social_share_icon\"><svg  aria-label=\"Twitter\" class=\"tf_fa tf-fab-x-twitter\" role=\"img\"><use href=\"#tf-fab-x-twitter\"><\/use><\/svg><\/em>\n                                                    <\/a>\n                    <\/div>\n                                    <div class=\"ss_anchor_wrap tf_inline_b\">\n                        <a href=\"#\" data-type=\"email\">\n                            <em class=\"tb_social_share_icon\"><svg  aria-label=\"Email\" class=\"tf_fa tf-ti-email\" role=\"img\"><use href=\"#tf-ti-email\"><\/use><\/svg><\/em>\n                                                    <\/a>\n                    <\/div>\n                            <\/div>\n<\/div>\n<!-- \/module social share -->\n        <\/div>\n                    <\/div>\n                <\/div>\n                        <\/div>\n        <\/div>\n        <\/div>\n<!--\/themify_builder_content-->","protected":false},"excerpt":{"rendered":"<p>&#8211;La comunicaci\u00f3n con las familias: la vinculaci\u00f3n del cuaderno de S\u00e9neca con IPASEN hace posible que los datos sobre la evaluaci\u00f3n les llegue a las familias de forma peri\u00f3dica, \u00e1gil y r\u00e1pida. De esta forma, las familias estar\u00e1n siempre informadas de la evoluci\u00f3n de sus hijas \/ os en tiempo real. &#8211;La recopilaci\u00f3n e integraci\u00f3n [&hellip;]<\/p>\n","protected":false},"author":4178,"featured_media":0,"parent":2217,"menu_order":4,"comment_status":"open","ping_status":"closed","template":"","meta":{"footnotes":""},"aioseo_notices":[],"_links":{"self":[{"href":"https:\/\/blogsaverroes.juntadeandalucia.es\/ellocodelamochila\/wp-json\/wp\/v2\/pages\/2630"}],"collection":[{"href":"https:\/\/blogsaverroes.juntadeandalucia.es\/ellocodelamochila\/wp-json\/wp\/v2\/pages"}],"about":[{"href":"https:\/\/blogsaverroes.juntadeandalucia.es\/ellocodelamochila\/wp-json\/wp\/v2\/types\/page"}],"author":[{"embeddable":true,"href":"https:\/\/blogsaverroes.juntadeandalucia.es\/ellocodelamochila\/wp-json\/wp\/v2\/users\/4178"}],"replies":[{"embeddable":true,"href":"https:\/\/blogsaverroes.juntadeandalucia.es\/ellocodelamochila\/wp-json\/wp\/v2\/comments?post=2630"}],"version-history":[{"count":3,"href":"https:\/\/blogsaverroes.juntadeandalucia.es\/ellocodelamochila\/wp-json\/wp\/v2\/pages\/2630\/revisions"}],"predecessor-version":[{"id":2634,"href":"https:\/\/blogsaverroes.juntadeandalucia.es\/ellocodelamochila\/wp-json\/wp\/v2\/pages\/2630\/revisions\/2634"}],"up":[{"embeddable":true,"href":"https:\/\/blogsaverroes.juntadeandalucia.es\/ellocodelamochila\/wp-json\/wp\/v2\/pages\/2217"}],"wp:attachment":[{"href":"https:\/\/blogsaverroes.juntadeandalucia.es\/ellocodelamochila\/wp-json\/wp\/v2\/media?parent=2630"}],"curies":[{"name":"wp","href":"https:\/\/api.w.org\/{rel}","templated":true}]}}

RAZONES PARA EL USO DE SÉNECA COMO HERRAMIENTA PARA LA GESTIÓN DE LA EVALUACIÓN

<p style="text-align: justify"><span style="font-family: terminal, monaco, monospace;font-size: 14pt"><img loading="lazy" decoding="async" class=" wp-image-2632 alignright" src="https://blogsaverroes.juntadeandalucia.es/ellocodelamochila/files/2023/12/Flash-artículo-blog-300x300.jpg" alt="" width="438" height="438" srcset="https://blogsaverroes.juntadeandalucia.es/ellocodelamochila/files/2023/12/Flash-artículo-blog-300x300.jpg 300w, https://blogsaverroes.juntadeandalucia.es/ellocodelamochila/files/2023/12/Flash-artículo-blog-1024x1024.jpg 1024w, https://blogsaverroes.juntadeandalucia.es/ellocodelamochila/files/2023/12/Flash-artículo-blog-150x150.jpg 150w, https://blogsaverroes.juntadeandalucia.es/ellocodelamochila/files/2023/12/Flash-artículo-blog-768x768.jpg 768w, https://blogsaverroes.juntadeandalucia.es/ellocodelamochila/files/2023/12/Flash-artículo-blog.jpg 1080w" sizes="(max-width: 438px) 100vw, 438px" />&#8211;<strong>La comunicación con las familias</strong>: la vinculación del cuaderno de Séneca con IPASEN hace posible que los datos sobre la evaluación les llegue a las familias de forma periódica, ágil y rápida. De esta forma, las familias estarán siempre informadas de la evolución de sus hijas / os en tiempo real.</span></p>
<p style="text-align: justify"><span style="font-family: terminal, monaco, monospace;font-size: 14pt">&#8211;<strong>La recopilación e integración de los datos de todo el equipo educativo</strong>: hay que recordar que las competencias clave no son exclusivas de ningún área o materia, sino que son trabajadas y evaluadas por la totalidad del equipo educativo. Y la información de cada área o materia debe combinarse con la del resto de áreas o materias, para de esta forma ir trazando el perfil de salida. Es decir, la información de la evaluación de cada asignatura no es algo aislado, sino que los datos de todas ellas deben ponerse sobre la mesa y combinarse en su justa medida, completando el perfil de salida. Séneca facilita sobremanera esta interrelación de los datos de diferentes áreas o materias.</span></p>
<p style="text-align: justify"><span style="font-family: terminal, monaco, monospace;font-size: 14pt">&#8211;<strong>La privacidad de los datos</strong>: los datos relativos al proceso de evaluación son especialmente sensibles, sobre todo cuando nos referimos a menores de edad. Por ello, debemos proteger su privacidad al máximo. Séneca es un entorno seguro al ser una herramienta de la administración. Además, la Junta de Andalucía estableció un código de conducta para el uso de las TIC en las que dice de forma explícita que «<em>los profesionales utilizarán exclusivamente las aplicaciones y sistemas que para el desempeño de sus funciones les haya habilitado la Administración de la Junta de Andalucía</em>» (punto 6.1. del citado código). El documento completo se puede consultar <a href="https://www.adideandalucia.es/normas/resoluc/Resolucion22octubre2020UsoTicJuntaAndalucia.pdf" target="_blank" rel="noopener noreferrer">aquí</a>.&nbsp;</span></p>
<p style="text-align: justify"><span style="font-family: terminal, monaco, monospace;font-size: 14pt">&#8211;<strong>Todo el currículo está disponible</strong>: Séneca tiene integrado la totalidad de los elementos curriculares, disponibles para que cualquier docente pueda consultarlos y usarlos en sus actividades evaluables. Por tanto, no nos tenemos que preocupar de mirar las Órdenes que desarrollan el currículo ni de localizar nuestra área o materia en concreto. Está todo ya cargado en Séneca.</span></p>
<p style="text-align: justify"><span style="font-family: terminal, monaco, monospace;font-size: 14pt">&#8211;<strong>Séneca es una herramienta multiplataforma</strong>: podemos usar el cuaderno de Séneca en nuestro ordenador de clase, en cualquier tablet o Ipad, en un ordenador personal o, incluso, en el móvil. La sincronización de Séneca e Iséneca facilita poder usar distintas herramientas según dispongamos de ellas en cada situación o según nuestras preferencias.</span></p>
<p style="text-align: justify"><span style="font-family: terminal, monaco, monospace;font-size: 14pt">&#8211;<strong>La gratuidad</strong>: Séneca es una herramienta gratuita tanto para el profesorado como para las familias (en su versión IPASEN).</span></p>
<p style="text-align: justify"><span style="font-family: terminal, monaco, monospace;font-size: 14pt">&#8211;<strong>La integración de los módulos cuaderno-situaciones-programación</strong>: Estos tres módulos de Séneca están muy conectados entre sí, de tal manera que, por ejemplo, si elaboramos una situación de aprendizaje concreta para un área o materia, esta aparece de forma automática en la programación didáctica para dicha área o materia y, además, podemos trasladar fácilmente su secuencia didáctica hasta nuestro cuaderno de evaluación. Sin duda, esto facilita el trabajo docente.</span></p>
<p style="text-align: justify"><span style="font-family: terminal, monaco, monospace;font-size: 14pt">&#8211;<strong>Una misma herramienta para todo el centro</strong>: es importante que el claustro de un centro siga una misma línea de trabajo. Y para ello -entre otras muchas cosas- es positivo que se usen las mismas herramientas a la hora de elaborar los documentos oficiales (la programación didáctica, las situaciones de aprendizaje, los informes de evaluación, etc.) Si todo el centro usa un mismo lenguaje es más fácil entenderse y colaborar.</span></p>
<p style="text-align: justify"><span style="font-family: terminal, monaco, monospace;font-size: 14pt">&#8211;<strong>La posibilidad de trabajo en equipo</strong>: la elaboración de situaciones de aprendizaje no tiene por qué ser una tarea individual y solitaria de un docente. Séneca permite que varios docentes elaboren una misma situación de aprendizaje, siendo uno el propietario y otro u otros participantes. También es posible integrar el trabajo de varias áreas o materias diferentes en una misma situación de aprendizaje. De esta forma se posibilita el trabajo colaborativo del profesorado.</span></p>
<p style="text-align: justify"><span style="font-family: terminal, monaco, monospace;font-size: 14pt">&#8211;<strong>La generación de informes de evaluación</strong>: a lo largo del curso es común que el profesorado necesite informes sobre cómo se está desarrollando el proceso de evaluación (para informar a las familias en tutorías, para procesos de evaluación internos del centro, para el análisis de datos y la toma de decisiones, etc.). Séneca permite generar informes de evaluación en PDF fácilmente.</span></p>
<!--themify_builder_content-->
<div id="themify_builder_content-2630" data-postid="2630" class="themify_builder_content themify_builder_content-2630 themify_builder tf_clear">
                    <div  data-lazy="1" class="module_row themify_builder_row tb_gr1c488 tb_first tf_w">
                        <div class="row_inner col_align_top tb_col_count_1 tf_box tf_rel">
                        <div  data-lazy="1" class="module_column tb-column col-full tb_k5wn489 first">
                            <div  data-lazy="1" class="module_subrow themify_builder_sub_row tf_w col_align_top tb_col_count_2 tb_c5r7899">
                <div  data-lazy="1" class="module_column sub_column col2-1 tb_dfx9900 first">
                            </div>
                    <div  data-lazy="1" class="module_column sub_column col2-1 tb_5xf9900 last">
                    <!-- module social share -->
<div  class="module module-social-share tb_krnv485  tb_ss_size_large tb_ss_shape_rounded" data-lazy="1" data-title="" data-url="">
        <div class="module-social-share-wrapper">
                                            <div class="ss_anchor_wrap tf_inline_b">
                        <a href="#" data-type="facebook">
                            <em class="tb_social_share_icon"><svg  aria-label="Facebook" class="tf_fa tf-ti-facebook" role="img"><use href="#tf-ti-facebook"></use></svg></em>
                                                    </a>
                    </div>
                                    <div class="ss_anchor_wrap tf_inline_b">
                        <a href="#" data-type="twitter">
                            <em class="tb_social_share_icon"><svg  aria-label="Twitter" class="tf_fa tf-fab-x-twitter" role="img"><use href="#tf-fab-x-twitter"></use></svg></em>
                                                    </a>
                    </div>
                                    <div class="ss_anchor_wrap tf_inline_b">
                        <a href="#" data-type="email">
                            <em class="tb_social_share_icon"><svg  aria-label="Email" class="tf_fa tf-ti-email" role="img"><use href="#tf-ti-email"></use></svg></em>
                                                    </a>
                    </div>
                            </div>
</div>
<!-- /module social share -->
        </div>
                    </div>
                </div>
                        </div>
        </div>
        </div>
<!--/themify_builder_content-->

<p>&#8211;La comunicación con las familias: la vinculación del cuaderno de Séneca con IPASEN hace posible que los datos sobre la evaluación les llegue a las familias de forma periódica, ágil y rápida. De esta forma, las familias estarán siempre informadas de la evolución de sus hijas / os en tiempo real. &#8211;La recopilación e integración [&hellip;]</p>
