{"id":3563,"date":"2025-08-06T10:36:51","date_gmt":"2025-08-06T08:36:51","guid":{"rendered":"https:\/\/blogsaverroes.juntadeandalucia.es\/ellocodelamochila\/?page_id=3563"},"modified":"2025-09-30T17:12:07","modified_gmt":"2025-09-30T15:12:07","slug":"herramientas-digitales-creadas-con-ia-para-el-dia-a-dia-de-un-centro","status":"publish","type":"page","link":"https:\/\/blogsaverroes.juntadeandalucia.es\/ellocodelamochila\/ia-educativa\/uso-educativo-de-la-ia\/herramientas-digitales-creadas-con-ia-para-el-dia-a-dia-de-un-centro\/","title":{"rendered":"HERRAMIENTAS DIGITALES CREADAS CON IA PARA EL D\u00cdA A D\u00cdA DE UN CENTRO"},"content":{"rendered":"<p style=\"font-weight: 400;text-align: justify\"><span style=\"font-family: terminal, monaco, monospace;font-size: 14pt\"><img loading=\"lazy\" decoding=\"async\" class=\" wp-image-3582 alignright\" src=\"https:\/\/blogsaverroes.juntadeandalucia.es\/ellocodelamochila\/files\/2025\/08\/Flash-articulo-300x300.jpg\" alt=\"\" width=\"403\" height=\"403\" srcset=\"https:\/\/blogsaverroes.juntadeandalucia.es\/ellocodelamochila\/files\/2025\/08\/Flash-articulo-300x300.jpg 300w, https:\/\/blogsaverroes.juntadeandalucia.es\/ellocodelamochila\/files\/2025\/08\/Flash-articulo-1024x1024.jpg 1024w, https:\/\/blogsaverroes.juntadeandalucia.es\/ellocodelamochila\/files\/2025\/08\/Flash-articulo-150x150.jpg 150w, https:\/\/blogsaverroes.juntadeandalucia.es\/ellocodelamochila\/files\/2025\/08\/Flash-articulo-768x768.jpg 768w, https:\/\/blogsaverroes.juntadeandalucia.es\/ellocodelamochila\/files\/2025\/08\/Flash-articulo.jpg 1080w\" sizes=\"(max-width: 403px) 100vw, 403px\" \/>La labor de un docente no se limita \u00fanicamente al trabajo directo en el aula, sino que este es acompa\u00f1ado por multitud de quehaceres que se desarrollan \u201cfuera del aula\u201d: reuniones de coordinaci\u00f3n, preparaci\u00f3n de materiales, dise\u00f1o y revisi\u00f3n de programaciones, correcciones, sesiones de evaluaci\u00f3n, claustros, etc.<\/span><\/p>\n<p style=\"font-weight: 400;text-align: justify\">&nbsp;<\/p>\n<p style=\"font-weight: 400;text-align: justify\"><span style=\"font-family: terminal, monaco, monospace;font-size: 14pt\">Muchas de estas tareas -algunas de ellas llamadas conm\u00fanmente \u201cburocracia\u201d- suelen ser tediosas y repetitivas, si bien resultan imprescindibles para que el trabajo educativo vaya por el buen camino. <\/span><\/p>\n<p style=\"font-weight: 400;text-align: justify\"><span style=\"font-family: terminal, monaco, monospace;font-size: 14pt\">Y si existe una herramienta que se caracterice por realizar tareas repetitivas de forma r\u00e1pida y eficiente, esta no puede ser otra que <strong>la inteligencia artificial<\/strong>. <\/span><span style=\"font-family: terminal, monaco, monospace;font-size: 14pt\">La IA es una poderosa herramienta disponible para que cualquier docente realice este tipo de tareas de manera sencilla y \u00e1gil, adem\u00e1s de eficazmente.<\/span><\/p>\n<p style=\"font-weight: 400;text-align: justify\">&nbsp;<\/p>\n<p style=\"font-weight: 400;text-align: justify\"><span style=\"font-family: terminal, monaco, monospace;font-size: 14pt\">A continuaci\u00f3n, vamos a compartir <strong>algunas ideas<\/strong> en las que el profesorado de un centro puede recurrir a la IA para facilitar su trabajo.<\/span><\/p>\n<p style=\"font-weight: 400;text-align: justify\"><span style=\"font-family: terminal, monaco, monospace;font-size: 14pt\"><strong><b>Gesti\u00f3n de espacios comunes.<\/b><\/strong><\/span><\/p>\n<p style=\"text-align: justify\"><span style=\"font-family: terminal, monaco, monospace;font-size: 14pt\">Todos los centros cuentan con espacios que son de uso com\u00fan (sal\u00f3n de actos, biblioteca&#8230;) y, l\u00f3gicamente, es necesario realizar reservas para poder contar con su disponibilidad.Una aplicaci\u00f3n web que puede ayudar a la gesti\u00f3n de este tipo de espacios puede ser esta:<\/span><\/p>\n<figure id=\"attachment_3747\" aria-describedby=\"caption-attachment-3747\" style=\"width: 687px\" class=\"wp-caption aligncenter\"><a href=\"https:\/\/juanmale14.github.io\/gesti-n-espacios-comunes-centro.\/\" target=\"_blank\" rel=\"noopener\"><img loading=\"lazy\" decoding=\"async\" class=\"wp-image-3747\" src=\"https:\/\/blogsaverroes.juntadeandalucia.es\/ellocodelamochila\/files\/2025\/08\/Aplicacion-gestion-espacios-comunes-1024x686.png\" alt=\"\" width=\"687\" height=\"460\" srcset=\"https:\/\/blogsaverroes.juntadeandalucia.es\/ellocodelamochila\/files\/2025\/08\/Aplicacion-gestion-espacios-comunes-1024x686.png 1024w, https:\/\/blogsaverroes.juntadeandalucia.es\/ellocodelamochila\/files\/2025\/08\/Aplicacion-gestion-espacios-comunes-300x201.png 300w, https:\/\/blogsaverroes.juntadeandalucia.es\/ellocodelamochila\/files\/2025\/08\/Aplicacion-gestion-espacios-comunes-768x515.png 768w, https:\/\/blogsaverroes.juntadeandalucia.es\/ellocodelamochila\/files\/2025\/08\/Aplicacion-gestion-espacios-comunes.png 1252w\" sizes=\"(max-width: 687px) 100vw, 687px\" \/><\/a><figcaption id=\"caption-attachment-3747\" class=\"wp-caption-text\"><em><span style=\"font-family: terminal, monaco, monospace\">Aplicaci\u00f3n web creada con CANVA IA.<\/span><\/em><\/figcaption><\/figure>\n<p>&nbsp;<\/p>\n<p style=\"font-weight: 400;text-align: justify\"><span style=\"font-family: terminal, monaco, monospace;font-size: 14pt\"><strong><b>Elaboraci\u00f3n de actas.<\/b><\/strong><\/span><\/p>\n<figure id=\"attachment_3564\" aria-describedby=\"caption-attachment-3564\" style=\"width: 337px\" class=\"wp-caption alignright\"><img loading=\"lazy\" decoding=\"async\" class=\"wp-image-3564\" src=\"https:\/\/blogsaverroes.juntadeandalucia.es\/ellocodelamochila\/files\/2025\/08\/Foto-acta-con-IA-232x300.png\" alt=\"\" width=\"337\" height=\"436\" srcset=\"https:\/\/blogsaverroes.juntadeandalucia.es\/ellocodelamochila\/files\/2025\/08\/Foto-acta-con-IA-232x300.png 232w, https:\/\/blogsaverroes.juntadeandalucia.es\/ellocodelamochila\/files\/2025\/08\/Foto-acta-con-IA-792x1024.png 792w, https:\/\/blogsaverroes.juntadeandalucia.es\/ellocodelamochila\/files\/2025\/08\/Foto-acta-con-IA-768x993.png 768w, https:\/\/blogsaverroes.juntadeandalucia.es\/ellocodelamochila\/files\/2025\/08\/Foto-acta-con-IA.png 799w\" sizes=\"(max-width: 337px) 100vw, 337px\" \/><figcaption id=\"caption-attachment-3564\" class=\"wp-caption-text\"><span style=\"font-family: terminal, monaco, monospace;font-size: 10pt\"><em>Ejemplo de un acta generada con un GEM de Gemini (versi\u00f3n 2.5. Flash).<\/em><\/span><\/figcaption><\/figure>\n<p style=\"font-weight: 400;text-align: justify\"><span style=\"font-family: terminal, monaco, monospace;font-size: 14pt\">Las actas se caracterizan por tener una estructura est\u00e1ndar y un lenguaje formal que recoge y sintetiza los temas tratados en una reuni\u00f3n. Y esto es algo que la IA puede hacer sin ning\u00fan problema.<\/span><\/p>\n<p style=\"font-weight: 400;text-align: justify\">&nbsp;<\/p>\n<p style=\"font-weight: 400;text-align: justify\"><span style=\"font-family: terminal, monaco, monospace;font-size: 14pt\">Para esto, lo mejor es configurar un <em>GEM<\/em> de Gemini (o un GPT de ChatGPT) con las directrices que queremos que siga en la redacci\u00f3n de nuestras actas. As\u00ed, cada vez que necesitemos crear una nos bastar\u00e1 con acudir a este <em>GEM<\/em>, darle un sencillo resumen de lo tratado en la reuni\u00f3n (que puede hacerse incluso oralmente) y la IA nos generar\u00e1 el acta correspondiente, con todos sus apartados perfectamente redactados, lista para revisar, firmar y archivar.<\/span><\/p>\n<p style=\"font-weight: 400;text-align: justify\">&nbsp;<\/p>\n<p style=\"font-weight: 400;text-align: justify\"><span style=\"font-family: terminal, monaco, monospace;font-size: 14pt\"><strong><b>Creaci\u00f3n de horarios.<\/b><\/strong><\/span><\/p>\n<p style=\"font-weight: 400;text-align: justify\"><span style=\"font-family: terminal, monaco, monospace;font-size: 14pt\">Si bien ya existen programas inform\u00e1ticos espec\u00edficos para fabricar los horarios lectivos del profesorado de un centro, s\u00ed es posible recurrir a la IA para la creaci\u00f3n de horarios m\u00e1s sencillos y sin tantos condicionantes. Pienso, por ejemplo, en un horario para la distribuci\u00f3n del uso de un aula espec\u00edfica, para los auxiliares de conversaci\u00f3n, para la gesti\u00f3n del uso de un carrito de port\u00e1tiles entre los miembros de un departamento, etc.<\/span><\/p>\n<p style=\"font-weight: 400;text-align: justify\">&nbsp;<\/p>\n<p style=\"font-weight: 400;text-align: justify\"><span style=\"font-family: terminal, monaco, monospace;font-size: 14pt\">Para este fin, lo mejor es crear una aplicaci\u00f3n web con IA en la que poder introducir los condicionantes de forma \u00e1gil y generar a continuaci\u00f3n el documento (en PDF, Excel o el formato que deseemos) con el horario ya creado.<\/span><\/p>\n<p style=\"font-weight: 400;text-align: justify\">&nbsp;<\/p>\n<figure id=\"attachment_3567\" aria-describedby=\"caption-attachment-3567\" style=\"width: 453px\" class=\"wp-caption aligncenter\"><a href=\"https:\/\/juanmale14.github.io\/mi-app-horarios-auxiliares.\/\" target=\"_blank\" rel=\"noopener\"><img loading=\"lazy\" decoding=\"async\" class=\"wp-image-3567 \" src=\"https:\/\/blogsaverroes.juntadeandalucia.es\/ellocodelamochila\/files\/2025\/08\/Captura-de-Pantalla-2025-08-02-a-las-12.35.22-300x104.png\" alt=\"\" width=\"453\" height=\"157\" srcset=\"https:\/\/blogsaverroes.juntadeandalucia.es\/ellocodelamochila\/files\/2025\/08\/Captura-de-Pantalla-2025-08-02-a-las-12.35.22-300x104.png 300w, https:\/\/blogsaverroes.juntadeandalucia.es\/ellocodelamochila\/files\/2025\/08\/Captura-de-Pantalla-2025-08-02-a-las-12.35.22-1024x356.png 1024w, https:\/\/blogsaverroes.juntadeandalucia.es\/ellocodelamochila\/files\/2025\/08\/Captura-de-Pantalla-2025-08-02-a-las-12.35.22-768x267.png 768w, https:\/\/blogsaverroes.juntadeandalucia.es\/ellocodelamochila\/files\/2025\/08\/Captura-de-Pantalla-2025-08-02-a-las-12.35.22.png 1421w\" sizes=\"(max-width: 453px) 100vw, 453px\" \/><\/a><figcaption id=\"caption-attachment-3567\" class=\"wp-caption-text\"><span style=\"font-family: terminal, monaco, monospace\"><em>Aplicaci\u00f3n web generadora de horarios (creada con CANVA IA y Gemini 2.5. Pro + CANVA).<\/em><\/span><\/figcaption><\/figure>\n<p style=\"font-weight: 400;text-align: justify\">&nbsp;<\/p>\n<p><span style=\"font-family: terminal, monaco, monospace;font-size: 14pt\"><strong><b>Gesti\u00f3n de los carritos de port\u00e1tiles.<\/b><\/strong><\/span><\/p>\n<p style=\"text-align: justify\"><span style=\"font-family: terminal, monaco, monospace;font-size: 14pt\">Organizar los port\u00e1tiles disponibles para el profesorado de un centro es todo un reto. Sin embargo, la IA hace que su gesti\u00f3n sea mucho m\u00e1s f\u00e1cil:<\/span><\/p>\n<figure id=\"attachment_3650\" aria-describedby=\"caption-attachment-3650\" style=\"width: 356px\" class=\"wp-caption aligncenter\"><a href=\"https:\/\/juanmale14.github.io\/gesti-n-de-carritos.\/\" target=\"_blank\" rel=\"noopener\"><img loading=\"lazy\" decoding=\"async\" class=\"wp-image-3650\" src=\"https:\/\/blogsaverroes.juntadeandalucia.es\/ellocodelamochila\/files\/2025\/08\/Captura-de-Pantalla-2025-08-08-a-las-17.13.16-300x254.png\" alt=\"\" width=\"356\" height=\"301\" srcset=\"https:\/\/blogsaverroes.juntadeandalucia.es\/ellocodelamochila\/files\/2025\/08\/Captura-de-Pantalla-2025-08-08-a-las-17.13.16-300x254.png 300w, https:\/\/blogsaverroes.juntadeandalucia.es\/ellocodelamochila\/files\/2025\/08\/Captura-de-Pantalla-2025-08-08-a-las-17.13.16.png 722w\" sizes=\"(max-width: 356px) 100vw, 356px\" \/><\/a><figcaption id=\"caption-attachment-3650\" class=\"wp-caption-text\"><em><span style=\"font-family: terminal, monaco, monospace;font-size: 10pt\">Aplicaci\u00f3n web creada con CANVA IA<\/span><\/em><\/figcaption><\/figure>\n<p><span style=\"font-family: terminal, monaco, monospace;font-size: 14pt\"><strong><b>Carn\u00e9 de convivencia por puntos.<\/b><\/strong><\/span><\/p>\n<p style=\"text-align: justify\"><span style=\"font-family: terminal, monaco, monospace;font-size: 14pt\">Muchos centros usan un carn\u00e9 de convivencia por puntos y la IA puede facilitar su gesti\u00f3n al profesorado. Basta con crear una aplicaci\u00f3n web (cuanto m\u00e1s simple mejor funcionar\u00e1) y conectarla a una base de datos.<\/span><\/p>\n<p style=\"text-align: justify\"><span style=\"font-family: terminal, monaco, monospace;font-size: 14pt\">Un ejemplo de ello puede ser este:<\/span><\/p>\n<p><a href=\"https:\/\/juanmale14.github.io\/carn-por-puntos\/\" target=\"_blank\" rel=\"noopener\"><img loading=\"lazy\" decoding=\"async\" class=\"aligncenter wp-image-3764\" src=\"https:\/\/blogsaverroes.juntadeandalucia.es\/ellocodelamochila\/files\/2025\/09\/aplicacion-carne-300x190.png\" alt=\"\" width=\"403\" height=\"255\" srcset=\"https:\/\/blogsaverroes.juntadeandalucia.es\/ellocodelamochila\/files\/2025\/09\/aplicacion-carne-300x190.png 300w, https:\/\/blogsaverroes.juntadeandalucia.es\/ellocodelamochila\/files\/2025\/09\/aplicacion-carne-1024x649.png 1024w, https:\/\/blogsaverroes.juntadeandalucia.es\/ellocodelamochila\/files\/2025\/09\/aplicacion-carne-768x487.png 768w, https:\/\/blogsaverroes.juntadeandalucia.es\/ellocodelamochila\/files\/2025\/09\/aplicacion-carne.png 1267w\" sizes=\"(max-width: 403px) 100vw, 403px\" \/><\/a><\/p>\n<p>&nbsp;<\/p>\n<p><span style=\"font-family: terminal, monaco, monospace;font-size: 14pt\"><strong><b>Comunicaci\u00f3n de incidencias.<\/b><\/strong><\/span><\/p>\n<p style=\"text-align: justify\"><span style=\"font-family: terminal, monaco, monospace;font-size: 14pt\">Elaborar un documento para comunicar r\u00e1pidamente cualquier incidencia es sencillo para una IA. Por ejemplo, podemos verlo con este ejemplo para generar comunicaciones relacionadas con convivencia:<\/span><\/p>\n<figure id=\"attachment_3647\" aria-describedby=\"caption-attachment-3647\" style=\"width: 381px\" class=\"wp-caption aligncenter\"><a href=\"https:\/\/juanmale14.github.io\/gesti-n-convivencia\/\" target=\"_blank\" rel=\"noopener\"><img loading=\"lazy\" decoding=\"async\" class=\"wp-image-3647\" src=\"https:\/\/blogsaverroes.juntadeandalucia.es\/ellocodelamochila\/files\/2025\/08\/Captura-de-Pantalla-2025-08-08-a-las-16.27.39-300x234.png\" alt=\"\" width=\"381\" height=\"297\" srcset=\"https:\/\/blogsaverroes.juntadeandalucia.es\/ellocodelamochila\/files\/2025\/08\/Captura-de-Pantalla-2025-08-08-a-las-16.27.39-300x234.png 300w, https:\/\/blogsaverroes.juntadeandalucia.es\/ellocodelamochila\/files\/2025\/08\/Captura-de-Pantalla-2025-08-08-a-las-16.27.39-768x599.png 768w, https:\/\/blogsaverroes.juntadeandalucia.es\/ellocodelamochila\/files\/2025\/08\/Captura-de-Pantalla-2025-08-08-a-las-16.27.39.png 934w\" sizes=\"(max-width: 381px) 100vw, 381px\" \/><\/a><figcaption id=\"caption-attachment-3647\" class=\"wp-caption-text\"><em><span style=\"font-family: terminal, monaco, monospace\">Aplicaci\u00f3n web creada con CANVA IA<\/span><\/em><\/figcaption><\/figure>\n<p>&nbsp;<\/p>\n<p style=\"font-weight: 400;text-align: justify\"><span style=\"font-family: terminal, monaco, monospace;font-size: 14pt\"><strong><b>Redacci\u00f3n de informes.<\/b><\/strong><\/span><\/p>\n<p style=\"font-weight: 400;text-align: justify\"><span style=\"font-family: terminal, monaco, monospace;font-size: 14pt\">La variedad de informes que cualquier docente puede necesitar elaborar a lo largo del curso es enorme: informes para los PRANA, informes con el an\u00e1lisis de los resultados de evaluaci\u00f3n de una asignatura, etc.<\/span><\/p>\n<p style=\"font-weight: 400;text-align: justify\">&nbsp;<\/p>\n<p style=\"font-weight: 400;text-align: justify\"><span style=\"font-family: terminal, monaco, monospace;font-size: 14pt\">Pues bien, con un prompt \u00f3ptimo con la estructura b\u00e1sica del informe que necesitamos e introduciendo la informaci\u00f3n necesaria la IA lo crear\u00e1 en segundos.<\/span><\/p>\n<table style=\"border-collapse: collapse;width: 100%;height: 72px\">\n<tbody>\n<tr style=\"height: 24px\">\n<td style=\"width: 100%;height: 24px\"><img loading=\"lazy\" decoding=\"async\" class=\"aligncenter wp-image-3568\" src=\"https:\/\/blogsaverroes.juntadeandalucia.es\/ellocodelamochila\/files\/2025\/08\/PRANA-1-e1754132425820-300x211.png\" alt=\"\" width=\"650\" height=\"457\" srcset=\"https:\/\/blogsaverroes.juntadeandalucia.es\/ellocodelamochila\/files\/2025\/08\/PRANA-1-e1754132425820-300x211.png 300w, https:\/\/blogsaverroes.juntadeandalucia.es\/ellocodelamochila\/files\/2025\/08\/PRANA-1-e1754132425820-1024x719.png 1024w, https:\/\/blogsaverroes.juntadeandalucia.es\/ellocodelamochila\/files\/2025\/08\/PRANA-1-e1754132425820-768x539.png 768w, https:\/\/blogsaverroes.juntadeandalucia.es\/ellocodelamochila\/files\/2025\/08\/PRANA-1-e1754132425820.png 1475w\" sizes=\"(max-width: 650px) 100vw, 650px\" \/><\/td>\n<\/tr>\n<tr style=\"height: 24px\">\n<td style=\"width: 100%;height: 24px\"><img loading=\"lazy\" decoding=\"async\" class=\"aligncenter wp-image-3569\" src=\"https:\/\/blogsaverroes.juntadeandalucia.es\/ellocodelamochila\/files\/2025\/08\/PRANA-2-e1754132397149-300x208.png\" alt=\"\" width=\"650\" height=\"451\" srcset=\"https:\/\/blogsaverroes.juntadeandalucia.es\/ellocodelamochila\/files\/2025\/08\/PRANA-2-e1754132397149-300x208.png 300w, https:\/\/blogsaverroes.juntadeandalucia.es\/ellocodelamochila\/files\/2025\/08\/PRANA-2-e1754132397149-1024x711.png 1024w, https:\/\/blogsaverroes.juntadeandalucia.es\/ellocodelamochila\/files\/2025\/08\/PRANA-2-e1754132397149-768x533.png 768w, https:\/\/blogsaverroes.juntadeandalucia.es\/ellocodelamochila\/files\/2025\/08\/PRANA-2-e1754132397149.png 1484w\" sizes=\"(max-width: 650px) 100vw, 650px\" \/><\/td>\n<\/tr>\n<tr style=\"height: 24px\">\n<td style=\"width: 100%;height: 24px\">\n<p style=\"text-align: center\"><em><span style=\"font-size: 10pt;font-family: terminal, monaco, monospace\">Ejemplo de un informe PRANA <\/span><\/em><\/p>\n<p style=\"text-align: center\"><em><span style=\"font-size: 10pt;font-family: terminal, monaco, monospace\">(generado con Copilot)<\/span><\/em><\/p>\n<\/td>\n<\/tr>\n<\/tbody>\n<\/table>\n<p style=\"font-weight: 400;text-align: justify\">&nbsp;<\/p>\n<p><strong><span style=\"font-family: terminal, monaco, monospace;font-size: 14pt\">Gesti\u00f3n de las fotocopias.<\/span><\/strong><\/p>\n<p><span style=\"font-family: terminal, monaco, monospace;font-size: 14pt\">La recogida de documentos para fotocopiar (con todos sus condicionantes: n\u00famero de copias, en blanco y negro o color, doble cara o no&#8230;) forma parte del d\u00eda a d\u00eda de cualquier centro. \u00bfPuede la IA ayudar en su gesti\u00f3n? Pues claro. Con aplicaciones como esta:<\/span><\/p>\n<p><a href=\"https:\/\/juanmale14.github.io\/fotocopiador\/\" target=\"_blank\" rel=\"noopener\"><img loading=\"lazy\" decoding=\"async\" class=\"aligncenter wp-image-3757\" src=\"https:\/\/blogsaverroes.juntadeandalucia.es\/ellocodelamochila\/files\/2025\/09\/1-300x264.png\" alt=\"\" width=\"520\" height=\"458\" srcset=\"https:\/\/blogsaverroes.juntadeandalucia.es\/ellocodelamochila\/files\/2025\/09\/1-300x264.png 300w, https:\/\/blogsaverroes.juntadeandalucia.es\/ellocodelamochila\/files\/2025\/09\/1-1024x902.png 1024w, https:\/\/blogsaverroes.juntadeandalucia.es\/ellocodelamochila\/files\/2025\/09\/1-768x676.png 768w, https:\/\/blogsaverroes.juntadeandalucia.es\/ellocodelamochila\/files\/2025\/09\/1.png 1091w\" sizes=\"(max-width: 520px) 100vw, 520px\" \/><\/a><\/p>\n<figure id=\"attachment_3579\" aria-describedby=\"caption-attachment-3579\" style=\"width: 500px\" class=\"wp-caption alignright\"><img loading=\"lazy\" decoding=\"async\" class=\"wp-image-3579\" src=\"https:\/\/blogsaverroes.juntadeandalucia.es\/ellocodelamochila\/files\/2025\/08\/NoteBookLM-300x154.png\" alt=\"\" width=\"500\" height=\"257\" srcset=\"https:\/\/blogsaverroes.juntadeandalucia.es\/ellocodelamochila\/files\/2025\/08\/NoteBookLM-300x154.png 300w, https:\/\/blogsaverroes.juntadeandalucia.es\/ellocodelamochila\/files\/2025\/08\/NoteBookLM-1024x527.png 1024w, https:\/\/blogsaverroes.juntadeandalucia.es\/ellocodelamochila\/files\/2025\/08\/NoteBookLM-768x395.png 768w, https:\/\/blogsaverroes.juntadeandalucia.es\/ellocodelamochila\/files\/2025\/08\/NoteBookLM-1536x790.png 1536w, https:\/\/blogsaverroes.juntadeandalucia.es\/ellocodelamochila\/files\/2025\/08\/NoteBookLM.png 1708w\" sizes=\"(max-width: 500px) 100vw, 500px\" \/><figcaption id=\"caption-attachment-3579\" class=\"wp-caption-text\"><em><span style=\"font-family: terminal, monaco, monospace;font-size: 10pt\">Ejemplo de NotebookLM<\/span><\/em><\/figcaption><\/figure>\n<p style=\"font-weight: 400;text-align: justify\"><span style=\"font-family: terminal, monaco, monospace;font-size: 14pt\"><strong><b>Consultas sobre normativa.<\/b><\/strong><\/span><\/p>\n<p style=\"font-weight: 400;text-align: justify\"><span style=\"font-family: terminal, monaco, monospace;font-size: 14pt\">En el d\u00eda a d\u00eda de un docente es bastante habitual que surjan dudas puntuales sobre normativa, tanto de la de organizaci\u00f3n y funcionamiento interno del centro como de la auton\u00f3mica. Por ejemplo, en una reuni\u00f3n de ciclo o departamento podemos preguntarnos qu\u00e9 protocolo tiene establecido nuestro centro en el ROF para la solicitud y organizaci\u00f3n de una actividad complementaria con nuestro alumnado.<\/span><\/p>\n<p style=\"font-weight: 400;text-align: justify\">&nbsp;<\/p>\n<p style=\"font-weight: 400;text-align: justify\"><span style=\"font-family: terminal, monaco, monospace;font-size: 14pt\">Ante esto, caben dos opciones: acudir a las fuentes originales y leerlas hasta localizar la informaci\u00f3n que necesitemos o bien hacerle la pregunta directamente a la IA para que nos responda.<\/span><\/p>\n<p style=\"font-weight: 400;text-align: justify\">&nbsp;<\/p>\n<p style=\"font-weight: 400;text-align: justify\"><span style=\"font-family: terminal, monaco, monospace;font-size: 14pt\">La mejor opci\u00f3n para esto no es acudir a una IA gen\u00e9rica (estilo ChatGPT), pues su base de datos ser\u00e1 tan extensa que quiz\u00e1 su respuesta no se corresponda con la normativa espec\u00edfica de nuestro centro o comunidad aut\u00f3noma, sino configurar una IA que acuda \u00fanicamente a los documentos normativos concretos en nuestro \u00e1mbito. Y una buena forma de conseguirlo es creando una libreta de <a href=\"https:\/\/www.google.com\/url?sa=t&amp;source=web&amp;rct=j&amp;opi=89978449&amp;url=https:\/\/notebooklm.google.com\/&amp;ved=2ahUKEwj6yqv5kdOOAxUiK_sDHZ1aDp0QFnoECAkQAQ&amp;usg=AOvVaw0XSvvcfCpIED6UVHC8Q2ih\" target=\"_blank\" rel=\"noopener\"><em>NotebookLM<\/em><\/a>, alimentarla con la normativa de nuestro centro y autonom\u00eda y ya la tendremos lista para utilizarla cuando surja cualquier duda. Adem\u00e1s, de esta forma nos aseguraremos de que las respuestas que nos ofrece la IA son totalmente fiables, al proceder de las fuentes correctas, algo muy importante cuando hablamos sobre normativa.<\/span><\/p>\n<!--themify_builder_content-->\n<div id=\"themify_builder_content-3563\" data-postid=\"3563\" class=\"themify_builder_content themify_builder_content-3563 themify_builder tf_clear\">\n                    <div  data-lazy=\"1\" class=\"module_row themify_builder_row tb_qym4807 tb_first tf_w\">\n                        <div class=\"row_inner col_align_top tb_col_count_3 tf_box tf_rel\">\n                        <div  data-lazy=\"1\" class=\"module_column tb-column col3-1 tb_5te3808 first\">\n                            <\/div>\n                    <div  data-lazy=\"1\" class=\"module_column tb-column col3-1 tb_nlmv808\">\n                            <\/div>\n                    <div  data-lazy=\"1\" class=\"module_column tb-column col3-1 tb_xfcq808 last\">\n                    <!-- module social share -->\n<div  class=\"module module-social-share tb_g2f5697  tb_ss_size_large tb_ss_shape_rounded\" data-lazy=\"1\" data-title=\"\" data-url=\"\">\n        <div class=\"module-social-share-wrapper\">\n                                            <div class=\"ss_anchor_wrap tf_inline_b\">\n                        <a href=\"#\" data-type=\"facebook\">\n                            <em class=\"tb_social_share_icon\"><svg  aria-label=\"Facebook\" class=\"tf_fa tf-ti-facebook\" role=\"img\"><use href=\"#tf-ti-facebook\"><\/use><\/svg><\/em>\n                                                    <\/a>\n                    <\/div>\n                                    <div class=\"ss_anchor_wrap tf_inline_b\">\n                        <a href=\"#\" data-type=\"twitter\">\n                            <em class=\"tb_social_share_icon\"><svg  aria-label=\"Twitter\" class=\"tf_fa tf-fab-x-twitter\" role=\"img\"><use href=\"#tf-fab-x-twitter\"><\/use><\/svg><\/em>\n                                                    <\/a>\n                    <\/div>\n                                    <div class=\"ss_anchor_wrap tf_inline_b\">\n                        <a href=\"#\" data-type=\"email\">\n                            <em class=\"tb_social_share_icon\"><svg  aria-label=\"Email\" class=\"tf_fa tf-ti-email\" role=\"img\"><use href=\"#tf-ti-email\"><\/use><\/svg><\/em>\n                                                    <\/a>\n                    <\/div>\n                            <\/div>\n<\/div>\n<!-- \/module social share -->\n        <\/div>\n                        <\/div>\n        <\/div>\n        <\/div>\n<!--\/themify_builder_content-->","protected":false},"excerpt":{"rendered":"<p>La labor de un docente no se limita \u00fanicamente al trabajo directo en el aula, sino que este es acompa\u00f1ado por multitud de quehaceres que se desarrollan \u201cfuera del aula\u201d: reuniones de coordinaci\u00f3n, preparaci\u00f3n de materiales, dise\u00f1o y revisi\u00f3n de programaciones, correcciones, sesiones de evaluaci\u00f3n, claustros, etc. &nbsp; Muchas de estas tareas -algunas de ellas [&hellip;]<\/p>\n","protected":false},"author":4178,"featured_media":0,"parent":3598,"menu_order":1,"comment_status":"open","ping_status":"closed","template":"","meta":{"footnotes":""},"aioseo_notices":[],"_links":{"self":[{"href":"https:\/\/blogsaverroes.juntadeandalucia.es\/ellocodelamochila\/wp-json\/wp\/v2\/pages\/3563"}],"collection":[{"href":"https:\/\/blogsaverroes.juntadeandalucia.es\/ellocodelamochila\/wp-json\/wp\/v2\/pages"}],"about":[{"href":"https:\/\/blogsaverroes.juntadeandalucia.es\/ellocodelamochila\/wp-json\/wp\/v2\/types\/page"}],"author":[{"embeddable":true,"href":"https:\/\/blogsaverroes.juntadeandalucia.es\/ellocodelamochila\/wp-json\/wp\/v2\/users\/4178"}],"replies":[{"embeddable":true,"href":"https:\/\/blogsaverroes.juntadeandalucia.es\/ellocodelamochila\/wp-json\/wp\/v2\/comments?post=3563"}],"version-history":[{"count":40,"href":"https:\/\/blogsaverroes.juntadeandalucia.es\/ellocodelamochila\/wp-json\/wp\/v2\/pages\/3563\/revisions"}],"predecessor-version":[{"id":3763,"href":"https:\/\/blogsaverroes.juntadeandalucia.es\/ellocodelamochila\/wp-json\/wp\/v2\/pages\/3563\/revisions\/3763"}],"up":[{"embeddable":true,"href":"https:\/\/blogsaverroes.juntadeandalucia.es\/ellocodelamochila\/wp-json\/wp\/v2\/pages\/3598"}],"wp:attachment":[{"href":"https:\/\/blogsaverroes.juntadeandalucia.es\/ellocodelamochila\/wp-json\/wp\/v2\/media?parent=3563"}],"curies":[{"name":"wp","href":"https:\/\/api.w.org\/{rel}","templated":true}]}}