{"id":365,"date":"2020-08-18T13:13:24","date_gmt":"2020-08-18T11:13:24","guid":{"rendered":"https:\/\/blogsaverroes.juntadeandalucia.es\/ellocodelamochila\/?page_id=365"},"modified":"2025-04-18T16:55:27","modified_gmt":"2025-04-18T14:55:27","slug":"moodle-centros","status":"publish","type":"page","link":"https:\/\/blogsaverroes.juntadeandalucia.es\/ellocodelamochila\/tic\/moodle-centros\/","title":{"rendered":"MOODLE CENTROS"},"content":{"rendered":"<p style=\"text-align: justify\"><span style=\"font-family: terminal, monaco, monospace;font-size: 14pt;color: #000000\"><strong>\u00bfQU\u00c9 ES MOODLE? UN POCO DE HISTORIA.<\/strong><\/span><\/p>\n<p style=\"text-align: justify\"><span style=\"font-family: terminal, monaco, monospace;color: #000000;font-size: 14pt\"><strong>Moodle<\/strong>&nbsp;es una plataforma de aprendizaje en l\u00ednea que puedes usar para tus clases virtuales y hacer un seguimiento del aprendizaje de tu alumnado. Se trata de un sistema de gesti\u00f3n del aprendizaje (SGA) especialmente dise\u00f1ado para ayudar a los docentes a crear y seguir cursos en l\u00ednea. Su nombre es un acr\u00f3nimo de \u201c<em>Modular Object Oriented Dynamic Learning Enviroment<\/em>\u201d (\u2018entorno de aprendizaje din\u00e1mico orientado a objetos y modular&#8217;).<\/span><\/p>\n<p style=\"text-align: justify\"><span style=\"font-family: terminal, monaco, monospace;color: #000000;font-size: 14pt\">Fue creado por<strong>&nbsp;Martin Dougiamas<\/strong>&nbsp;en Australia, su primera versi\u00f3n es de 2002 y est\u00e1 basada en principios pedag\u00f3gicos constructivistas. Moodle es una plataforma tecnol\u00f3gica de c\u00f3digo abierto (<em>Open Source<\/em>), es decir, cumple con todos los principios del software libre y se puede obtener gratuitamente.<\/span><\/p>\n<p style=\"text-align: justify\"><span style=\"font-family: terminal, monaco, monospace;font-size: 14pt;color: #000000\"><strong>\u00bfQU\u00c9 PUEDO HACER CON MOODLE?<\/strong><\/span><\/p>\n<p style=\"text-align: justify\"><span style=\"font-family: terminal, monaco, monospace;color: #000000;font-size: 14pt\">En Moodle Centros tendr\u00e1s tu propia clase virtual para cada uno de tus cursos, a la tendr\u00e1n acceso tu alumnado. Puedes usar Moodle para multitud de cosas:<\/span><\/p>\n<p style=\"padding-left: 40px;text-align: justify\"><span style=\"font-family: terminal, monaco, monospace;color: #000000;font-size: 14pt\">-Compartir materiales con tu alumnado: documentos, archivos, im\u00e1genes, v\u00eddeos, presentaciones, etc.<\/span><\/p>\n<p style=\"padding-left: 40px;text-align: justify\"><span style=\"font-family: terminal, monaco, monospace;color: #000000;font-size: 14pt\">-Crear, personalizar, mandar y evaluar tareas de tu alumnado.<\/span><\/p>\n<p style=\"padding-left: 40px;text-align: justify\"><span style=\"font-family: terminal, monaco, monospace;color: #000000;font-size: 14pt\">-Comunicarte con tu alumnado: a trav\u00e9s de videoconferencias, mensajes, foros, chats, etc.<\/span><\/p>\n<p style=\"padding-left: 40px;text-align: justify\"><span style=\"font-family: terminal, monaco, monospace;color: #000000;font-size: 14pt\">-Comunicarte con el resto del claustro de tu centro a trav\u00e9s de la sala del profesorado.<\/span><\/p>\n<p style=\"text-align: justify\"><span style=\"font-family: terminal, monaco, monospace;font-size: 14pt;color: #000000\"><strong>\u00bfC\u00d3MO PUEDO IMPLANTAR MOODLE EN MI CENTRO?<\/strong><\/span><\/p>\n<p style=\"text-align: justify\"><span style=\"font-family: terminal, monaco, monospace;color: #000000;font-size: 14pt\">Para ayudarte en el proceso de implantaci\u00f3n de Moodle Centros puedes usar esta presentaci\u00f3n:<\/span><\/p>\n<table style=\"width: 550px;height: 80px\">\n<tbody>\n<tr>\n<td style=\"width: 501px;text-align: center\">\n<div style=\"width: 100%\">\n<div style=\"padding-bottom: 56.25%;padding-top: 0;height: 0\"><iframe loading=\"lazy\" src=\"https:\/\/view.genial.ly\/5f280ebb5270ea0d99cd2bf4\" width=\"550\" height=\"550\" frameborder=\"0\" scrolling=\"yes\">&amp;amp;amp;amp;amp;amp;amp;amp;amp;amp;amp;amp;amp;amp;lt;span style=\u00bbdisplay: inline-block; width: 0px; overflow: hidden; line-height: 0;\u00bb data-mce-type=\u00bbbookmark\u00bb class=\u00bbmce_SELRES_start\u00bb&amp;amp;amp;amp;amp;amp;amp;amp;amp;amp;amp;amp;amp;amp;gt;\ufeff&amp;amp;amp;amp;amp;amp;amp;amp;amp;amp;amp;amp;amp;amp;lt;\/span&amp;amp;amp;amp;amp;amp;amp;amp;amp;amp;amp;amp;amp;amp;gt;&amp;amp;amp;amp;amp;amp;amp;amp;amp;amp;amp;amp;amp;amp;amp;amp;amp;lt;span style=\u00bbdisplay: inline-block; width: 0px; overflow: hidden; line-height: 0;\u00bb data-mce-type=\u00bbbookmark\u00bb class=\u00bbmce_SELRES_start\u00bb&amp;amp;amp;amp;amp;amp;amp;amp;amp;amp;amp;amp;amp;amp;amp;amp;amp;gt;\ufeff&amp;amp;amp;amp;amp;amp;amp;amp;amp;amp;amp;amp;amp;amp;amp;amp;amp;lt;\/span&amp;amp;amp;amp;amp;amp;amp;amp;amp;amp;amp;amp;amp;amp;amp;amp;amp;gt;<\/iframe><\/div>\n<div>&nbsp;<\/div>\n<\/div>\n<\/td>\n<\/tr>\n<\/tbody>\n<\/table>\n<p>&nbsp;<\/p>\n<p>&nbsp;<\/p>\n<p>&nbsp;<\/p>\n<p>&nbsp;<\/p>\n<p>_<\/p>\n<p>&nbsp;<\/p>\n<p>&nbsp;<\/p>\n<p>&nbsp;<\/p>\n<p>&nbsp;<\/p>\n<!--themify_builder_content-->\n<div id=\"themify_builder_content-365\" data-postid=\"365\" class=\"themify_builder_content themify_builder_content-365 themify_builder tf_clear\">\n                    <div  data-lazy=\"1\" class=\"module_row themify_builder_row tb_a4wc398 tb_first tf_w\">\n                        <div class=\"row_inner col_align_top tb_col_count_1 tf_box tf_rel\">\n                        <div  data-lazy=\"1\" class=\"module_column tb-column col-full tb_u2x9399 first\">\n                            <div  data-lazy=\"1\" class=\"module_subrow themify_builder_sub_row tf_w col_align_top tb_col_count_2 tb_s3lm374\">\n                <div  data-lazy=\"1\" class=\"module_column sub_column tb_25jd374 first\">\n                            <\/div>\n                    <div  data-lazy=\"1\" class=\"module_column sub_column tb_ozk2375 last\">\n                    <!-- module social share -->\n<div  class=\"module module-social-share tb_pje8442  tb_ss_size_normal tb_ss_shape_rounded\" data-lazy=\"1\" data-title=\"\" data-url=\"\">\n        <div class=\"module-social-share-wrapper\">\n                                            <div class=\"ss_anchor_wrap tf_inline_b\">\n                        <a href=\"#\" data-type=\"facebook\">\n                            <em class=\"tb_social_share_icon\"><svg  aria-label=\"Facebook\" class=\"tf_fa tf-ti-facebook\" role=\"img\"><use href=\"#tf-ti-facebook\"><\/use><\/svg><\/em>\n                                                    <\/a>\n                    <\/div>\n                                    <div class=\"ss_anchor_wrap tf_inline_b\">\n                        <a href=\"#\" data-type=\"twitter\">\n                            <em class=\"tb_social_share_icon\"><svg  aria-label=\"Twitter\" class=\"tf_fa tf-fab-x-twitter\" role=\"img\"><use href=\"#tf-fab-x-twitter\"><\/use><\/svg><\/em>\n                                                    <\/a>\n                    <\/div>\n                                    <div class=\"ss_anchor_wrap tf_inline_b\">\n                        <a href=\"#\" data-type=\"email\">\n                            <em class=\"tb_social_share_icon\"><svg  aria-label=\"Email\" class=\"tf_fa tf-ti-email\" role=\"img\"><use href=\"#tf-ti-email\"><\/use><\/svg><\/em>\n                                                    <\/a>\n                    <\/div>\n                            <\/div>\n<\/div>\n<!-- \/module social share -->\n        <\/div>\n                    <\/div>\n                <\/div>\n                        <\/div>\n        <\/div>\n        <\/div>\n<!--\/themify_builder_content-->","protected":false},"excerpt":{"rendered":"<p>\u00bfQU\u00c9 ES MOODLE? UN POCO DE HISTORIA. Moodle&nbsp;es una plataforma de aprendizaje en l\u00ednea que puedes usar para tus clases virtuales y hacer un seguimiento del aprendizaje de tu alumnado. Se trata de un sistema de gesti\u00f3n del aprendizaje (SGA) especialmente dise\u00f1ado para ayudar a los docentes a crear y seguir cursos en l\u00ednea. Su [&hellip;]<\/p>\n","protected":false},"author":4178,"featured_media":0,"parent":1253,"menu_order":2,"comment_status":"open","ping_status":"closed","template":"","meta":{"footnotes":""},"aioseo_notices":[],"_links":{"self":[{"href":"https:\/\/blogsaverroes.juntadeandalucia.es\/ellocodelamochila\/wp-json\/wp\/v2\/pages\/365"}],"collection":[{"href":"https:\/\/blogsaverroes.juntadeandalucia.es\/ellocodelamochila\/wp-json\/wp\/v2\/pages"}],"about":[{"href":"https:\/\/blogsaverroes.juntadeandalucia.es\/ellocodelamochila\/wp-json\/wp\/v2\/types\/page"}],"author":[{"embeddable":true,"href":"https:\/\/blogsaverroes.juntadeandalucia.es\/ellocodelamochila\/wp-json\/wp\/v2\/users\/4178"}],"replies":[{"embeddable":true,"href":"https:\/\/blogsaverroes.juntadeandalucia.es\/ellocodelamochila\/wp-json\/wp\/v2\/comments?post=365"}],"version-history":[{"count":31,"href":"https:\/\/blogsaverroes.juntadeandalucia.es\/ellocodelamochila\/wp-json\/wp\/v2\/pages\/365\/revisions"}],"predecessor-version":[{"id":3269,"href":"https:\/\/blogsaverroes.juntadeandalucia.es\/ellocodelamochila\/wp-json\/wp\/v2\/pages\/365\/revisions\/3269"}],"up":[{"embeddable":true,"href":"https:\/\/blogsaverroes.juntadeandalucia.es\/ellocodelamochila\/wp-json\/wp\/v2\/pages\/1253"}],"wp:attachment":[{"href":"https:\/\/blogsaverroes.juntadeandalucia.es\/ellocodelamochila\/wp-json\/wp\/v2\/media?parent=365"}],"curies":[{"name":"wp","href":"https:\/\/api.w.org\/{rel}","templated":true}]}}