{"id":585,"date":"2021-04-27T13:46:50","date_gmt":"2021-04-27T11:46:50","guid":{"rendered":"https:\/\/blogsaverroes.juntadeandalucia.es\/ellocodelamochila\/?page_id=585"},"modified":"2023-08-18T13:36:53","modified_gmt":"2023-08-18T11:36:53","slug":"taller-funcionarios-en-practicas","status":"publish","type":"page","link":"https:\/\/blogsaverroes.juntadeandalucia.es\/ellocodelamochila\/otras-cosas\/taller-funcionarios-en-practicas\/","title":{"rendered":"FORMACI\u00d3N PARA FUNCIONARIOS EN PR\u00c1CTICAS"},"content":{"rendered":"<p style=\"text-align: justify\"><span style=\"font-size: 14pt;font-family: terminal, monaco, monospace\">Durante el curso 2018 \/ 2019 el CEP de Motril me invit\u00f3 a intervenir en las jornadas de formaci\u00f3n dirigidas a los \/ las funcionarios \/ as que estaban en fase de pr\u00e1cticas. En esta ocasi\u00f3n mi taller se titul\u00f3 \u00abIdeas pr\u00e1cticas para el trabajo por competencias en el \u00e1mbito ling\u00fc\u00edstico\u00bb. En su desarrollo pude compartir algunas de las pr\u00e1cticas que yo mismo he llevado a cabo en mis clases y que me han funcionado bien.<\/span><\/p>\n<p style=\"text-align: justify\"><span style=\"font-size: 14pt;font-family: terminal, monaco, monospace\">La presentaci\u00f3n que utilic\u00e9 es la que comparto a continuaci\u00f3n:<\/span><\/p>\n<div style=\"padding-bottom: 56.25%;padding-top: 0px;height: 0px;padding-left: 40px\"><iframe loading=\"lazy\" src=\"https:\/\/view.genial.ly\/5c51c5e51ef86d73dd8dc928\" width=\"1200\" height=\"675\" frameborder=\"0\" scrolling=\"yes\"><\/iframe><\/div>\n<div>&nbsp;<\/div>\n<div>&nbsp;<\/div>\n<div>&nbsp;<\/div>\n<div style=\"width: 60%\">\n<div>&nbsp;<\/div>\n<div>&nbsp;<\/div>\n<\/div>\n<!--themify_builder_content-->\n<div id=\"themify_builder_content-585\" data-postid=\"585\" class=\"themify_builder_content themify_builder_content-585 themify_builder tf_clear\">\n                    <div  data-lazy=\"1\" class=\"module_row themify_builder_row tb_e432728 tb_first tf_w\">\n                        <div class=\"row_inner col_align_top tb_col_count_1 tf_box tf_rel\">\n                        <div  data-lazy=\"1\" class=\"module_column tb-column col-full tb_2sun729 first\">\n                            <div  data-lazy=\"1\" class=\"module_subrow themify_builder_sub_row tf_w col_align_top tb_col_count_2 tb_oj0c729\">\n                <div  data-lazy=\"1\" class=\"module_column sub_column col2-1 tb_ubw4730 first\">\n                            <\/div>\n                    <div  data-lazy=\"1\" class=\"module_column sub_column col2-1 tb_vk2l730 last\">\n                    <!-- module social share -->\n<div  class=\"module module-social-share tb_l3j9832  tb_ss_size_large tb_ss_shape_rounded\" data-lazy=\"1\" data-title=\"\" data-url=\"\">\n        <div class=\"module-social-share-wrapper\">\n                                            <div class=\"ss_anchor_wrap tf_inline_b\">\n                        <a href=\"#\" data-type=\"facebook\">\n                            <em class=\"tb_social_share_icon\"><svg  aria-label=\"Facebook\" class=\"tf_fa tf-ti-facebook\" role=\"img\"><use href=\"#tf-ti-facebook\"><\/use><\/svg><\/em>\n                                                    <\/a>\n                    <\/div>\n                                    <div class=\"ss_anchor_wrap tf_inline_b\">\n                        <a href=\"#\" data-type=\"twitter\">\n                            <em class=\"tb_social_share_icon\"><svg  aria-label=\"Twitter\" class=\"tf_fa tf-fab-x-twitter\" role=\"img\"><use href=\"#tf-fab-x-twitter\"><\/use><\/svg><\/em>\n                                                    <\/a>\n                    <\/div>\n                                    <div class=\"ss_anchor_wrap tf_inline_b\">\n                        <a href=\"#\" data-type=\"email\">\n                            <em class=\"tb_social_share_icon\"><svg  aria-label=\"Email\" class=\"tf_fa tf-ti-email\" role=\"img\"><use href=\"#tf-ti-email\"><\/use><\/svg><\/em>\n                                                    <\/a>\n                    <\/div>\n                            <\/div>\n<\/div>\n<!-- \/module social share -->\n        <\/div>\n                    <\/div>\n                <\/div>\n                        <\/div>\n        <\/div>\n        <\/div>\n<!--\/themify_builder_content-->","protected":false},"excerpt":{"rendered":"<p>Durante el curso 2018 \/ 2019 el CEP de Motril me invit\u00f3 a intervenir en las jornadas de formaci\u00f3n dirigidas a los \/ las funcionarios \/ as que estaban en fase de pr\u00e1cticas. En esta ocasi\u00f3n mi taller se titul\u00f3 \u00abIdeas pr\u00e1cticas para el trabajo por competencias en el \u00e1mbito ling\u00fc\u00edstico\u00bb. En su desarrollo pude [&hellip;]<\/p>\n","protected":false},"author":4178,"featured_media":0,"parent":564,"menu_order":4,"comment_status":"open","ping_status":"closed","template":"","meta":{"footnotes":""},"aioseo_notices":[],"_links":{"self":[{"href":"https:\/\/blogsaverroes.juntadeandalucia.es\/ellocodelamochila\/wp-json\/wp\/v2\/pages\/585"}],"collection":[{"href":"https:\/\/blogsaverroes.juntadeandalucia.es\/ellocodelamochila\/wp-json\/wp\/v2\/pages"}],"about":[{"href":"https:\/\/blogsaverroes.juntadeandalucia.es\/ellocodelamochila\/wp-json\/wp\/v2\/types\/page"}],"author":[{"embeddable":true,"href":"https:\/\/blogsaverroes.juntadeandalucia.es\/ellocodelamochila\/wp-json\/wp\/v2\/users\/4178"}],"replies":[{"embeddable":true,"href":"https:\/\/blogsaverroes.juntadeandalucia.es\/ellocodelamochila\/wp-json\/wp\/v2\/comments?post=585"}],"version-history":[{"count":9,"href":"https:\/\/blogsaverroes.juntadeandalucia.es\/ellocodelamochila\/wp-json\/wp\/v2\/pages\/585\/revisions"}],"predecessor-version":[{"id":2338,"href":"https:\/\/blogsaverroes.juntadeandalucia.es\/ellocodelamochila\/wp-json\/wp\/v2\/pages\/585\/revisions\/2338"}],"up":[{"embeddable":true,"href":"https:\/\/blogsaverroes.juntadeandalucia.es\/ellocodelamochila\/wp-json\/wp\/v2\/pages\/564"}],"wp:attachment":[{"href":"https:\/\/blogsaverroes.juntadeandalucia.es\/ellocodelamochila\/wp-json\/wp\/v2\/media?parent=585"}],"curies":[{"name":"wp","href":"https:\/\/api.w.org\/{rel}","templated":true}]}}

FORMACIÓN PARA FUNCIONARIOS EN PRÁCTICAS

<p style="text-align: justify"><span style="font-size: 14pt;font-family: terminal, monaco, monospace">Durante el curso 2018 / 2019 el CEP de Motril me invitó a intervenir en las jornadas de formación dirigidas a los / las funcionarios / as que estaban en fase de prácticas. En esta ocasión mi taller se tituló «Ideas prácticas para el trabajo por competencias en el ámbito lingüístico». En su desarrollo pude compartir algunas de las prácticas que yo mismo he llevado a cabo en mis clases y que me han funcionado bien.</span></p>
<p style="text-align: justify"><span style="font-size: 14pt;font-family: terminal, monaco, monospace">La presentación que utilicé es la que comparto a continuación:</span></p>
<div style="padding-bottom: 56.25%;padding-top: 0px;height: 0px;padding-left: 40px"><iframe loading="lazy" src="https://view.genial.ly/5c51c5e51ef86d73dd8dc928" width="1200" height="675" frameborder="0" scrolling="yes"></iframe></div>
<div>&nbsp;</div>
<div>&nbsp;</div>
<div>&nbsp;</div>
<div style="width: 60%">
<div>&nbsp;</div>
<div>&nbsp;</div>
</div>
<!--themify_builder_content-->
<div id="themify_builder_content-585" data-postid="585" class="themify_builder_content themify_builder_content-585 themify_builder tf_clear">
                    <div  data-lazy="1" class="module_row themify_builder_row tb_e432728 tb_first tf_w">
                        <div class="row_inner col_align_top tb_col_count_1 tf_box tf_rel">
                        <div  data-lazy="1" class="module_column tb-column col-full tb_2sun729 first">
                            <div  data-lazy="1" class="module_subrow themify_builder_sub_row tf_w col_align_top tb_col_count_2 tb_oj0c729">
                <div  data-lazy="1" class="module_column sub_column col2-1 tb_ubw4730 first">
                            </div>
                    <div  data-lazy="1" class="module_column sub_column col2-1 tb_vk2l730 last">
                    <!-- module social share -->
<div  class="module module-social-share tb_l3j9832  tb_ss_size_large tb_ss_shape_rounded" data-lazy="1" data-title="" data-url="">
        <div class="module-social-share-wrapper">
                                            <div class="ss_anchor_wrap tf_inline_b">
                        <a href="#" data-type="facebook">
                            <em class="tb_social_share_icon"><svg  aria-label="Facebook" class="tf_fa tf-ti-facebook" role="img"><use href="#tf-ti-facebook"></use></svg></em>
                                                    </a>
                    </div>
                                    <div class="ss_anchor_wrap tf_inline_b">
                        <a href="#" data-type="twitter">
                            <em class="tb_social_share_icon"><svg  aria-label="Twitter" class="tf_fa tf-fab-x-twitter" role="img"><use href="#tf-fab-x-twitter"></use></svg></em>
                                                    </a>
                    </div>
                                    <div class="ss_anchor_wrap tf_inline_b">
                        <a href="#" data-type="email">
                            <em class="tb_social_share_icon"><svg  aria-label="Email" class="tf_fa tf-ti-email" role="img"><use href="#tf-ti-email"></use></svg></em>
                                                    </a>
                    </div>
                            </div>
</div>
<!-- /module social share -->
        </div>
                    </div>
                </div>
                        </div>
        </div>
        </div>
<!--/themify_builder_content-->

<p>Durante el curso 2018 / 2019 el CEP de Motril me invitó a intervenir en las jornadas de formación dirigidas a los / las funcionarios / as que estaban en fase de prácticas. En esta ocasión mi taller se tituló «Ideas prácticas para el trabajo por competencias en el ámbito lingüístico». En su desarrollo pude [&hellip;]</p>
