{"id":661,"date":"2022-08-30T12:25:52","date_gmt":"2022-08-30T10:25:52","guid":{"rendered":"https:\/\/blogsaverroes.juntadeandalucia.es\/ellocodelamochila\/?page_id=661"},"modified":"2023-09-14T11:02:10","modified_gmt":"2023-09-14T09:02:10","slug":"como-explicar-al-alumnado-la-evaluacion-criterial","status":"publish","type":"page","link":"https:\/\/blogsaverroes.juntadeandalucia.es\/ellocodelamochila\/evaluacion-por-competencias\/como-explicar-al-alumnado-la-evaluacion-criterial\/","title":{"rendered":"C\u00d3MO EXPLICAR AL ALUMNADO LA EVALUACI\u00d3N CRITERIAL"},"content":{"rendered":"<p style=\"text-align: justify\"><span style=\"font-family: terminal, monaco, monospace;font-size: 14pt\">La evaluaci\u00f3n criterial tiene grandes ventajas, pero tambi\u00e9n conlleva ciertas dificultades. Y una de ellas -quiz\u00e1 una de las m\u00e1s relevantes- es c\u00f3mo podemos explicarle a nuestro alumnado en qu\u00e9 consiste exactamente su funcionamiento para que lo entiendan realmente.<\/span><\/p>\n<p style=\"text-align: justify\"><span style=\"font-family: terminal, monaco, monospace;font-size: 14pt\">Es muy importante que cada uno\/a de nuestros\/as alumnos\/as comprenda a la perfecci\u00f3n c\u00f3mo se va a desarrollar su proceso de evaluaci\u00f3n, pues esto mismo le va a permitir ir viendo c\u00f3mo est\u00e1 avanzando su propio aprendizaje y, al mismo tiempo, ser consciente de qu\u00e9 est\u00e1 haciendo bien y en qu\u00e9 aspectos concretos puede mejorar.<\/span><\/p>\n<p style=\"text-align: justify\"><span style=\"font-family: terminal, monaco, monospace;font-size: 14pt\">Esto es, si tenemos una visi\u00f3n de la evaluaci\u00f3n como herramienta de aprendizaje es necesario que tanto docentes como alumnado -y tambi\u00e9n sus familias- sepan c\u00f3mo funciona, pues es lo que les permitir\u00e1 ir mejorando paso a paso.<\/span><\/p>\n<p style=\"text-align: justify\"><span style=\"font-family: terminal, monaco, monospace;font-size: 14pt\">Y sabemos que la evaluaci\u00f3n criterial es realmente compleja debido, sobre todo, a la ingente cantidad de informaci\u00f3n que proporciona. Por tanto, el docente debe ser especialmente claro a la hora de mostrar a su alumnado los datos para que este no se pierda entre el <em>big data<\/em>.<\/span><\/p>\n<p style=\"text-align: justify\"><span style=\"font-family: terminal, monaco, monospace;font-size: 14pt\">La experiencia de varios cursos ya evaluando por criterios me dice que todos los alumnos van a aprender c\u00f3mo funciona, pero tras un per\u00edodo de exploraci\u00f3n y de reflexi\u00f3n. Es decir, aunque nos esforcemos en explic\u00e1rselo con la mayor claridad que podamos, solo ir\u00e1n comprendiendo realmente su funcionamiento -y aprovechando sus ventajas- poco a poco, conforme se va desarrollando el proceso.<\/span><\/p>\n<p style=\"text-align: justify\"><span style=\"font-family: terminal, monaco, monospace;font-size: 14pt\">Para facilitar la explicaci\u00f3n de la evaluaci\u00f3n criterial al docente y su comprensi\u00f3n al alumnado, podemos apoyarnos en el m\u00e9todo de la \u00ab<strong>escalera de la metacognici\u00f3n\u00bb<\/strong>.<\/span><\/p>\n<p style=\"text-align: justify\"><span style=\"font-family: terminal, monaco, monospace;font-size: 14pt\">No es algo nuevo. En realidad, la escalera de la metacognici\u00f3n es un recurso de autoevaluaci\u00f3n que consiste en que cada escal\u00f3n representa un estadio del aprendizaje.<\/span><\/p>\n<p style=\"text-align: justify\"><span style=\"font-family: terminal, monaco, monospace;font-size: 14pt\">Esto lo podemos aplicar al aula en los diversos instrumentos que vamos usando muy f\u00e1cilmente. Por ejemplo, podemos pensar en una escalera con cinco escalones: el m\u00e1s bajo recoger\u00eda las calificaciones de 0 a 4,9; a continuaci\u00f3n otro que va de 5 a 5,9; otro ir\u00eda de 6 a 7,9; el siguiente ir\u00eda de 8 a 8,9 y el \u00faltimo de 9 a 10. Adem\u00e1s, para darle mayor claridad los n\u00fameros se pueden escribir en colores distintos para reforzar su significaci\u00f3n (el primero en rojo, los dos siguientes en amarillo y los dos \u00faltimos en verde).<\/span><\/p>\n<p style=\"text-align: justify\"><span style=\"font-family: terminal, monaco, monospace;font-size: 14pt\">As\u00ed, al mostrarle las calificaciones de una tarea de clase en la que se han trabajado y evaluado tres criterios diferentes, el alumno \/ a ver\u00eda sus tres notas y, adem\u00e1s, en qu\u00e9 escal\u00f3n se encuentra en cada uno de ellos. Si le proponemos que anote sobre todo los primeros escalones, quedar\u00e1 bien claro en qu\u00e9 debe mejorar.<\/span><\/p>\n<p style=\"text-align: justify\"><strong><span style=\"font-family: terminal, monaco, monospace;font-size: 14pt\"><img loading=\"lazy\" decoding=\"async\" class=\"wp-image-665 aligncenter\" src=\"https:\/\/blogsaverroes.juntadeandalucia.es\/ellocodelamochila\/files\/2021\/07\/Captura-de-pantalla-2021-07-30-a-las-11.49.26-1024x390.png\" alt=\"\" width=\"885\" height=\"337\" srcset=\"https:\/\/blogsaverroes.juntadeandalucia.es\/ellocodelamochila\/files\/2021\/07\/Captura-de-pantalla-2021-07-30-a-las-11.49.26-1024x390.png 1024w, https:\/\/blogsaverroes.juntadeandalucia.es\/ellocodelamochila\/files\/2021\/07\/Captura-de-pantalla-2021-07-30-a-las-11.49.26-300x114.png 300w, https:\/\/blogsaverroes.juntadeandalucia.es\/ellocodelamochila\/files\/2021\/07\/Captura-de-pantalla-2021-07-30-a-las-11.49.26-768x292.png 768w, https:\/\/blogsaverroes.juntadeandalucia.es\/ellocodelamochila\/files\/2021\/07\/Captura-de-pantalla-2021-07-30-a-las-11.49.26.png 1380w\" sizes=\"(max-width: 885px) 100vw, 885px\" \/><\/span><\/strong><\/p>\n<p style=\"text-align: justify\"><span style=\"font-family: terminal, monaco, monospace;font-size: 14pt\">De todas formas, aunque esta teor\u00eda puede ayudar al principio, seguro que nuestras alumnas y alumnos van asimilando el funcionamiento del proceso de evaluaci\u00f3n poco a poco conforme se va desarrollando el curso.<\/span><\/p>\n<!--themify_builder_content-->\n<div id=\"themify_builder_content-661\" data-postid=\"661\" class=\"themify_builder_content themify_builder_content-661 themify_builder tf_clear\">\n                    <div  data-lazy=\"1\" class=\"module_row themify_builder_row tb_cln3427 tb_first tf_w\">\n                        <div class=\"row_inner col_align_top tb_col_count_1 tf_box tf_rel\">\n                        <div  data-lazy=\"1\" class=\"module_column tb-column col-full tb_skok428 first\">\n                            <div  data-lazy=\"1\" class=\"module_subrow themify_builder_sub_row tf_w col_align_top tb_col_count_2 tb_7ik0415\">\n                <div  data-lazy=\"1\" class=\"module_column sub_column col2-1 tb_zgvv416 first\">\n                            <\/div>\n                    <div  data-lazy=\"1\" class=\"module_column sub_column col2-1 tb_0hi7416 last\">\n                    <!-- module social share -->\n<div  class=\"module module-social-share tb_6qrm847  tb_ss_size_large tb_ss_shape_rounded\" data-lazy=\"1\" data-title=\"\" data-url=\"\">\n        <div class=\"module-social-share-wrapper\">\n                                            <div class=\"ss_anchor_wrap tf_inline_b\">\n                        <a href=\"#\" data-type=\"facebook\">\n                            <em class=\"tb_social_share_icon\"><svg  aria-label=\"Facebook\" class=\"tf_fa tf-ti-facebook\" role=\"img\"><use href=\"#tf-ti-facebook\"><\/use><\/svg><\/em>\n                                                    <\/a>\n                    <\/div>\n                                    <div class=\"ss_anchor_wrap tf_inline_b\">\n                        <a href=\"#\" data-type=\"twitter\">\n                            <em class=\"tb_social_share_icon\"><svg  aria-label=\"Twitter\" class=\"tf_fa tf-fab-x-twitter\" role=\"img\"><use href=\"#tf-fab-x-twitter\"><\/use><\/svg><\/em>\n                                                    <\/a>\n                    <\/div>\n                                    <div class=\"ss_anchor_wrap tf_inline_b\">\n                        <a href=\"#\" data-type=\"email\">\n                            <em class=\"tb_social_share_icon\"><svg  aria-label=\"Email\" class=\"tf_fa tf-ti-email\" role=\"img\"><use href=\"#tf-ti-email\"><\/use><\/svg><\/em>\n                                                    <\/a>\n                    <\/div>\n                            <\/div>\n<\/div>\n<!-- \/module social share -->\n        <\/div>\n                    <\/div>\n                <\/div>\n                        <\/div>\n        <\/div>\n        <\/div>\n<!--\/themify_builder_content-->","protected":false},"excerpt":{"rendered":"<p>La evaluaci\u00f3n criterial tiene grandes ventajas, pero tambi\u00e9n conlleva ciertas dificultades. Y una de ellas -quiz\u00e1 una de las m\u00e1s relevantes- es c\u00f3mo podemos explicarle a nuestro alumnado en qu\u00e9 consiste exactamente su funcionamiento para que lo entiendan realmente. Es muy importante que cada uno\/a de nuestros\/as alumnos\/as comprenda a la perfecci\u00f3n c\u00f3mo se va [&hellip;]<\/p>\n","protected":false},"author":4178,"featured_media":0,"parent":137,"menu_order":7,"comment_status":"open","ping_status":"closed","template":"","meta":{"footnotes":""},"aioseo_notices":[],"_links":{"self":[{"href":"https:\/\/blogsaverroes.juntadeandalucia.es\/ellocodelamochila\/wp-json\/wp\/v2\/pages\/661"}],"collection":[{"href":"https:\/\/blogsaverroes.juntadeandalucia.es\/ellocodelamochila\/wp-json\/wp\/v2\/pages"}],"about":[{"href":"https:\/\/blogsaverroes.juntadeandalucia.es\/ellocodelamochila\/wp-json\/wp\/v2\/types\/page"}],"author":[{"embeddable":true,"href":"https:\/\/blogsaverroes.juntadeandalucia.es\/ellocodelamochila\/wp-json\/wp\/v2\/users\/4178"}],"replies":[{"embeddable":true,"href":"https:\/\/blogsaverroes.juntadeandalucia.es\/ellocodelamochila\/wp-json\/wp\/v2\/comments?post=661"}],"version-history":[{"count":14,"href":"https:\/\/blogsaverroes.juntadeandalucia.es\/ellocodelamochila\/wp-json\/wp\/v2\/pages\/661\/revisions"}],"predecessor-version":[{"id":2408,"href":"https:\/\/blogsaverroes.juntadeandalucia.es\/ellocodelamochila\/wp-json\/wp\/v2\/pages\/661\/revisions\/2408"}],"up":[{"embeddable":true,"href":"https:\/\/blogsaverroes.juntadeandalucia.es\/ellocodelamochila\/wp-json\/wp\/v2\/pages\/137"}],"wp:attachment":[{"href":"https:\/\/blogsaverroes.juntadeandalucia.es\/ellocodelamochila\/wp-json\/wp\/v2\/media?parent=661"}],"curies":[{"name":"wp","href":"https:\/\/api.w.org\/{rel}","templated":true}]}}

CÓMO EXPLICAR AL ALUMNADO LA EVALUACIÓN CRITERIAL

<p style="text-align: justify"><span style="font-family: terminal, monaco, monospace;font-size: 14pt">La evaluación criterial tiene grandes ventajas, pero también conlleva ciertas dificultades. Y una de ellas -quizá una de las más relevantes- es cómo podemos explicarle a nuestro alumnado en qué consiste exactamente su funcionamiento para que lo entiendan realmente.</span></p>
<p style="text-align: justify"><span style="font-family: terminal, monaco, monospace;font-size: 14pt">Es muy importante que cada uno/a de nuestros/as alumnos/as comprenda a la perfección cómo se va a desarrollar su proceso de evaluación, pues esto mismo le va a permitir ir viendo cómo está avanzando su propio aprendizaje y, al mismo tiempo, ser consciente de qué está haciendo bien y en qué aspectos concretos puede mejorar.</span></p>
<p style="text-align: justify"><span style="font-family: terminal, monaco, monospace;font-size: 14pt">Esto es, si tenemos una visión de la evaluación como herramienta de aprendizaje es necesario que tanto docentes como alumnado -y también sus familias- sepan cómo funciona, pues es lo que les permitirá ir mejorando paso a paso.</span></p>
<p style="text-align: justify"><span style="font-family: terminal, monaco, monospace;font-size: 14pt">Y sabemos que la evaluación criterial es realmente compleja debido, sobre todo, a la ingente cantidad de información que proporciona. Por tanto, el docente debe ser especialmente claro a la hora de mostrar a su alumnado los datos para que este no se pierda entre el <em>big data</em>.</span></p>
<p style="text-align: justify"><span style="font-family: terminal, monaco, monospace;font-size: 14pt">La experiencia de varios cursos ya evaluando por criterios me dice que todos los alumnos van a aprender cómo funciona, pero tras un período de exploración y de reflexión. Es decir, aunque nos esforcemos en explicárselo con la mayor claridad que podamos, solo irán comprendiendo realmente su funcionamiento -y aprovechando sus ventajas- poco a poco, conforme se va desarrollando el proceso.</span></p>
<p style="text-align: justify"><span style="font-family: terminal, monaco, monospace;font-size: 14pt">Para facilitar la explicación de la evaluación criterial al docente y su comprensión al alumnado, podemos apoyarnos en el método de la «<strong>escalera de la metacognición»</strong>.</span></p>
<p style="text-align: justify"><span style="font-family: terminal, monaco, monospace;font-size: 14pt">No es algo nuevo. En realidad, la escalera de la metacognición es un recurso de autoevaluación que consiste en que cada escalón representa un estadio del aprendizaje.</span></p>
<p style="text-align: justify"><span style="font-family: terminal, monaco, monospace;font-size: 14pt">Esto lo podemos aplicar al aula en los diversos instrumentos que vamos usando muy fácilmente. Por ejemplo, podemos pensar en una escalera con cinco escalones: el más bajo recogería las calificaciones de 0 a 4,9; a continuación otro que va de 5 a 5,9; otro iría de 6 a 7,9; el siguiente iría de 8 a 8,9 y el último de 9 a 10. Además, para darle mayor claridad los números se pueden escribir en colores distintos para reforzar su significación (el primero en rojo, los dos siguientes en amarillo y los dos últimos en verde).</span></p>
<p style="text-align: justify"><span style="font-family: terminal, monaco, monospace;font-size: 14pt">Así, al mostrarle las calificaciones de una tarea de clase en la que se han trabajado y evaluado tres criterios diferentes, el alumno / a vería sus tres notas y, además, en qué escalón se encuentra en cada uno de ellos. Si le proponemos que anote sobre todo los primeros escalones, quedará bien claro en qué debe mejorar.</span></p>
<p style="text-align: justify"><strong><span style="font-family: terminal, monaco, monospace;font-size: 14pt"><img loading="lazy" decoding="async" class="wp-image-665 aligncenter" src="https://blogsaverroes.juntadeandalucia.es/ellocodelamochila/files/2021/07/Captura-de-pantalla-2021-07-30-a-las-11.49.26-1024x390.png" alt="" width="885" height="337" srcset="https://blogsaverroes.juntadeandalucia.es/ellocodelamochila/files/2021/07/Captura-de-pantalla-2021-07-30-a-las-11.49.26-1024x390.png 1024w, https://blogsaverroes.juntadeandalucia.es/ellocodelamochila/files/2021/07/Captura-de-pantalla-2021-07-30-a-las-11.49.26-300x114.png 300w, https://blogsaverroes.juntadeandalucia.es/ellocodelamochila/files/2021/07/Captura-de-pantalla-2021-07-30-a-las-11.49.26-768x292.png 768w, https://blogsaverroes.juntadeandalucia.es/ellocodelamochila/files/2021/07/Captura-de-pantalla-2021-07-30-a-las-11.49.26.png 1380w" sizes="(max-width: 885px) 100vw, 885px" /></span></strong></p>
<p style="text-align: justify"><span style="font-family: terminal, monaco, monospace;font-size: 14pt">De todas formas, aunque esta teoría puede ayudar al principio, seguro que nuestras alumnas y alumnos van asimilando el funcionamiento del proceso de evaluación poco a poco conforme se va desarrollando el curso.</span></p>
<!--themify_builder_content-->
<div id="themify_builder_content-661" data-postid="661" class="themify_builder_content themify_builder_content-661 themify_builder tf_clear">
                    <div  data-lazy="1" class="module_row themify_builder_row tb_cln3427 tb_first tf_w">
                        <div class="row_inner col_align_top tb_col_count_1 tf_box tf_rel">
                        <div  data-lazy="1" class="module_column tb-column col-full tb_skok428 first">
                            <div  data-lazy="1" class="module_subrow themify_builder_sub_row tf_w col_align_top tb_col_count_2 tb_7ik0415">
                <div  data-lazy="1" class="module_column sub_column col2-1 tb_zgvv416 first">
                            </div>
                    <div  data-lazy="1" class="module_column sub_column col2-1 tb_0hi7416 last">
                    <!-- module social share -->
<div  class="module module-social-share tb_6qrm847  tb_ss_size_large tb_ss_shape_rounded" data-lazy="1" data-title="" data-url="">
        <div class="module-social-share-wrapper">
                                            <div class="ss_anchor_wrap tf_inline_b">
                        <a href="#" data-type="facebook">
                            <em class="tb_social_share_icon"><svg  aria-label="Facebook" class="tf_fa tf-ti-facebook" role="img"><use href="#tf-ti-facebook"></use></svg></em>
                                                    </a>
                    </div>
                                    <div class="ss_anchor_wrap tf_inline_b">
                        <a href="#" data-type="twitter">
                            <em class="tb_social_share_icon"><svg  aria-label="Twitter" class="tf_fa tf-fab-x-twitter" role="img"><use href="#tf-fab-x-twitter"></use></svg></em>
                                                    </a>
                    </div>
                                    <div class="ss_anchor_wrap tf_inline_b">
                        <a href="#" data-type="email">
                            <em class="tb_social_share_icon"><svg  aria-label="Email" class="tf_fa tf-ti-email" role="img"><use href="#tf-ti-email"></use></svg></em>
                                                    </a>
                    </div>
                            </div>
</div>
<!-- /module social share -->
        </div>
                    </div>
                </div>
                        </div>
        </div>
        </div>
<!--/themify_builder_content-->

<p>La evaluación criterial tiene grandes ventajas, pero también conlleva ciertas dificultades. Y una de ellas -quizá una de las más relevantes- es cómo podemos explicarle a nuestro alumnado en qué consiste exactamente su funcionamiento para que lo entiendan realmente. Es muy importante que cada uno/a de nuestros/as alumnos/as comprenda a la perfección cómo se va [&hellip;]</p>
