{"id":2,"date":"2024-01-25T18:48:07","date_gmt":"2024-01-25T18:48:07","guid":{"rendered":"https:\/\/blogsaverroes.juntadeandalucia.es\/elrincondelasartes\/?page_id=2"},"modified":"2024-01-25T20:44:41","modified_gmt":"2024-01-25T20:44:41","slug":"pagina-ejemplo","status":"publish","type":"page","link":"https:\/\/blogsaverroes.juntadeandalucia.es\/elrincondelasartes\/pagina-ejemplo\/","title":{"rendered":"Descargables"},"content":{"rendered":"\r\n<p><strong>Este es tu espacio de descargas. <\/strong><\/p>\r\n<p>Se ir\u00e1 actualizando con nuevos contenidos a lo largo del curso. Por ahora, aqu\u00ed os dejamos un pdf sobre el c\u00f3mic, por si est\u00e1s interesado\/a en aprender un poquito m\u00e1s&#8230; \u00a1y en practicar el ingl\u00e9s!&nbsp;<\/p>\r\n<p><a href=\"https:\/\/blogsaverroes.juntadeandalucia.es\/elrincondelasartes\/files\/2024\/01\/COMIC_compressed.pdf\"><img loading=\"lazy\" decoding=\"async\" class=\"alignnone  wp-image-59\" src=\"https:\/\/blogsaverroes.juntadeandalucia.es\/elrincondelasartes\/files\/2024\/01\/unnamed-300x300.png\" alt=\"\" width=\"79\" height=\"79\" srcset=\"https:\/\/blogsaverroes.juntadeandalucia.es\/elrincondelasartes\/files\/2024\/01\/unnamed-300x300.png 300w, https:\/\/blogsaverroes.juntadeandalucia.es\/elrincondelasartes\/files\/2024\/01\/unnamed-150x150.png 150w, https:\/\/blogsaverroes.juntadeandalucia.es\/elrincondelasartes\/files\/2024\/01\/unnamed-80x80.png 80w, https:\/\/blogsaverroes.juntadeandalucia.es\/elrincondelasartes\/files\/2024\/01\/unnamed-320x320.png 320w, https:\/\/blogsaverroes.juntadeandalucia.es\/elrincondelasartes\/files\/2024\/01\/unnamed.png 512w\" sizes=\"(max-width: 79px) 100vw, 79px\" \/><\/a><\/p>\r\n<p>&nbsp;<\/p>\r\n\r\n\r\n","protected":false},"excerpt":{"rendered":"<p>Este es tu espacio de descargas. Se ir\u00e1 actualizando con nuevos contenidos a lo largo del curso. Por ahora, aqu\u00ed os dejamos un pdf sobre el c\u00f3mic, por si est\u00e1s interesado\/a en aprender un&#46;&#46;&#46;<\/p>\n","protected":false},"author":18842,"featured_media":0,"parent":0,"menu_order":0,"comment_status":"closed","ping_status":"open","template":"","meta":{"ngg_post_thumbnail":0,"footnotes":""},"aioseo_notices":[],"_links":{"self":[{"href":"https:\/\/blogsaverroes.juntadeandalucia.es\/elrincondelasartes\/wp-json\/wp\/v2\/pages\/2"}],"collection":[{"href":"https:\/\/blogsaverroes.juntadeandalucia.es\/elrincondelasartes\/wp-json\/wp\/v2\/pages"}],"about":[{"href":"https:\/\/blogsaverroes.juntadeandalucia.es\/elrincondelasartes\/wp-json\/wp\/v2\/types\/page"}],"author":[{"embeddable":true,"href":"https:\/\/blogsaverroes.juntadeandalucia.es\/elrincondelasartes\/wp-json\/wp\/v2\/users\/18842"}],"replies":[{"embeddable":true,"href":"https:\/\/blogsaverroes.juntadeandalucia.es\/elrincondelasartes\/wp-json\/wp\/v2\/comments?post=2"}],"version-history":[{"count":5,"href":"https:\/\/blogsaverroes.juntadeandalucia.es\/elrincondelasartes\/wp-json\/wp\/v2\/pages\/2\/revisions"}],"predecessor-version":[{"id":54,"href":"https:\/\/blogsaverroes.juntadeandalucia.es\/elrincondelasartes\/wp-json\/wp\/v2\/pages\/2\/revisions\/54"}],"wp:attachment":[{"href":"https:\/\/blogsaverroes.juntadeandalucia.es\/elrincondelasartes\/wp-json\/wp\/v2\/media?parent=2"}],"curies":[{"name":"wp","href":"https:\/\/api.w.org\/{rel}","templated":true}]}}