{"id":206,"date":"2013-01-18T15:24:42","date_gmt":"2013-01-18T13:24:42","guid":{"rendered":"http:\/\/iesentresierras.wordpress.com\/?page_id=206"},"modified":"2013-01-18T15:24:42","modified_gmt":"2013-01-18T13:24:42","slug":"dpto-e-fisica","status":"publish","type":"page","link":"https:\/\/blogsaverroes.juntadeandalucia.es\/entresierras\/dpto-e-fisica\/","title":{"rendered":"Dpto. E. F\u00edsica"},"content":{"rendered":"<p><a href=\"http:\/\/iesentresierras.files.wordpress.com\/2013\/01\/dibujin_ef.jpg\"><img loading=\"lazy\" decoding=\"async\" class=\"aligncenter size-thumbnail wp-image-232\" alt=\"DIBUJIN_EF\" src=\"http:\/\/iesentresierras.files.wordpress.com\/2013\/01\/dibujin_ef.jpg?w=150\" width=\"198\" height=\"178\" \/><\/a><\/p>\n<p>&nbsp;<\/p>\n<p>&nbsp;<\/p>\n<p>&nbsp;<\/p>\n<p><strong>V\u00cdDEOS SOBRE PATINAJE<\/strong><\/p>\n<p>Aqu\u00ed os mostramos unos ejemplos de t\u00e9cnicas sobre patinaje que seguro os interesar\u00e1n:<\/p>\n<p><a href=\"http:\/\/iesentresierras.files.wordpress.com\/2013\/01\/patines.jpg\"><img loading=\"lazy\" decoding=\"async\" class=\"aligncenter size-thumbnail wp-image-300\" alt=\"patines\" src=\"http:\/\/iesentresierras.files.wordpress.com\/2013\/01\/patines.jpg?w=150\" width=\"140\" height=\"98\" \/><\/a><\/p>\n<p><em>A) Exhibici\u00f3n<\/em>:\u00a0 <a href=\"http:\/\/www.youtube.com\/watch?v=brdYh7bCVSE\">http:\/\/www.youtube.com\/watch?v=brdYh7bCVSE<\/a><\/p>\n<p><em>B) Movimientos b\u00e1sicos:<\/em>\u00a0 <a href=\"http:\/\/www.youtube.com\/watch?v=z9jPyGn3ctg\">http:\/\/www.youtube.com\/watch?v=z9jPyGn3ctg <\/a><\/p>\n<p><em>C) T\u00e9cnica de frenada<\/em>:\u00a0 <a href=\"http:\/\/www.youtube.com\/watch?v=Z7wpWe1PwBI\">http:\/\/www.youtube.com\/watch?v=Z7wpWe1PwBI<\/a><\/p>\n<p>&nbsp;<\/p>\n<p>&nbsp;<\/p>\n<p><strong>HISTORIA DE LOS JUEGOS OL\u00cdMPICOS (1\u00baESO)<\/strong><\/p>\n<p><a href=\"http:\/\/iesentresierras.files.wordpress.com\/2013\/01\/14231098-el-atleta-de-la-antigua-grecia-se-ejecuta-con-la-llama-olimpica.jpg\"><img loading=\"lazy\" decoding=\"async\" class=\"aligncenter size-thumbnail wp-image-388\" alt=\"14231098-el-atleta-de-la-antigua-grecia-se-ejecuta-con-la-llama-olimpica\" src=\"http:\/\/iesentresierras.files.wordpress.com\/2013\/01\/14231098-el-atleta-de-la-antigua-grecia-se-ejecuta-con-la-llama-olimpica.jpg?w=150\" width=\"139\" height=\"129\" \/><\/a><\/p>\n<p>A continuaci\u00f3n\u00a0os proporcionamos una serie de p\u00e1ginas muy interesantes para que indagu\u00e9is algo m\u00e1s sobre las curiosidades y la historia de los Juegos Ol\u00edmpicos.<\/p>\n<p><a id=\"yui_3_7_2_1_1364841733136_2340\" href=\"http:\/\/www.muyinteresante.es\/historia\/especiales\/historia-y-curiosidades-de-los-juegos-olimpicos\" target=\"_blank\" rel=\"nofollow noopener noreferrer\">http:\/\/www.muyinteresante.es\/historia\/especiales\/historia-y-curiosidades-de-los-juegos-olimpicos<\/a><\/p>\n<p><a href=\"http:\/\/www.educa.madrid.org\/web\/ies.garciamorato.madrid\/Dep_Griego\/juegos\/trabajos\/historia_juegos.htm\" target=\"_blank\" rel=\"noopener noreferrer\">http:\/\/www.educa.madrid.org\/web\/ies.garciamorato.madrid\/Dep_Griego\/juegos\/trabajos\/historia_juegos.htm<\/a><\/p>\n<p><a href=\"http:\/\/www.portalplanetasedna.com.ar\/juegos_olimpicos.htm\" target=\"_blank\" rel=\"noopener noreferrer\">http:\/\/www.portalplanetasedna.com.ar\/juegos_olimpicos.htm<\/a><\/p>\n<p><a href=\"http:\/\/www.monografias.com\/trabajos13\/hjuegol\/hjuegol.shtml\" target=\"_blank\" rel=\"noopener noreferrer\">http:\/\/www.monografias.com\/trabajos13\/hjuegol\/hjuegol.shtml<\/a><\/p>\n<p>&nbsp;<\/p>\n<p>&nbsp;<\/p>\n<p><a href=\"http:\/\/iesentresierras.files.wordpress.com\/2014\/02\/img_2621.jpg\"><img loading=\"lazy\" decoding=\"async\" class=\"aligncenter size-large wp-image-599\" alt=\"IMG_2621\" src=\"http:\/\/iesentresierras.files.wordpress.com\/2014\/02\/img_2621.jpg?w=595\" width=\"595\" height=\"396\" \/><\/a><\/p>\n<p>&nbsp;<\/p>\n<p style=\"text-align:justify\">\n<p style=\"text-align:justify\">Durante la \u00faltima semana de enero, y en colaboraci\u00f3n con el Ayuntamiento de Purchena a trav\u00e9s del Centro de Informaci\u00f3n Juvenil, se ha desarrollado para los alumnos de 1\u00ba de ESO y 6\u00ba de Primaria una <strong>EXHIBICI\u00d3N DE COMBA. <\/strong>Nuestros alumnos y alumnas pudieron demostrar su destreza en los saltos y disfrutaron de ejercicios realmente llamativos y divertidos.<\/p>\n","protected":false},"excerpt":{"rendered":"<p>&nbsp; &nbsp; &nbsp; V\u00cdDEOS SOBRE PATINAJE Aqu\u00ed os mostramos unos ejemplos de t\u00e9cnicas sobre patinaje que seguro os interesar\u00e1n: A) Exhibici\u00f3n:\u00a0 http:\/\/www.youtube.com\/watch?v=brdYh7bCVSE B) Movimientos b\u00e1sicos:\u00a0 http:\/\/www.youtube.com\/watch?v=z9jPyGn3ctg C) T\u00e9cnica de frenada:\u00a0 http:\/\/www.youtube.com\/watch?v=Z7wpWe1PwBI &nbsp; &nbsp; HISTORIA&#46;&#46;&#46;<\/p>\n","protected":false},"author":14594,"featured_media":0,"parent":0,"menu_order":0,"comment_status":"open","ping_status":"open","template":"","meta":{"ngg_post_thumbnail":0,"footnotes":""},"aioseo_notices":[],"_links":{"self":[{"href":"https:\/\/blogsaverroes.juntadeandalucia.es\/entresierras\/wp-json\/wp\/v2\/pages\/206"}],"collection":[{"href":"https:\/\/blogsaverroes.juntadeandalucia.es\/entresierras\/wp-json\/wp\/v2\/pages"}],"about":[{"href":"https:\/\/blogsaverroes.juntadeandalucia.es\/entresierras\/wp-json\/wp\/v2\/types\/page"}],"author":[{"embeddable":true,"href":"https:\/\/blogsaverroes.juntadeandalucia.es\/entresierras\/wp-json\/wp\/v2\/users\/14594"}],"replies":[{"embeddable":true,"href":"https:\/\/blogsaverroes.juntadeandalucia.es\/entresierras\/wp-json\/wp\/v2\/comments?post=206"}],"version-history":[{"count":0,"href":"https:\/\/blogsaverroes.juntadeandalucia.es\/entresierras\/wp-json\/wp\/v2\/pages\/206\/revisions"}],"wp:attachment":[{"href":"https:\/\/blogsaverroes.juntadeandalucia.es\/entresierras\/wp-json\/wp\/v2\/media?parent=206"}],"curies":[{"name":"wp","href":"https:\/\/api.w.org\/{rel}","templated":true}]}}