{"id":3412,"date":"2019-03-14T12:19:41","date_gmt":"2019-03-14T10:19:41","guid":{"rendered":"https:\/\/iesentresierras.wordpress.com\/?page_id=3412"},"modified":"2025-10-16T19:02:30","modified_gmt":"2025-10-16T17:02:30","slug":"planes-y-programas","status":"publish","type":"page","link":"https:\/\/blogsaverroes.juntadeandalucia.es\/entresierras\/planes-y-programas\/","title":{"rendered":"PLANES Y PROYECTOS EN EL IES ENTRESIERRAS"},"content":{"rendered":"<p><img loading=\"lazy\" decoding=\"async\" class=\"size-medium wp-image-9017 alignleft\" src=\"https:\/\/blogsaverroes.juntadeandalucia.es\/entresierras\/files\/2023\/11\/plames-300x122.png\" alt=\"\" width=\"300\" height=\"122\" srcset=\"https:\/\/blogsaverroes.juntadeandalucia.es\/entresierras\/files\/2023\/11\/plames-300x122.png 300w, https:\/\/blogsaverroes.juntadeandalucia.es\/entresierras\/files\/2023\/11\/plames.png 370w\" sizes=\"(max-width: 300px) 100vw, 300px\" \/><\/p>\n<p>&nbsp;<\/p>\n<p>&nbsp;<\/p>\n<p>&nbsp;<\/p>\n<p>&nbsp;<\/p>\n<p>&nbsp;<\/p>\n<p>&nbsp;<\/p>\n<p>La cada vez m\u00e1s compleja realidad social de nuestro tiempo hace que sea necesario abordar, desde el sistema educativo, todos aquellos aspectos de la misma que puedan ser mejorados a trav\u00e9s de la educaci\u00f3n. Desde hace ya a\u00f1os se viene completando y dise\u00f1ando un variado programa de actuaciones para desarrollar las distintas tem\u00e1ticas y aspectos que preocupan en nuestra sociedad, tanto en los centros educativos como fuera de ellos.<\/p>\n<p>En su m\u00e1ximo nivel de concreci\u00f3n, las actuaciones de los planes y programas abarcan desde la salud y la prevenci\u00f3n a la seguridad vial, desde el medio ambiente y el consumo responsable hasta la lectura y las bibliotecas escolares, las conmemoraciones de hechos o personajes relevantes, el flamenco, etc. Todo ello agrupado por tem\u00e1ticas para facilitar su localizaci\u00f3n y desarrollado en portales educativos espec\u00edficos.<\/p>\n<p>Este curso 2025\/2026, vamos a dar un enfoque global e interdisciplinar a los Planes y Proyectos del IES Entresierras, desde una tem\u00e1tica com\u00fan para todas las actuaciones realizadas, independientemente del Plan, Proyecto o&nbsp; Programa. <strong>Entresierras Ol\u00edmpico<\/strong>, ha sido la tem\u00e1tica escogida por los coordinadores, como nexo de uni\u00f3n a todos nuestros planes y programas.<\/p>\n<p>En el siguiente enlace pueden descargar nuestros planes, proyectos y programas para el curso 2025\/2026:<\/p>\n<p><a href=\"https:\/\/blogsaverroes.juntadeandalucia.es\/entresierras\/files\/2024\/10\/PLANES-Y-PROYECTOS-2025_2026.pdf\">PLANES Y PROYECTOS 2025_2026<\/a><\/p>\n<p>&nbsp;<\/p>\n","protected":false},"excerpt":{"rendered":"<p>&nbsp; &nbsp; &nbsp; &nbsp; &nbsp; &nbsp; La cada vez m\u00e1s compleja realidad social de nuestro tiempo hace que sea necesario abordar, desde el sistema educativo, todos aquellos aspectos de la misma que puedan ser&#46;&#46;&#46;<\/p>\n","protected":false},"author":14594,"featured_media":9017,"parent":0,"menu_order":0,"comment_status":"closed","ping_status":"closed","template":"","meta":{"ngg_post_thumbnail":0,"footnotes":""},"aioseo_notices":[],"_links":{"self":[{"href":"https:\/\/blogsaverroes.juntadeandalucia.es\/entresierras\/wp-json\/wp\/v2\/pages\/3412"}],"collection":[{"href":"https:\/\/blogsaverroes.juntadeandalucia.es\/entresierras\/wp-json\/wp\/v2\/pages"}],"about":[{"href":"https:\/\/blogsaverroes.juntadeandalucia.es\/entresierras\/wp-json\/wp\/v2\/types\/page"}],"author":[{"embeddable":true,"href":"https:\/\/blogsaverroes.juntadeandalucia.es\/entresierras\/wp-json\/wp\/v2\/users\/14594"}],"replies":[{"embeddable":true,"href":"https:\/\/blogsaverroes.juntadeandalucia.es\/entresierras\/wp-json\/wp\/v2\/comments?post=3412"}],"version-history":[{"count":4,"href":"https:\/\/blogsaverroes.juntadeandalucia.es\/entresierras\/wp-json\/wp\/v2\/pages\/3412\/revisions"}],"predecessor-version":[{"id":10420,"href":"https:\/\/blogsaverroes.juntadeandalucia.es\/entresierras\/wp-json\/wp\/v2\/pages\/3412\/revisions\/10420"}],"wp:featuredmedia":[{"embeddable":true,"href":"https:\/\/blogsaverroes.juntadeandalucia.es\/entresierras\/wp-json\/wp\/v2\/media\/9017"}],"wp:attachment":[{"href":"https:\/\/blogsaverroes.juntadeandalucia.es\/entresierras\/wp-json\/wp\/v2\/media?parent=3412"}],"curies":[{"name":"wp","href":"https:\/\/api.w.org\/{rel}","templated":true}]}}

<p><img loading="lazy" decoding="async" class="size-medium wp-image-9017 alignleft" src="https://blogsaverroes.juntadeandalucia.es/entresierras/files/2023/11/plames-300x122.png" alt="" width="300" height="122" srcset="https://blogsaverroes.juntadeandalucia.es/entresierras/files/2023/11/plames-300x122.png 300w, https://blogsaverroes.juntadeandalucia.es/entresierras/files/2023/11/plames.png 370w" sizes="(max-width: 300px) 100vw, 300px" /></p>
<p>&nbsp;</p>
<p>&nbsp;</p>
<p>&nbsp;</p>
<p>&nbsp;</p>
<p>&nbsp;</p>
<p>&nbsp;</p>
<p>La cada vez más compleja realidad social de nuestro tiempo hace que sea necesario abordar, desde el sistema educativo, todos aquellos aspectos de la misma que puedan ser mejorados a través de la educación. Desde hace ya años se viene completando y diseñando un variado programa de actuaciones para desarrollar las distintas temáticas y aspectos que preocupan en nuestra sociedad, tanto en los centros educativos como fuera de ellos.</p>
<p>En su máximo nivel de concreción, las actuaciones de los planes y programas abarcan desde la salud y la prevención a la seguridad vial, desde el medio ambiente y el consumo responsable hasta la lectura y las bibliotecas escolares, las conmemoraciones de hechos o personajes relevantes, el flamenco, etc. Todo ello agrupado por temáticas para facilitar su localización y desarrollado en portales educativos específicos.</p>
<p>Este curso 2025/2026, vamos a dar un enfoque global e interdisciplinar a los Planes y Proyectos del IES Entresierras, desde una temática común para todas las actuaciones realizadas, independientemente del Plan, Proyecto o&nbsp; Programa. <strong>Entresierras Olímpico</strong>, ha sido la temática escogida por los coordinadores, como nexo de unión a todos nuestros planes y programas.</p>
<p>En el siguiente enlace pueden descargar nuestros planes, proyectos y programas para el curso 2025/2026:</p>
<p><a href="https://blogsaverroes.juntadeandalucia.es/entresierras/files/2024/10/PLANES-Y-PROYECTOS-2025_2026.pdf">PLANES Y PROYECTOS 2025_2026</a></p>
<p>&nbsp;</p>

<p>&nbsp; &nbsp; &nbsp; &nbsp; &nbsp; &nbsp; La cada vez más compleja realidad social de nuestro tiempo hace que sea necesario abordar, desde el sistema educativo, todos aquellos aspectos de la misma que puedan ser&#46;&#46;&#46;</p>
