{"id":757,"date":"2014-06-16T11:28:02","date_gmt":"2014-06-16T09:28:02","guid":{"rendered":"http:\/\/iesentresierras.wordpress.com\/?page_id=757"},"modified":"2014-06-16T11:28:02","modified_gmt":"2014-06-16T09:28:02","slug":"dpto-plastica","status":"publish","type":"page","link":"https:\/\/blogsaverroes.juntadeandalucia.es\/entresierras\/dpto-plastica\/","title":{"rendered":"Dpto. Pl\u00e1stica"},"content":{"rendered":"<p><a href=\"https:\/\/iesentresierras.files.wordpress.com\/2014\/06\/plastica-1.jpg\"><img loading=\"lazy\" decoding=\"async\" class=\"aligncenter  wp-image-758\" src=\"http:\/\/iesentresierras.files.wordpress.com\/2014\/06\/plastica-1.jpg?w=150\" alt=\"plastica 1\" width=\"180\" height=\"143\" \/><\/a><\/p>\n<p>&nbsp;<\/p>\n<p>&nbsp;<\/p>\n<p><a href=\"https:\/\/iesentresierras.files.wordpress.com\/2014\/06\/plastica5.jpg\"><img loading=\"lazy\" decoding=\"async\" class=\"aligncenter size-thumbnail wp-image-759\" src=\"http:\/\/iesentresierras.files.wordpress.com\/2014\/06\/plastica5.jpg?w=150\" alt=\"plastica5\" width=\"150\" height=\"50\" \/><\/a><\/p>\n<p>&nbsp;<\/p>\n<p>&nbsp;<\/p>\n<p>&nbsp;<\/p>\n<p>A continuaci\u00f3n os ofrecemos una serie de enlaces web muy interesantes para perfeccionar t\u00e9cnicas art\u00edsticas y para realizar una visita virtual al Museo del Prado:<\/p>\n<p>A)\u00a0\u00a0VISITA MUSEO DEL PRADO:\u00a0<a title=\"VISITA VIRTUAL MUSEO DEL PRADO\" href=\"http:\/\/www.museodelprado.es\/pradomedia\/multimedia\/audioguias-infantiles\/%20\"><strong>http:\/\/www.museodelprado.es\/pradomedia\/multimedia\/audioguias-infantiles\/\u00a0<\/strong><\/a><\/p>\n<p>B) DIBUJOS MANGA: \u00a0<a title=\"DIBUJOS MANGA\" href=\"\/\/toodaim.blogspot.com.es\/2013\/01\/curso-aprende-dibujar-estilo-manga.html\">http:\/\/toodaim.blogspot.com.es\/2013\/01\/curso-aprende-dibujar-estilo-manga.html<\/a><\/p>\n<p>C) MODELADO DE ARCILLA: \u00a0<a title=\"MODELADO ARCILLA\" href=\"http:\/\/juegos-y-hobbies.practicopedia.lainformacion.com\/manualidades\/como-modelar-arcilla-13591\">http:\/\/juegos-y-hobbies.practicopedia.lainformacion.com\/manualidades\/como-modelar-arcilla-13591<\/a><\/p>\n<p>D) DIBUJO GRAFITO: \u00a0<a title=\"DIBUJO GRAFITO\" href=\"http:\/\/www.pinturaydibujo.com\/2013\/11\/18-dibujar-con-grafito-lapiz-barra.html\u00a0\">http:\/\/www.pinturaydibujo.com\/2013\/11\/18-dibujar-con-grafito-lapiz-barra.html\u00a0<\/a><\/p>\n<p>&nbsp;<\/p>\n<p>&nbsp;<\/p>\n<p>&nbsp;<\/p>\n<p>&nbsp;<\/p>\n","protected":false},"excerpt":{"rendered":"<p>&nbsp; &nbsp; &nbsp; &nbsp; &nbsp; A continuaci\u00f3n os ofrecemos una serie de enlaces web muy interesantes para perfeccionar t\u00e9cnicas art\u00edsticas y para realizar una visita virtual al Museo del Prado: A)\u00a0\u00a0VISITA MUSEO DEL PRADO:\u00a0http:\/\/www.museodelprado.es\/pradomedia\/multimedia\/audioguias-infantiles\/\u00a0&#46;&#46;&#46;<\/p>\n","protected":false},"author":14594,"featured_media":0,"parent":0,"menu_order":0,"comment_status":"open","ping_status":"open","template":"","meta":{"ngg_post_thumbnail":0,"footnotes":""},"aioseo_notices":[],"_links":{"self":[{"href":"https:\/\/blogsaverroes.juntadeandalucia.es\/entresierras\/wp-json\/wp\/v2\/pages\/757"}],"collection":[{"href":"https:\/\/blogsaverroes.juntadeandalucia.es\/entresierras\/wp-json\/wp\/v2\/pages"}],"about":[{"href":"https:\/\/blogsaverroes.juntadeandalucia.es\/entresierras\/wp-json\/wp\/v2\/types\/page"}],"author":[{"embeddable":true,"href":"https:\/\/blogsaverroes.juntadeandalucia.es\/entresierras\/wp-json\/wp\/v2\/users\/14594"}],"replies":[{"embeddable":true,"href":"https:\/\/blogsaverroes.juntadeandalucia.es\/entresierras\/wp-json\/wp\/v2\/comments?post=757"}],"version-history":[{"count":0,"href":"https:\/\/blogsaverroes.juntadeandalucia.es\/entresierras\/wp-json\/wp\/v2\/pages\/757\/revisions"}],"wp:attachment":[{"href":"https:\/\/blogsaverroes.juntadeandalucia.es\/entresierras\/wp-json\/wp\/v2\/media?parent=757"}],"curies":[{"name":"wp","href":"https:\/\/api.w.org\/{rel}","templated":true}]}}