{"id":9863,"date":"2024-10-23T20:42:17","date_gmt":"2024-10-23T18:42:17","guid":{"rendered":"https:\/\/blogsaverroes.juntadeandalucia.es\/entresierras\/?page_id=9863"},"modified":"2025-10-08T14:06:34","modified_gmt":"2025-10-08T12:06:34","slug":"plan-de-razonamiento-matematico","status":"publish","type":"page","link":"https:\/\/blogsaverroes.juntadeandalucia.es\/entresierras\/plan-de-razonamiento-matematico\/","title":{"rendered":"PLAN DE RAZONAMIENTO MATEM\u00c1TICO"},"content":{"rendered":"<p>El Equipo T\u00e9cnico de Coordinaci\u00f3n Pedag\u00f3gica del IES Entresierras ha elaborado un plan de razonamiento matem\u00e1tico siguiendo las instrucciones de la Viceconsejer\u00eda de Desarrollo Educativo y Formaci\u00f3n Profesional, sobre las medidas para el fomento del razonamiento matem\u00e1tico a trav\u00e9s del planteamiento y la resoluci\u00f3n de retos y problemas en educaci\u00f3n infantil, educaci\u00f3n primaria y educaci\u00f3n secundaria obligatoria, y con los objetivos siguientes:<\/p>\n<ol>\n<li>a) Fijar los principios generales que sirvan de referencia para la puesta en marcha de medidas metodol\u00f3gicas y organizativas para el desarrollo del razonamiento matem\u00e1tico del alumnado.<\/li>\n<li>b) Facilitar orientaciones did\u00e1cticas y metodol\u00f3gicas destinadas al desarrollo de las competencias espec\u00edficas propias de las Matem\u00e1ticas, mediante pr\u00e1cticas docentes adecuadas a la etapa educativa y la edad del alumnado.<\/li>\n<li>c) Establecer el planteamiento y la resoluci\u00f3n de problemas como un eje fundamental en la ense\u00f1anza de las Matem\u00e1ticas, por su importancia en la vida cotidiana y porque a trav\u00e9s de ellos se desarrollan las competencias espec\u00edficas propias de esta disciplina, con especial atenci\u00f3n al pensamiento computacional, el razonamiento, y las capacidades de representaci\u00f3n y comunicaci\u00f3n.<\/li>\n<li>d) Identificar las conexiones y aplicar las Matem\u00e1ticas en otras \u00e1reas, materias o \u00e1mbitos del curr\u00edculo.<\/li>\n<\/ol>\n<p>ENLACE AL PLAN DE RAZONAMIENTO MATEM\u00c1TICO:<\/p>\n<p><a href=\"https:\/\/blogsaverroes.juntadeandalucia.es\/entresierras\/files\/2025\/10\/PLAN-DE-RAZONAMIENTO-MATEMATICO-2025-26.pdf\">PLAN DE RAZONAMIENTO MATEM\u00c1TICO 2025-26<\/a><\/p>\n","protected":false},"excerpt":{"rendered":"<p>El Equipo T\u00e9cnico de Coordinaci\u00f3n Pedag\u00f3gica del IES Entresierras ha elaborado un plan de razonamiento matem\u00e1tico siguiendo las instrucciones de la Viceconsejer\u00eda de Desarrollo Educativo y Formaci\u00f3n Profesional, sobre las medidas para el fomento&#46;&#46;&#46;<\/p>\n","protected":false},"author":7709,"featured_media":0,"parent":0,"menu_order":0,"comment_status":"closed","ping_status":"closed","template":"","meta":{"ngg_post_thumbnail":0,"footnotes":""},"aioseo_notices":[],"_links":{"self":[{"href":"https:\/\/blogsaverroes.juntadeandalucia.es\/entresierras\/wp-json\/wp\/v2\/pages\/9863"}],"collection":[{"href":"https:\/\/blogsaverroes.juntadeandalucia.es\/entresierras\/wp-json\/wp\/v2\/pages"}],"about":[{"href":"https:\/\/blogsaverroes.juntadeandalucia.es\/entresierras\/wp-json\/wp\/v2\/types\/page"}],"author":[{"embeddable":true,"href":"https:\/\/blogsaverroes.juntadeandalucia.es\/entresierras\/wp-json\/wp\/v2\/users\/7709"}],"replies":[{"embeddable":true,"href":"https:\/\/blogsaverroes.juntadeandalucia.es\/entresierras\/wp-json\/wp\/v2\/comments?post=9863"}],"version-history":[{"count":2,"href":"https:\/\/blogsaverroes.juntadeandalucia.es\/entresierras\/wp-json\/wp\/v2\/pages\/9863\/revisions"}],"predecessor-version":[{"id":10409,"href":"https:\/\/blogsaverroes.juntadeandalucia.es\/entresierras\/wp-json\/wp\/v2\/pages\/9863\/revisions\/10409"}],"wp:attachment":[{"href":"https:\/\/blogsaverroes.juntadeandalucia.es\/entresierras\/wp-json\/wp\/v2\/media?parent=9863"}],"curies":[{"name":"wp","href":"https:\/\/api.w.org\/{rel}","templated":true}]}}

PLAN DE RAZONAMIENTO MATEMÁTICO

<p>El Equipo Técnico de Coordinación Pedagógica del IES Entresierras ha elaborado un plan de razonamiento matemático siguiendo las instrucciones de la Viceconsejería de Desarrollo Educativo y Formación Profesional, sobre las medidas para el fomento del razonamiento matemático a través del planteamiento y la resolución de retos y problemas en educación infantil, educación primaria y educación secundaria obligatoria, y con los objetivos siguientes:</p>
<ol>
<li>a) Fijar los principios generales que sirvan de referencia para la puesta en marcha de medidas metodológicas y organizativas para el desarrollo del razonamiento matemático del alumnado.</li>
<li>b) Facilitar orientaciones didácticas y metodológicas destinadas al desarrollo de las competencias específicas propias de las Matemáticas, mediante prácticas docentes adecuadas a la etapa educativa y la edad del alumnado.</li>
<li>c) Establecer el planteamiento y la resolución de problemas como un eje fundamental en la enseñanza de las Matemáticas, por su importancia en la vida cotidiana y porque a través de ellos se desarrollan las competencias específicas propias de esta disciplina, con especial atención al pensamiento computacional, el razonamiento, y las capacidades de representación y comunicación.</li>
<li>d) Identificar las conexiones y aplicar las Matemáticas en otras áreas, materias o ámbitos del currículo.</li>
</ol>
<p>ENLACE AL PLAN DE RAZONAMIENTO MATEMÁTICO:</p>
<p><a href="https://blogsaverroes.juntadeandalucia.es/entresierras/files/2025/10/PLAN-DE-RAZONAMIENTO-MATEMATICO-2025-26.pdf">PLAN DE RAZONAMIENTO MATEMÁTICO 2025-26</a></p>

<p>El Equipo Técnico de Coordinación Pedagógica del IES Entresierras ha elaborado un plan de razonamiento matemático siguiendo las instrucciones de la Viceconsejería de Desarrollo Educativo y Formación Profesional, sobre las medidas para el fomento&#46;&#46;&#46;</p>
