{"id":10,"date":"2024-10-17T12:36:36","date_gmt":"2024-10-17T10:36:36","guid":{"rendered":"https:\/\/blogsaverroes.juntadeandalucia.es\/eoedigame\/?page_id=10"},"modified":"2025-09-02T22:09:58","modified_gmt":"2025-09-02T20:09:58","slug":"nueva-escolarizacion","status":"publish","type":"page","link":"https:\/\/blogsaverroes.juntadeandalucia.es\/eoedigame\/nueva-escolarizacion\/","title":{"rendered":"Nueva escolarizaci\u00f3n"},"content":{"rendered":"\t\t<div data-elementor-type=\"wp-page\" data-elementor-id=\"10\" class=\"elementor elementor-10\">\n\t\t\t\t<div class=\"elementor-element elementor-element-3dba1cc e-flex e-con-boxed e-con e-parent\" data-id=\"3dba1cc\" data-element_type=\"container\">\n\t\t\t\t\t<div class=\"e-con-inner\">\n\t\t\t\t<div class=\"elementor-element elementor-element-28cbbde elementor-widget elementor-widget-text-editor\" data-id=\"28cbbde\" data-element_type=\"widget\" data-widget_type=\"text-editor.default\">\n\t\t\t\t<div class=\"elementor-widget-container\">\n\t\t\t\t\t\t\t\t\t<p style=\"text-align: justify\"><span style=\"color: #000000\">Cada curso escolar, los primeros d\u00edas de febrero traen consigo uno de los grandes retos sobre los que tienen que intervenir los EOEs de la provincia: la detecci\u00f3n de necesidades educativas especiales, as\u00ed como la propuesta de respuesta educativa para el alumnado que se incorporar\u00e1 en septiembre a 2\u00ba ciclo de Educaci\u00f3n Infantil.<\/span><\/p><p style=\"text-align: justify\"><span style=\"color: #000000\">A lo largo del mes de febrero y marzo, las y los profesionales de los Equipos de Orientaci\u00f3n Educativa priorizan dicha actuaci\u00f3n sobre una mochila de demandas que cada d\u00eda es m\u00e1s abultada. No obstante, el rigor t\u00e9cnico, as\u00ed como un despliegue de habilidades de comunicaci\u00f3n ingente hace que, en el inicio del siguiente curso escolar, las familias implicadas afronten con mayor tranquilidad la nueva etapa que comienzan sus hijas e hijos.<\/span><\/p><p style=\"text-align: justify\"><span style=\"color: #000000\">Durante este proceso lo m\u00e1s importante es acompa\u00f1ar a las familias de ni\u00f1os y ni\u00f1as con NEAE, ser emp\u00e1tic@s, explicarles c\u00f3mo funciona el sistema educativo y qu\u00e9 recursos puede ofrecerle, etc&#8230;<\/span><\/p>\t\t\t\t\t\t\t\t<\/div>\n\t\t\t\t<\/div>\n\t\t\t\t\t<\/div>\n\t\t\t\t<\/div>\n\t\t<div class=\"elementor-element elementor-element-6398be8 e-flex e-con-boxed e-con e-parent\" data-id=\"6398be8\" data-element_type=\"container\">\n\t\t\t\t\t<div class=\"e-con-inner\">\n\t\t\t\t<div class=\"elementor-element elementor-element-a63613c elementor-widget elementor-widget-image\" data-id=\"a63613c\" data-element_type=\"widget\" data-widget_type=\"image.default\">\n\t\t\t\t<div class=\"elementor-widget-container\">\n\t\t\t\t\t\t\t\t\t\t\t\t\t\t\t\t<a href=\"https:\/\/blogsaverroes.juntadeandalucia.es\/eoedigame\/nueva-escolarizacion\/aspectos-basicos\/\" target=\"_blank\">\n\t\t\t\t\t\t\t<img fetchpriority=\"high\" decoding=\"async\" width=\"474\" height=\"126\" src=\"https:\/\/blogsaverroes.juntadeandalucia.es\/eoedigame\/files\/2025\/05\/EOE-digame-15-e1747755201697-1024x272.png\" class=\"attachment-large size-large wp-image-691\" alt=\"\" srcset=\"https:\/\/blogsaverroes.juntadeandalucia.es\/eoedigame\/files\/2025\/05\/EOE-digame-15-e1747755201697-1024x272.png 1024w, https:\/\/blogsaverroes.juntadeandalucia.es\/eoedigame\/files\/2025\/05\/EOE-digame-15-e1747755201697-300x80.png 300w, https:\/\/blogsaverroes.juntadeandalucia.es\/eoedigame\/files\/2025\/05\/EOE-digame-15-e1747755201697-768x204.png 768w, https:\/\/blogsaverroes.juntadeandalucia.es\/eoedigame\/files\/2025\/05\/EOE-digame-15-e1747755201697.png 1413w\" sizes=\"(max-width: 474px) 100vw, 474px\" \/>\t\t\t\t\t\t\t\t<\/a>\n\t\t\t\t\t\t\t\t\t\t\t\t\t\t\t<\/div>\n\t\t\t\t<\/div>\n\t\t\t\t\t<\/div>\n\t\t\t\t<\/div>\n\t\t<div class=\"elementor-element elementor-element-d2eceff e-flex e-con-boxed e-con e-parent\" data-id=\"d2eceff\" data-element_type=\"container\">\n\t\t\t\t\t<div class=\"e-con-inner\">\n\t\t\t\t<div class=\"elementor-element elementor-element-7fffa1f elementor-widget elementor-widget-image\" data-id=\"7fffa1f\" data-element_type=\"widget\" data-widget_type=\"image.default\">\n\t\t\t\t<div class=\"elementor-widget-container\">\n\t\t\t\t\t\t\t\t\t\t\t\t\t\t\t\t<a href=\"https:\/\/blogsaverroes.juntadeandalucia.es\/eoedigame\/nueva-escolarizacion\/informacion-cait\/\" target=\"_blank\">\n\t\t\t\t\t\t\t<img decoding=\"async\" width=\"474\" height=\"125\" src=\"https:\/\/blogsaverroes.juntadeandalucia.es\/eoedigame\/files\/2025\/05\/EOE-digame-15-2-e1747755276656-1024x270.png\" class=\"attachment-large size-large wp-image-693\" alt=\"\" srcset=\"https:\/\/blogsaverroes.juntadeandalucia.es\/eoedigame\/files\/2025\/05\/EOE-digame-15-2-e1747755276656-1024x270.png 1024w, https:\/\/blogsaverroes.juntadeandalucia.es\/eoedigame\/files\/2025\/05\/EOE-digame-15-2-e1747755276656-300x79.png 300w, https:\/\/blogsaverroes.juntadeandalucia.es\/eoedigame\/files\/2025\/05\/EOE-digame-15-2-e1747755276656-768x203.png 768w, https:\/\/blogsaverroes.juntadeandalucia.es\/eoedigame\/files\/2025\/05\/EOE-digame-15-2-e1747755276656.png 1413w\" sizes=\"(max-width: 474px) 100vw, 474px\" \/>\t\t\t\t\t\t\t\t<\/a>\n\t\t\t\t\t\t\t\t\t\t\t\t\t\t\t<\/div>\n\t\t\t\t<\/div>\n\t\t\t\t\t<\/div>\n\t\t\t\t<\/div>\n\t\t<div class=\"elementor-element elementor-element-c4fdc48 e-flex e-con-boxed e-con e-parent\" data-id=\"c4fdc48\" data-element_type=\"container\">\n\t\t\t\t\t<div class=\"e-con-inner\">\n\t\t\t\t<div class=\"elementor-element elementor-element-34aeefa elementor-widget elementor-widget-image\" data-id=\"34aeefa\" data-element_type=\"widget\" data-widget_type=\"image.default\">\n\t\t\t\t<div class=\"elementor-widget-container\">\n\t\t\t\t\t\t\t\t\t\t\t\t\t\t\t\t<a href=\"https:\/\/blogsaverroes.juntadeandalucia.es\/eoedigame\/nueva-escolarizacion\/recogida-de-informacion-cuestionarios\/\" target=\"_blank\">\n\t\t\t\t\t\t\t<img decoding=\"async\" width=\"474\" height=\"127\" src=\"https:\/\/blogsaverroes.juntadeandalucia.es\/eoedigame\/files\/2025\/05\/EOE-digame-15-1-e1747755236535-1024x275.png\" class=\"attachment-large size-large wp-image-692\" alt=\"\" srcset=\"https:\/\/blogsaverroes.juntadeandalucia.es\/eoedigame\/files\/2025\/05\/EOE-digame-15-1-e1747755236535-1024x275.png 1024w, https:\/\/blogsaverroes.juntadeandalucia.es\/eoedigame\/files\/2025\/05\/EOE-digame-15-1-e1747755236535-300x81.png 300w, https:\/\/blogsaverroes.juntadeandalucia.es\/eoedigame\/files\/2025\/05\/EOE-digame-15-1-e1747755236535-768x207.png 768w, https:\/\/blogsaverroes.juntadeandalucia.es\/eoedigame\/files\/2025\/05\/EOE-digame-15-1-e1747755236535.png 1413w\" sizes=\"(max-width: 474px) 100vw, 474px\" \/>\t\t\t\t\t\t\t\t<\/a>\n\t\t\t\t\t\t\t\t\t\t\t\t\t\t\t<\/div>\n\t\t\t\t<\/div>\n\t\t\t\t\t<\/div>\n\t\t\t\t<\/div>\n\t\t<div class=\"elementor-element elementor-element-f1d9731 e-flex e-con-boxed e-con e-parent\" data-id=\"f1d9731\" data-element_type=\"container\">\n\t\t\t\t\t<div class=\"e-con-inner\">\n\t\t\t\t<div class=\"elementor-element elementor-element-fc4fd92 elementor-widget elementor-widget-image\" data-id=\"fc4fd92\" data-element_type=\"widget\" data-widget_type=\"image.default\">\n\t\t\t\t<div class=\"elementor-widget-container\">\n\t\t\t\t\t\t\t\t\t\t\t\t\t\t\t\t<a href=\"https:\/\/blogsaverroes.juntadeandalucia.es\/eoedigame\/files\/2025\/05\/PRUEBAS-EVALUACION-NUEVA-ESCOLARIZACION.pdf\" target=\"_blank\">\n\t\t\t\t\t\t\t<img loading=\"lazy\" decoding=\"async\" width=\"474\" height=\"162\" src=\"https:\/\/blogsaverroes.juntadeandalucia.es\/eoedigame\/files\/2025\/05\/EOE-digame-15-3-e1747755316777-1024x350.png\" class=\"attachment-large size-large wp-image-694\" alt=\"\" srcset=\"https:\/\/blogsaverroes.juntadeandalucia.es\/eoedigame\/files\/2025\/05\/EOE-digame-15-3-e1747755316777-1024x350.png 1024w, https:\/\/blogsaverroes.juntadeandalucia.es\/eoedigame\/files\/2025\/05\/EOE-digame-15-3-e1747755316777-300x103.png 300w, https:\/\/blogsaverroes.juntadeandalucia.es\/eoedigame\/files\/2025\/05\/EOE-digame-15-3-e1747755316777-768x263.png 768w, https:\/\/blogsaverroes.juntadeandalucia.es\/eoedigame\/files\/2025\/05\/EOE-digame-15-3-e1747755316777.png 1413w\" sizes=\"(max-width: 474px) 100vw, 474px\" \/>\t\t\t\t\t\t\t\t<\/a>\n\t\t\t\t\t\t\t\t\t\t\t\t\t\t\t<\/div>\n\t\t\t\t<\/div>\n\t\t\t\t\t<\/div>\n\t\t\t\t<\/div>\n\t\t\t\t<\/div>\n\t\t","protected":false},"excerpt":{"rendered":"<p>Cada curso escolar, los primeros d\u00edas de febrero traen consigo uno de los grandes retos sobre los que tienen que intervenir los EOEs de la provincia: la detecci\u00f3n de necesidades educativas especiales, as\u00ed como la propuesta de respuesta educativa para el alumnado que se incorporar\u00e1 en septiembre a 2\u00ba ciclo de Educaci\u00f3n Infantil. A lo &hellip; <a href=\"https:\/\/blogsaverroes.juntadeandalucia.es\/eoedigame\/nueva-escolarizacion\/\" class=\"more-link\">Seguir leyendo <span class=\"screen-reader-text\">Nueva escolarizaci\u00f3n<\/span> <span class=\"meta-nav\">&rarr;<\/span><\/a><\/p>\n","protected":false},"author":14353,"featured_media":0,"parent":0,"menu_order":0,"comment_status":"closed","ping_status":"closed","template":"","meta":{"footnotes":""},"aioseo_notices":[],"_links":{"self":[{"href":"https:\/\/blogsaverroes.juntadeandalucia.es\/eoedigame\/wp-json\/wp\/v2\/pages\/10"}],"collection":[{"href":"https:\/\/blogsaverroes.juntadeandalucia.es\/eoedigame\/wp-json\/wp\/v2\/pages"}],"about":[{"href":"https:\/\/blogsaverroes.juntadeandalucia.es\/eoedigame\/wp-json\/wp\/v2\/types\/page"}],"author":[{"embeddable":true,"href":"https:\/\/blogsaverroes.juntadeandalucia.es\/eoedigame\/wp-json\/wp\/v2\/users\/14353"}],"replies":[{"embeddable":true,"href":"https:\/\/blogsaverroes.juntadeandalucia.es\/eoedigame\/wp-json\/wp\/v2\/comments?post=10"}],"version-history":[{"count":25,"href":"https:\/\/blogsaverroes.juntadeandalucia.es\/eoedigame\/wp-json\/wp\/v2\/pages\/10\/revisions"}],"predecessor-version":[{"id":1327,"href":"https:\/\/blogsaverroes.juntadeandalucia.es\/eoedigame\/wp-json\/wp\/v2\/pages\/10\/revisions\/1327"}],"wp:attachment":[{"href":"https:\/\/blogsaverroes.juntadeandalucia.es\/eoedigame\/wp-json\/wp\/v2\/media?parent=10"}],"curies":[{"name":"wp","href":"https:\/\/api.w.org\/{rel}","templated":true}]}}

Nueva escolarización

<div data-elementor-type="wp-page" data-elementor-id="10" class="elementor elementor-10">
				<div class="elementor-element elementor-element-3dba1cc e-flex e-con-boxed e-con e-parent" data-id="3dba1cc" data-element_type="container">
					<div class="e-con-inner">
				<div class="elementor-element elementor-element-28cbbde elementor-widget elementor-widget-text-editor" data-id="28cbbde" data-element_type="widget" data-widget_type="text-editor.default">
				<div class="elementor-widget-container">
									<p style="text-align: justify"><span style="color: #000000">Cada curso escolar, los primeros días de febrero traen consigo uno de los grandes retos sobre los que tienen que intervenir los EOEs de la provincia: la detección de necesidades educativas especiales, así como la propuesta de respuesta educativa para el alumnado que se incorporará en septiembre a 2º ciclo de Educación Infantil.</span></p><p style="text-align: justify"><span style="color: #000000">A lo largo del mes de febrero y marzo, las y los profesionales de los Equipos de Orientación Educativa priorizan dicha actuación sobre una mochila de demandas que cada día es más abultada. No obstante, el rigor técnico, así como un despliegue de habilidades de comunicación ingente hace que, en el inicio del siguiente curso escolar, las familias implicadas afronten con mayor tranquilidad la nueva etapa que comienzan sus hijas e hijos.</span></p><p style="text-align: justify"><span style="color: #000000">Durante este proceso lo más importante es acompañar a las familias de niños y niñas con NEAE, ser empátic@s, explicarles cómo funciona el sistema educativo y qué recursos puede ofrecerle, etc&#8230;</span></p>								</div>
				</div>
					</div>
				</div>
		<div class="elementor-element elementor-element-6398be8 e-flex e-con-boxed e-con e-parent" data-id="6398be8" data-element_type="container">
					<div class="e-con-inner">
				<div class="elementor-element elementor-element-a63613c elementor-widget elementor-widget-image" data-id="a63613c" data-element_type="widget" data-widget_type="image.default">
				<div class="elementor-widget-container">
																<a href="https://blogsaverroes.juntadeandalucia.es/eoedigame/nueva-escolarizacion/aspectos-basicos/" target="_blank">
							<img fetchpriority="high" decoding="async" width="474" height="126" src="https://blogsaverroes.juntadeandalucia.es/eoedigame/files/2025/05/EOE-digame-15-e1747755201697-1024x272.png" class="attachment-large size-large wp-image-691" alt="" srcset="https://blogsaverroes.juntadeandalucia.es/eoedigame/files/2025/05/EOE-digame-15-e1747755201697-1024x272.png 1024w, https://blogsaverroes.juntadeandalucia.es/eoedigame/files/2025/05/EOE-digame-15-e1747755201697-300x80.png 300w, https://blogsaverroes.juntadeandalucia.es/eoedigame/files/2025/05/EOE-digame-15-e1747755201697-768x204.png 768w, https://blogsaverroes.juntadeandalucia.es/eoedigame/files/2025/05/EOE-digame-15-e1747755201697.png 1413w" sizes="(max-width: 474px) 100vw, 474px" />								</a>
															</div>
				</div>
					</div>
				</div>
		<div class="elementor-element elementor-element-d2eceff e-flex e-con-boxed e-con e-parent" data-id="d2eceff" data-element_type="container">
					<div class="e-con-inner">
				<div class="elementor-element elementor-element-7fffa1f elementor-widget elementor-widget-image" data-id="7fffa1f" data-element_type="widget" data-widget_type="image.default">
				<div class="elementor-widget-container">
																<a href="https://blogsaverroes.juntadeandalucia.es/eoedigame/nueva-escolarizacion/informacion-cait/" target="_blank">
							<img decoding="async" width="474" height="125" src="https://blogsaverroes.juntadeandalucia.es/eoedigame/files/2025/05/EOE-digame-15-2-e1747755276656-1024x270.png" class="attachment-large size-large wp-image-693" alt="" srcset="https://blogsaverroes.juntadeandalucia.es/eoedigame/files/2025/05/EOE-digame-15-2-e1747755276656-1024x270.png 1024w, https://blogsaverroes.juntadeandalucia.es/eoedigame/files/2025/05/EOE-digame-15-2-e1747755276656-300x79.png 300w, https://blogsaverroes.juntadeandalucia.es/eoedigame/files/2025/05/EOE-digame-15-2-e1747755276656-768x203.png 768w, https://blogsaverroes.juntadeandalucia.es/eoedigame/files/2025/05/EOE-digame-15-2-e1747755276656.png 1413w" sizes="(max-width: 474px) 100vw, 474px" />								</a>
															</div>
				</div>
					</div>
				</div>
		<div class="elementor-element elementor-element-c4fdc48 e-flex e-con-boxed e-con e-parent" data-id="c4fdc48" data-element_type="container">
					<div class="e-con-inner">
				<div class="elementor-element elementor-element-34aeefa elementor-widget elementor-widget-image" data-id="34aeefa" data-element_type="widget" data-widget_type="image.default">
				<div class="elementor-widget-container">
																<a href="https://blogsaverroes.juntadeandalucia.es/eoedigame/nueva-escolarizacion/recogida-de-informacion-cuestionarios/" target="_blank">
							<img decoding="async" width="474" height="127" src="https://blogsaverroes.juntadeandalucia.es/eoedigame/files/2025/05/EOE-digame-15-1-e1747755236535-1024x275.png" class="attachment-large size-large wp-image-692" alt="" srcset="https://blogsaverroes.juntadeandalucia.es/eoedigame/files/2025/05/EOE-digame-15-1-e1747755236535-1024x275.png 1024w, https://blogsaverroes.juntadeandalucia.es/eoedigame/files/2025/05/EOE-digame-15-1-e1747755236535-300x81.png 300w, https://blogsaverroes.juntadeandalucia.es/eoedigame/files/2025/05/EOE-digame-15-1-e1747755236535-768x207.png 768w, https://blogsaverroes.juntadeandalucia.es/eoedigame/files/2025/05/EOE-digame-15-1-e1747755236535.png 1413w" sizes="(max-width: 474px) 100vw, 474px" />								</a>
															</div>
				</div>
					</div>
				</div>
		<div class="elementor-element elementor-element-f1d9731 e-flex e-con-boxed e-con e-parent" data-id="f1d9731" data-element_type="container">
					<div class="e-con-inner">
				<div class="elementor-element elementor-element-fc4fd92 elementor-widget elementor-widget-image" data-id="fc4fd92" data-element_type="widget" data-widget_type="image.default">
				<div class="elementor-widget-container">
																<a href="https://blogsaverroes.juntadeandalucia.es/eoedigame/files/2025/05/PRUEBAS-EVALUACION-NUEVA-ESCOLARIZACION.pdf" target="_blank">
							<img loading="lazy" decoding="async" width="474" height="162" src="https://blogsaverroes.juntadeandalucia.es/eoedigame/files/2025/05/EOE-digame-15-3-e1747755316777-1024x350.png" class="attachment-large size-large wp-image-694" alt="" srcset="https://blogsaverroes.juntadeandalucia.es/eoedigame/files/2025/05/EOE-digame-15-3-e1747755316777-1024x350.png 1024w, https://blogsaverroes.juntadeandalucia.es/eoedigame/files/2025/05/EOE-digame-15-3-e1747755316777-300x103.png 300w, https://blogsaverroes.juntadeandalucia.es/eoedigame/files/2025/05/EOE-digame-15-3-e1747755316777-768x263.png 768w, https://blogsaverroes.juntadeandalucia.es/eoedigame/files/2025/05/EOE-digame-15-3-e1747755316777.png 1413w" sizes="(max-width: 474px) 100vw, 474px" />								</a>
															</div>
				</div>
					</div>
				</div>
				</div>

<p>Cada curso escolar, los primeros días de febrero traen consigo uno de los grandes retos sobre los que tienen que intervenir los EOEs de la provincia: la detección de necesidades educativas especiales, así como la propuesta de respuesta educativa para el alumnado que se incorporará en septiembre a 2º ciclo de Educación Infantil. A lo &hellip; <a href="https://blogsaverroes.juntadeandalucia.es/eoedigame/nueva-escolarizacion/" class="more-link">Seguir leyendo <span class="screen-reader-text">Nueva escolarización</span> <span class="meta-nav">&rarr;</span></a></p>
