{"id":257,"date":"2025-04-07T13:24:32","date_gmt":"2025-04-07T11:24:32","guid":{"rendered":"https:\/\/blogsaverroes.juntadeandalucia.es\/eoedigame\/?page_id=257"},"modified":"2025-05-23T10:40:58","modified_gmt":"2025-05-23T08:40:58","slug":"colaboracion-intercentros","status":"publish","type":"page","link":"https:\/\/blogsaverroes.juntadeandalucia.es\/eoedigame\/ideas-zts\/colaboracion-intercentros\/","title":{"rendered":"COLABORACI\u00d3N INTERCENTROS"},"content":{"rendered":"\t\t<div data-elementor-type=\"wp-page\" data-elementor-id=\"257\" class=\"elementor elementor-257\">\n\t\t\t\t<div class=\"elementor-element elementor-element-79aeabb e-flex e-con-boxed e-con e-parent\" data-id=\"79aeabb\" data-element_type=\"container\">\n\t\t\t\t\t<div class=\"e-con-inner\">\n\t\t\t\t<div class=\"elementor-element elementor-element-599c390 elementor-widget elementor-widget-text-editor\" data-id=\"599c390\" data-element_type=\"widget\" data-widget_type=\"text-editor.default\">\n\t\t\t\t<div class=\"elementor-widget-container\">\n\t\t\t\t\t\t\t\t\t<p><span style=\"font-weight: 400\">La educaci\u00f3n es un \u00e1mbito que constantemente busca la mejora y la innovaci\u00f3n para ofrecer al alumnado la mejor experiencia de aprendizaje posible. Uno de los enfoques que ha cobrado relevancia en los \u00faltimos a\u00f1os es la <\/span><span style=\"font-weight: 400\">colaboraci\u00f3n intercentros<\/span><span style=\"font-weight: 400\">. Esta pr\u00e1ctica busca unir fuerzas entre diferentes instituciones educativas para compartir recursos, conocimientos y experiencias que enriquezcan la educaci\u00f3n de todos los involucrados.<\/span><span style=\"font-weight: 400\"><br \/><br \/><\/span><\/p><p><span style=\"font-weight: 400\">La colaboraci\u00f3n intercentros es un modelo de cooperaci\u00f3n entre diferentes instituciones educativas. Este enfoque permite que las escuelas trabajen juntas para abordar desaf\u00edos comunes, compartir buenas pr\u00e1cticas y optimizar recursos. A trav\u00e9s de esta colaboraci\u00f3n, se pueden desarrollar proyectos conjuntos, organizar actividades acad\u00e9micas y extracurriculares, y ofrecer un abanico m\u00e1s amplio de oportunidades de aprendizaje para los estudiantes.<\/span><\/p><p><span style=\"font-weight: 400\">Dentro de este marco de colaboraci\u00f3n, nuestra labor como orientadoras en ZTS va m\u00e1s all\u00e1 del asesoramiento individual a estudiantes y se extiende a ser un puente entre instituciones.<\/span><\/p><p><span style=\"font-weight: 400\">Desde la motivaci\u00f3n e ilusi\u00f3n por lograr la inclusi\u00f3n real de las personas con diversidad funcional, se ha realizado una colaboraci\u00f3n con un centro de educaci\u00f3n especial o centro especializado de referencia y apoyo de la zona<\/span><\/p><p><span style=\"font-weight: 400\">Pincha para descubrir en que consistieron algunas de las experiencias realizadas<\/span><\/p>\t\t\t\t\t\t\t\t<\/div>\n\t\t\t\t<\/div>\n\t\t\t\t\t<\/div>\n\t\t\t\t<\/div>\n\t\t<div class=\"elementor-element elementor-element-64024d0 e-flex e-con-boxed e-con e-parent\" data-id=\"64024d0\" data-element_type=\"container\">\n\t\t\t\t\t<div class=\"e-con-inner\">\n\t\t\t\t<div class=\"elementor-element elementor-element-20c443b elementor-widget elementor-widget-n-accordion\" data-id=\"20c443b\" data-element_type=\"widget\" data-settings=\"{&quot;default_state&quot;:&quot;expanded&quot;,&quot;max_items_expended&quot;:&quot;one&quot;,&quot;n_accordion_animation_duration&quot;:{&quot;unit&quot;:&quot;ms&quot;,&quot;size&quot;:400,&quot;sizes&quot;:[]}}\" data-widget_type=\"nested-accordion.default\">\n\t\t\t\t<div class=\"elementor-widget-container\">\n\t\t\t\t\t\t\t<div class=\"e-n-accordion\" aria-label=\"Accordion. Open links with Enter or Space, close with Escape, and navigate with Arrow Keys\">\n\t\t\t\t\t\t<details id=\"e-n-accordion-item-3430\" class=\"e-n-accordion-item\" open>\n\t\t\t\t<summary class=\"e-n-accordion-item-title\" data-accordion-index=\"1\" tabindex=\"0\" aria-expanded=\"true\" aria-controls=\"e-n-accordion-item-3430\" >\n\t\t\t\t\t<span class='e-n-accordion-item-title-header'><div class=\"e-n-accordion-item-title-text\"> INCLUSI\u00d3N A LA INVERSA <\/div><\/span>\n\t\t\t\t\t\t\t<span class='e-n-accordion-item-title-icon'>\n\t\t\t<span class='e-opened' ><svg aria-hidden=\"true\" class=\"e-font-icon-svg e-fas-minus\" viewBox=\"0 0 448 512\" xmlns=\"http:\/\/www.w3.org\/2000\/svg\"><path d=\"M416 208H32c-17.67 0-32 14.33-32 32v32c0 17.67 14.33 32 32 32h384c17.67 0 32-14.33 32-32v-32c0-17.67-14.33-32-32-32z\"><\/path><\/svg><\/span>\n\t\t\t<span class='e-closed'><svg aria-hidden=\"true\" class=\"e-font-icon-svg e-fas-plus\" viewBox=\"0 0 448 512\" xmlns=\"http:\/\/www.w3.org\/2000\/svg\"><path d=\"M416 208H272V64c0-17.67-14.33-32-32-32h-32c-17.67 0-32 14.33-32 32v144H32c-17.67 0-32 14.33-32 32v32c0 17.67 14.33 32 32 32h144v144c0 17.67 14.33 32 32 32h32c17.67 0 32-14.33 32-32V304h144c17.67 0 32-14.33 32-32v-32c0-17.67-14.33-32-32-32z\"><\/path><\/svg><\/span>\n\t\t<\/span>\n\n\t\t\t\t\t\t<\/summary>\n\t\t\t\t<div role=\"region\" aria-labelledby=\"e-n-accordion-item-3430\" class=\"elementor-element elementor-element-b55c9f9 e-con-full e-flex e-con e-child\" data-id=\"b55c9f9\" data-element_type=\"container\">\n\t\t\t\t<div class=\"elementor-element elementor-element-6986f43 elementor-widget elementor-widget-text-editor\" data-id=\"6986f43\" data-element_type=\"widget\" data-widget_type=\"text-editor.default\">\n\t\t\t\t<div class=\"elementor-widget-container\">\n\t\t\t\t\t\t\t\t\t<p>Una enriquecedora experiencia de colaboraci\u00f3n intercentros entre el Centro Espec\u00edfico de Educaci\u00f3n Especial \u00abSanta Teresa de Jes\u00fas\u00bb y el CEIP \u00abSierra Nevada\u00bb, una iniciativa que ha demostrado, una vez m\u00e1s, que la inclusi\u00f3n no solo es posible, sino profundamente transformadora.<\/p><p>Este proyecto naci\u00f3 con el objetivo de fomentar el conocimiento mutuo entre el alumnado de ambos centros, sensibilizar sobre la diversidad funcional y, sobre todo, construir puentes de empat\u00eda a trav\u00e9s de la convivencia y el trabajo cooperativo. A lo largo del segundo trimestre, en colaboraci\u00f3n con profesorado del centro Santa teresa organizamos tres talleres interdisciplinares, dise\u00f1ados cuidadosamente para garantizar la participaci\u00f3n activa de los ni\u00f1os y ni\u00f1as de 2\u00baEducaci\u00f3n Primaria y 2\u00ba Educaci\u00f3n infantil.<\/p><h3><b>TALLER 1: \u00abYOGA\u00bb<\/b><\/h3><p>Este taller se desarroll\u00f3 en las instalaciones del Centro de Educaci\u00f3n Especial \u00abSanta Teresa de Jes\u00fas\u00bb. Participaron alumnos del PTVAL de este centro junto con una clase de 2\u00ba de Primaria del CEIP \u00abSierra Nevada\u00bb. El objetivo era promover la autorregulaci\u00f3n emocional, la atenci\u00f3n plena y el bienestar corporal a trav\u00e9s de la pr\u00e1ctica adaptada del yoga, favoreciendo adem\u00e1s el v\u00ednculo entre los ni\u00f1os y ni\u00f1as de ambos centros.<\/p><h3><b>TALLER 2:\u00a0<\/b> \u00abAUTONOM\u00cdA\u00bb<\/h3><p>En este taller tuvimos la oportunidad de conocer la casita de vida independiente en las magn\u00edficas instalaciones del\u00a0 Centro de Educaci\u00f3n Especial \u00abSanta Teresa de Jes\u00fas\u00bb.Capitaneados por tres alumnos del PTVAL del centro, el alumnado de segundo del CEIP, por equipos, ten\u00edan la misi\u00f3n de dejar ordenado el espacio tras una fiesta celebrada anteriormente.Ello hizo que el alumnado tuviera que planificar, trabajar en equipo y resolver tareas dom\u00e9sticas. Dicha actividad cobra especial significado a nivel de autoestima y superaci\u00f3n personal para el alumnado del PTVAL que monitoreaba a los alumnos m\u00e1s peque\u00f1os y de otro centro pues como expresaron \u201cPor un dia eran profes\u201d.<\/p><h3><b>TALLER 3:\u00a0 HUERTO ESCOLAR<\/b><\/h3><p>La segunda actividad se llev\u00f3 a cabo en el patio del CEIP \u00abAntonio Machado\u00bb, en un espacio habilitado especialmente para este encuentro. En este caso, los protagonistas fueron los alumnos del aula TEA del Centro de Educaci\u00f3n Especial y una clase de 3\u00ba de Educaci\u00f3n Infantil del CEIP. El taller consisti\u00f3 en la elaboraci\u00f3n de un mural colaborativo bajo el lema <i>\u201cTodos somos piezas del mismo puzzle\u201d<\/i>.<\/p><p>La sesi\u00f3n comenz\u00f3 con una lectura adaptada del cuento <i>\u201cElmer\u201d<\/i>, que permiti\u00f3 reflexionar sobre el valor de la diferencia. Despu\u00e9s, los ni\u00f1os y ni\u00f1as recibieron siluetas de piezas de puzzle en blanco, que decoraron con t\u00e9mperas, rotuladores, texturas y materiales reciclados. Mientras trabajaban, los grupos mixtos comentaban qu\u00e9 les gustaba, compart\u00edan ideas y ayudaban entre s\u00ed.<\/p><p>Finalmente, todas las piezas fueron ensambladas en un gran mural conjunto que ahora decora la entrada del CEIP. Este mural simboliza la uni\u00f3n, la colaboraci\u00f3n y la riqueza de la diversidad. Al finalizar el taller, se realiz\u00f3 un peque\u00f1o acto de clausura donde se entregaron diplomas simb\u00f3licos de \u00abAmigo\/a de la Inclusi\u00f3n\u00bb.<\/p>\t\t\t\t\t\t\t\t<\/div>\n\t\t\t\t<\/div>\n\t\t\t\t<\/div>\n\t\t\t\t\t<\/details>\n\t\t\t\t\t\t<details id=\"e-n-accordion-item-3431\" class=\"e-n-accordion-item\" >\n\t\t\t\t<summary class=\"e-n-accordion-item-title\" data-accordion-index=\"2\" tabindex=\"-1\" aria-expanded=\"false\" aria-controls=\"e-n-accordion-item-3431\" >\n\t\t\t\t\t<span class='e-n-accordion-item-title-header'><div class=\"e-n-accordion-item-title-text\"> AC\u00c9RCATE A LA DISCAPACIDAD <\/div><\/span>\n\t\t\t\t\t\t\t<span class='e-n-accordion-item-title-icon'>\n\t\t\t<span class='e-opened' ><svg aria-hidden=\"true\" class=\"e-font-icon-svg e-fas-minus\" viewBox=\"0 0 448 512\" xmlns=\"http:\/\/www.w3.org\/2000\/svg\"><path d=\"M416 208H32c-17.67 0-32 14.33-32 32v32c0 17.67 14.33 32 32 32h384c17.67 0 32-14.33 32-32v-32c0-17.67-14.33-32-32-32z\"><\/path><\/svg><\/span>\n\t\t\t<span class='e-closed'><svg aria-hidden=\"true\" class=\"e-font-icon-svg e-fas-plus\" viewBox=\"0 0 448 512\" xmlns=\"http:\/\/www.w3.org\/2000\/svg\"><path d=\"M416 208H272V64c0-17.67-14.33-32-32-32h-32c-17.67 0-32 14.33-32 32v144H32c-17.67 0-32 14.33-32 32v32c0 17.67 14.33 32 32 32h144v144c0 17.67 14.33 32 32 32h32c17.67 0 32-14.33 32-32V304h144c17.67 0 32-14.33 32-32v-32c0-17.67-14.33-32-32-32z\"><\/path><\/svg><\/span>\n\t\t<\/span>\n\n\t\t\t\t\t\t<\/summary>\n\t\t\t\t<div role=\"region\" aria-labelledby=\"e-n-accordion-item-3431\" class=\"elementor-element elementor-element-4c589b9 e-con-full e-flex e-con e-child\" data-id=\"4c589b9\" data-element_type=\"container\">\n\t\t\t\t<div class=\"elementor-element elementor-element-20861f7 elementor-widget elementor-widget-text-editor\" data-id=\"20861f7\" data-element_type=\"widget\" data-widget_type=\"text-editor.default\">\n\t\t\t\t<div class=\"elementor-widget-container\">\n\t\t\t\t\t\t\t\t\t<p><b>Para celebrar el D\u00eda de la Discapacidad,<\/b> el alumnado del CEIP Sierra Elvira realiz\u00f3 una visita muy especial: un encuentro con sus compa\u00f1eros y compa\u00f1eras del CEEE Jean Piaget (Granada).<\/p><p>Este d\u00eda nos regal\u00f3, adem\u00e1s de la oportunidad de realizar un acercamiento a la discapacidad con nuestro alumnado de Tercer ciclo, para que comprendieran mejor las necesidades de apoyo que ten\u00edan otros ni\u00f1os y ni\u00f1as de su edad,\u00a0 nos permiti\u00f3 comppartir una jornada de convivencia y experiencias compartidas con estudiantes con diversidad funcional.<\/p><p>Compartimos desayuno, actividades pl\u00e1sticas y una experiencia muy enriquecedora en la que comprendimos que, todos tenemos capacidad para comunicarnos y expresar quienes somos, aunque no siempre con palabras.<\/p><p>Aprendimos, compartimos y crecimos un poquito m\u00e1s, en un ambiente de inclusi\u00f3n real, donde la diferencia fue apreciada y en el que comprendimos que, en el encuentro reside la oportunidad para el aprendizaje mutuo.<\/p>\t\t\t\t\t\t\t\t<\/div>\n\t\t\t\t<\/div>\n\t\t\t\t<\/div>\n\t\t\t\t\t<\/details>\n\t\t\t\t\t\t<details id=\"e-n-accordion-item-3432\" class=\"e-n-accordion-item\" >\n\t\t\t\t<summary class=\"e-n-accordion-item-title\" data-accordion-index=\"3\" tabindex=\"-1\" aria-expanded=\"false\" aria-controls=\"e-n-accordion-item-3432\" >\n\t\t\t\t\t<span class='e-n-accordion-item-title-header'><div class=\"e-n-accordion-item-title-text\"> CONVIVENCIA INTERGENERACIONAL PARA EL D\u00cdA DE LA FAMILIA <\/div><\/span>\n\t\t\t\t\t\t\t<span class='e-n-accordion-item-title-icon'>\n\t\t\t<span class='e-opened' ><svg aria-hidden=\"true\" class=\"e-font-icon-svg e-fas-minus\" viewBox=\"0 0 448 512\" xmlns=\"http:\/\/www.w3.org\/2000\/svg\"><path d=\"M416 208H32c-17.67 0-32 14.33-32 32v32c0 17.67 14.33 32 32 32h384c17.67 0 32-14.33 32-32v-32c0-17.67-14.33-32-32-32z\"><\/path><\/svg><\/span>\n\t\t\t<span class='e-closed'><svg aria-hidden=\"true\" class=\"e-font-icon-svg e-fas-plus\" viewBox=\"0 0 448 512\" xmlns=\"http:\/\/www.w3.org\/2000\/svg\"><path d=\"M416 208H272V64c0-17.67-14.33-32-32-32h-32c-17.67 0-32 14.33-32 32v144H32c-17.67 0-32 14.33-32 32v32c0 17.67 14.33 32 32 32h144v144c0 17.67 14.33 32 32 32h32c17.67 0 32-14.33 32-32V304h144c17.67 0 32-14.33 32-32v-32c0-17.67-14.33-32-32-32z\"><\/path><\/svg><\/span>\n\t\t<\/span>\n\n\t\t\t\t\t\t<\/summary>\n\t\t\t\t<div role=\"region\" aria-labelledby=\"e-n-accordion-item-3432\" class=\"elementor-element elementor-element-87a2ee7 e-con-full e-flex e-con e-child\" data-id=\"87a2ee7\" data-element_type=\"container\">\n\t\t\t\t<div class=\"elementor-element elementor-element-e3b31e5 elementor-widget elementor-widget-text-editor\" data-id=\"e3b31e5\" data-element_type=\"widget\" data-widget_type=\"text-editor.default\">\n\t\t\t\t<div class=\"elementor-widget-container\">\n\t\t\t\t\t\t\t\t\t<p data-start=\"63\" data-end=\"395\">El CEIP Sierra Elvira (Granada) se llen\u00f3 de algo que no cabe en palabras: emoci\u00f3n, ternura y una conexi\u00f3n profunda entre quienes comienzan a caminar la vida y quienes ya han recorrido tantos senderos. Con motivo del D\u00eda de la Familia, celebramos el broche final de un aprendizaje-servicio que ha dejado una huella imborrable en todos nosotros.<\/p><p data-start=\"397\" data-end=\"606\">Los ni\u00f1os y ni\u00f1as abrieron su coraz\u00f3n para recibir, acompa\u00f1ar y aprender de los mayores del UED Fuente del Avellano. Y lo hicieron con la verdad que solo tienen los gestos sencillos y el cari\u00f1o aut\u00e9ntico.<\/p><ul><li data-start=\"608\" data-end=\"893\">Los m\u00e1s peque\u00f1os, nuestro alumnado de Infantil, les regalaron canciones que hablaban de estaciones y de amor: <em data-start=\"721\" data-end=\"746\">\u201cYa lleg\u00f3 la primavera\u201d<\/em> y <em data-start=\"749\" data-end=\"772\">\u201c\u00a1Vivan los abuelos!\u201d<\/em>. Sus voces, llenas de inocencia y alegr\u00eda, tocaron el alma de quienes los escuchaban con los ojos brillantes de emoci\u00f3n.<\/li><li data-start=\"895\" data-end=\"1136\">El primer ciclo construy\u00f3 algo m\u00e1s que un mural: dibujaron y pintaron con ellos un <strong data-start=\"981\" data-end=\"1001\">\u00c1rbol de la Vida<\/strong>, s\u00edmbolo del agradecimiento, la memoria y el v\u00ednculo que une generaciones. Cada hoja, cada color, era un \u201cgracias\u201d convertido en arte.<\/li><li data-start=\"895\" data-end=\"1136\">El tercer ciclo se transform\u00f3 en manos cuidadoras: desde nuestra cocina, prepararon un desayuno que sirvieron como aut\u00e9nticos profesionales, acompa\u00f1ando cada taza, cada bandeja, con detalles hechos con sus propias manos y todo el cari\u00f1o de sus corazones.<\/li><li data-start=\"895\" data-end=\"1136\">El segundo ciclo nos sorprendi\u00f3 con una muestra art\u00edstica que nos habl\u00f3 de ra\u00edces, historia y compromiso. A trav\u00e9s de la m\u00fasica, con sus xil\u00f3fonos y sus voces al un\u00edsono, y de un teatro sobre la Constituci\u00f3n y Andaluc\u00eda, rindieron un homenaje lleno de respeto y significado.<\/li><\/ul><p data-start=\"1676\" data-end=\"2010\">Fue un d\u00eda en el que no hubo edades, ni tiempos, ni distancias. Solo miradas que se encontraron, sonrisas que se encendieron y emociones compartidas. Nuestros ni\u00f1os y ni\u00f1as aprendieron una lecci\u00f3n que no est\u00e1 en los libros: que lo m\u00e1s valioso que podemos ofrecer es nuestra presencia, y que el respeto y la ternura son formas de amar.<\/p><p data-start=\"2012\" data-end=\"2262\">Gracias a nuestros mayores pudimos aprender de historia,\u00a0 llenando nuestro centro de una sabidur\u00eda serena. Y gracias a nuestro alumnado aprendimos que la escuela es tambi\u00e9n un lugar donde se cultiva la humanidad.<\/p><p data-start=\"2264\" data-end=\"2345\">Un d\u00eda inolvidable. Un d\u00eda de familia, en el sentido m\u00e1s profundo y verdadero.<\/p>\t\t\t\t\t\t\t\t<\/div>\n\t\t\t\t<\/div>\n\t\t\t\t<\/div>\n\t\t\t\t\t<\/details>\n\t\t\t\t\t<\/div>\n\t\t\t\t\t\t<\/div>\n\t\t\t\t<\/div>\n\t\t\t\t\t<\/div>\n\t\t\t\t<\/div>\n\t\t\t\t<\/div>\n\t\t","protected":false},"excerpt":{"rendered":"<p>La educaci\u00f3n es un \u00e1mbito que constantemente busca la mejora y la innovaci\u00f3n para ofrecer al alumnado la mejor experiencia de aprendizaje posible. Uno de los enfoques que ha cobrado relevancia en los \u00faltimos a\u00f1os es la colaboraci\u00f3n intercentros. Esta pr\u00e1ctica busca unir fuerzas entre diferentes instituciones educativas para compartir recursos, conocimientos y experiencias que &hellip; <a href=\"https:\/\/blogsaverroes.juntadeandalucia.es\/eoedigame\/ideas-zts\/colaboracion-intercentros\/\" class=\"more-link\">Seguir leyendo <span class=\"screen-reader-text\">COLABORACI\u00d3N INTERCENTROS<\/span> <span class=\"meta-nav\">&rarr;<\/span><\/a><\/p>\n","protected":false},"author":20609,"featured_media":953,"parent":48,"menu_order":0,"comment_status":"closed","ping_status":"closed","template":"","meta":{"footnotes":""},"aioseo_notices":[],"_links":{"self":[{"href":"https:\/\/blogsaverroes.juntadeandalucia.es\/eoedigame\/wp-json\/wp\/v2\/pages\/257"}],"collection":[{"href":"https:\/\/blogsaverroes.juntadeandalucia.es\/eoedigame\/wp-json\/wp\/v2\/pages"}],"about":[{"href":"https:\/\/blogsaverroes.juntadeandalucia.es\/eoedigame\/wp-json\/wp\/v2\/types\/page"}],"author":[{"embeddable":true,"href":"https:\/\/blogsaverroes.juntadeandalucia.es\/eoedigame\/wp-json\/wp\/v2\/users\/20609"}],"replies":[{"embeddable":true,"href":"https:\/\/blogsaverroes.juntadeandalucia.es\/eoedigame\/wp-json\/wp\/v2\/comments?post=257"}],"version-history":[{"count":22,"href":"https:\/\/blogsaverroes.juntadeandalucia.es\/eoedigame\/wp-json\/wp\/v2\/pages\/257\/revisions"}],"predecessor-version":[{"id":983,"href":"https:\/\/blogsaverroes.juntadeandalucia.es\/eoedigame\/wp-json\/wp\/v2\/pages\/257\/revisions\/983"}],"up":[{"embeddable":true,"href":"https:\/\/blogsaverroes.juntadeandalucia.es\/eoedigame\/wp-json\/wp\/v2\/pages\/48"}],"wp:featuredmedia":[{"embeddable":true,"href":"https:\/\/blogsaverroes.juntadeandalucia.es\/eoedigame\/wp-json\/wp\/v2\/media\/953"}],"wp:attachment":[{"href":"https:\/\/blogsaverroes.juntadeandalucia.es\/eoedigame\/wp-json\/wp\/v2\/media?parent=257"}],"curies":[{"name":"wp","href":"https:\/\/api.w.org\/{rel}","templated":true}]}}