{"id":695,"date":"2025-05-20T17:39:07","date_gmt":"2025-05-20T15:39:07","guid":{"rendered":"https:\/\/blogsaverroes.juntadeandalucia.es\/eoedigame\/?page_id=695"},"modified":"2025-05-20T17:56:42","modified_gmt":"2025-05-20T15:56:42","slug":"aspectos-basicos","status":"publish","type":"page","link":"https:\/\/blogsaverroes.juntadeandalucia.es\/eoedigame\/nueva-escolarizacion\/aspectos-basicos\/","title":{"rendered":"Aspectos b\u00e1sicos"},"content":{"rendered":"\t\t<div data-elementor-type=\"wp-page\" data-elementor-id=\"695\" class=\"elementor elementor-695\">\n\t\t\t\t<div class=\"elementor-element elementor-element-536c169 e-flex e-con-boxed e-con e-parent\" data-id=\"536c169\" data-element_type=\"container\">\n\t\t\t\t\t<div class=\"e-con-inner\">\n\t\t\t\t<div class=\"elementor-element elementor-element-63df1ef elementor-widget elementor-widget-text-editor\" data-id=\"63df1ef\" data-element_type=\"widget\" data-widget_type=\"text-editor.default\">\n\t\t\t\t<div class=\"elementor-widget-container\">\n\t\t\t\t\t\t\t\t\t<p>A lo largo de los a\u00f1os, todos los que hemos podido estar implicados en este proceso coincidiremos en que existen ciertos aspectos que ayudan a la comprensi\u00f3n y eficacia de las decisiones que se tomen. A continuaci\u00f3n, incidimos en algunos de estos ASPECTOS B\u00c1SICOS:<\/p><p style=\"text-align: justify\"><br \/><strong>&#8211; An\u00e1lisis riguroso del punto de partida:<\/strong> la \u00abficha\u00bb de escolarizaci\u00f3n constituye el punto inicial de la demanda. En ella se explicita una serie de informaci\u00f3n que debe analizarse con detenimiento, dado que se enumeran diversas \u00e1reas de desarrollo as\u00ed como un diagn\u00f3stico de partida que, pese a no tener que condicionar nuestra decisi\u00f3n, s\u00ed puede ser interesante para el dise\u00f1o de la evaluaci\u00f3n que se va a llevar a cabo.<\/p><p style=\"text-align: justify\"><br \/><strong>-Prudencia en el proceso de evaluaci\u00f3n:<\/strong> la necesidad de llevar a cabo una evaluaci\u00f3n en tiempo m\u00ednimo implica que, en ocasiones, tenga aspectos de mejora. Por tanto, resulta importante priorizar cuestiones como la necesidad de proponer recursos\/medidas espec\u00edficos y, en caso de ser necesario, buscar el consenso oportuno a la hora de determinar una modalidad de escolarizaci\u00f3n.<br \/>Teniendo esto con cierta claridad, el resto de aspectos puede terminar de concretarse, una vez que la alumna\/o se incorpore al centro educativo.<\/p><p style=\"text-align: justify\"><strong>-Trabajo en equipo:<\/strong> la posibilidad de un trabajo colegiado en el an\u00e1lisis de cada caso resulta crucial. Por tanto, abordar evaluaciones de forma conjunta y, si es posible, multidisciplinar, promover\u00e1 un car\u00e1cter m\u00e1s hol\u00edstico de cuestiones a tener en cuenta en el proceso de evaluaci\u00f3n y propuesta de respuesta educativa.<\/p><p style=\"text-align: justify\"><br \/><strong>&#8211; Asesoramiento especializado:<\/strong> El EOE Especializado, con el Equipo de Atenci\u00f3n Temprana a la cabeza, prioriza sus demandas para volcarse con las necesidades de los EOEs en el proceso de nueva escolarizaci\u00f3n. La dedicaci\u00f3n del mismo, teniendo un car\u00e1cter provincial, hace necesario el filtro por parte de los diferentes equipos. La duda sobre propuestas de modalidad de escolarizaci\u00f3n as\u00ed como la provisi\u00f3n de recursos materiales espec\u00edficos, (dado que requiere el informe de dicho equipo especializado), ser\u00eda preferente a la hora de determinar la demanda.<\/p><p style=\"text-align: justify\"><strong>&#8211; Criterios para la derivaci\u00f3n de Dict\u00e1menes de Escolarizaci\u00f3n, hemos de tener en cuenta:<\/strong><\/p><p style=\"text-align: justify\">Para la elaboraci\u00f3n del dictamen de escolarizaci\u00f3n del alumnado que comienza el Segundo Ciclo de Educaci\u00f3n Infantil (3 a\u00f1os) o que se escolariza una vez el curso est\u00e1 iniciado, se tendr\u00e1 siempre en cuenta el domicilio familiar independientemente del centro educativo p\u00fablico o privado de donde proceda o vaya a escolarizarse.\u00a0 Si el alumno\/a cambia de centro, en el Segundo Ciclo de Educaci\u00f3n Infantil (4 o 5 a\u00f1os) o de Etapa Educativa, a Primaria, Secundaria Obligatoria o Bachillerato se tendr\u00e1 en cuenta el centro educativo de procedencia.<br \/><br \/><\/p>\t\t\t\t\t\t\t\t<\/div>\n\t\t\t\t<\/div>\n\t\t\t\t\t<\/div>\n\t\t\t\t<\/div>\n\t\t\t\t<\/div>\n\t\t","protected":false},"excerpt":{"rendered":"<p>A lo largo de los a\u00f1os, todos los que hemos podido estar implicados en este proceso coincidiremos en que existen ciertos aspectos que ayudan a la comprensi\u00f3n y eficacia de las decisiones que se tomen. A continuaci\u00f3n, incidimos en algunos de estos ASPECTOS B\u00c1SICOS: &#8211; An\u00e1lisis riguroso del punto de partida: la \u00abficha\u00bb de escolarizaci\u00f3n &hellip; <a href=\"https:\/\/blogsaverroes.juntadeandalucia.es\/eoedigame\/nueva-escolarizacion\/aspectos-basicos\/\" class=\"more-link\">Seguir leyendo <span class=\"screen-reader-text\">Aspectos b\u00e1sicos<\/span> <span class=\"meta-nav\">&rarr;<\/span><\/a><\/p>\n","protected":false},"author":14353,"featured_media":698,"parent":10,"menu_order":0,"comment_status":"closed","ping_status":"closed","template":"","meta":{"footnotes":""},"aioseo_notices":[],"_links":{"self":[{"href":"https:\/\/blogsaverroes.juntadeandalucia.es\/eoedigame\/wp-json\/wp\/v2\/pages\/695"}],"collection":[{"href":"https:\/\/blogsaverroes.juntadeandalucia.es\/eoedigame\/wp-json\/wp\/v2\/pages"}],"about":[{"href":"https:\/\/blogsaverroes.juntadeandalucia.es\/eoedigame\/wp-json\/wp\/v2\/types\/page"}],"author":[{"embeddable":true,"href":"https:\/\/blogsaverroes.juntadeandalucia.es\/eoedigame\/wp-json\/wp\/v2\/users\/14353"}],"replies":[{"embeddable":true,"href":"https:\/\/blogsaverroes.juntadeandalucia.es\/eoedigame\/wp-json\/wp\/v2\/comments?post=695"}],"version-history":[{"count":4,"href":"https:\/\/blogsaverroes.juntadeandalucia.es\/eoedigame\/wp-json\/wp\/v2\/pages\/695\/revisions"}],"predecessor-version":[{"id":721,"href":"https:\/\/blogsaverroes.juntadeandalucia.es\/eoedigame\/wp-json\/wp\/v2\/pages\/695\/revisions\/721"}],"up":[{"embeddable":true,"href":"https:\/\/blogsaverroes.juntadeandalucia.es\/eoedigame\/wp-json\/wp\/v2\/pages\/10"}],"wp:featuredmedia":[{"embeddable":true,"href":"https:\/\/blogsaverroes.juntadeandalucia.es\/eoedigame\/wp-json\/wp\/v2\/media\/698"}],"wp:attachment":[{"href":"https:\/\/blogsaverroes.juntadeandalucia.es\/eoedigame\/wp-json\/wp\/v2\/media?parent=695"}],"curies":[{"name":"wp","href":"https:\/\/api.w.org\/{rel}","templated":true}]}}

Aspectos básicos

<div data-elementor-type="wp-page" data-elementor-id="695" class="elementor elementor-695">
				<div class="elementor-element elementor-element-536c169 e-flex e-con-boxed e-con e-parent" data-id="536c169" data-element_type="container">
					<div class="e-con-inner">
				<div class="elementor-element elementor-element-63df1ef elementor-widget elementor-widget-text-editor" data-id="63df1ef" data-element_type="widget" data-widget_type="text-editor.default">
				<div class="elementor-widget-container">
									<p>A lo largo de los años, todos los que hemos podido estar implicados en este proceso coincidiremos en que existen ciertos aspectos que ayudan a la comprensión y eficacia de las decisiones que se tomen. A continuación, incidimos en algunos de estos ASPECTOS BÁSICOS:</p><p style="text-align: justify"><br /><strong>&#8211; Análisis riguroso del punto de partida:</strong> la «ficha» de escolarización constituye el punto inicial de la demanda. En ella se explicita una serie de información que debe analizarse con detenimiento, dado que se enumeran diversas áreas de desarrollo así como un diagnóstico de partida que, pese a no tener que condicionar nuestra decisión, sí puede ser interesante para el diseño de la evaluación que se va a llevar a cabo.</p><p style="text-align: justify"><br /><strong>-Prudencia en el proceso de evaluación:</strong> la necesidad de llevar a cabo una evaluación en tiempo mínimo implica que, en ocasiones, tenga aspectos de mejora. Por tanto, resulta importante priorizar cuestiones como la necesidad de proponer recursos/medidas específicos y, en caso de ser necesario, buscar el consenso oportuno a la hora de determinar una modalidad de escolarización.<br />Teniendo esto con cierta claridad, el resto de aspectos puede terminar de concretarse, una vez que la alumna/o se incorpore al centro educativo.</p><p style="text-align: justify"><strong>-Trabajo en equipo:</strong> la posibilidad de un trabajo colegiado en el análisis de cada caso resulta crucial. Por tanto, abordar evaluaciones de forma conjunta y, si es posible, multidisciplinar, promoverá un carácter más holístico de cuestiones a tener en cuenta en el proceso de evaluación y propuesta de respuesta educativa.</p><p style="text-align: justify"><br /><strong>&#8211; Asesoramiento especializado:</strong> El EOE Especializado, con el Equipo de Atención Temprana a la cabeza, prioriza sus demandas para volcarse con las necesidades de los EOEs en el proceso de nueva escolarización. La dedicación del mismo, teniendo un carácter provincial, hace necesario el filtro por parte de los diferentes equipos. La duda sobre propuestas de modalidad de escolarización así como la provisión de recursos materiales específicos, (dado que requiere el informe de dicho equipo especializado), sería preferente a la hora de determinar la demanda.</p><p style="text-align: justify"><strong>&#8211; Criterios para la derivación de Dictámenes de Escolarización, hemos de tener en cuenta:</strong></p><p style="text-align: justify">Para la elaboración del dictamen de escolarización del alumnado que comienza el Segundo Ciclo de Educación Infantil (3 años) o que se escolariza una vez el curso está iniciado, se tendrá siempre en cuenta el domicilio familiar independientemente del centro educativo público o privado de donde proceda o vaya a escolarizarse.  Si el alumno/a cambia de centro, en el Segundo Ciclo de Educación Infantil (4 o 5 años) o de Etapa Educativa, a Primaria, Secundaria Obligatoria o Bachillerato se tendrá en cuenta el centro educativo de procedencia.<br /><br /></p>								</div>
				</div>
					</div>
				</div>
				</div>

<p>A lo largo de los años, todos los que hemos podido estar implicados en este proceso coincidiremos en que existen ciertos aspectos que ayudan a la comprensión y eficacia de las decisiones que se tomen. A continuación, incidimos en algunos de estos ASPECTOS BÁSICOS: &#8211; Análisis riguroso del punto de partida: la «ficha» de escolarización &hellip; <a href="https://blogsaverroes.juntadeandalucia.es/eoedigame/nueva-escolarizacion/aspectos-basicos/" class="more-link">Seguir leyendo <span class="screen-reader-text">Aspectos básicos</span> <span class="meta-nav">&rarr;</span></a></p>
