{"id":1114,"date":"2025-10-20T08:55:08","date_gmt":"2025-10-20T08:55:08","guid":{"rendered":"https:\/\/blogsaverroes.juntadeandalucia.es\/eoeeatcadiz\/?page_id=1114"},"modified":"2026-03-24T12:02:48","modified_gmt":"2026-03-24T12:02:48","slug":"formacion-1","status":"publish","type":"page","link":"https:\/\/blogsaverroes.juntadeandalucia.es\/eoeeatcadiz\/recursos\/formacion-1\/","title":{"rendered":"FORMACI\u00d3N"},"content":{"rendered":"<ul>\n<li>\n<h3><a href=\"https:\/\/blogsaverroes.juntadeandalucia.es\/eoeeatcadiz\/recursos\/formacion-1\/formacion\/\"><span style=\"color: #000080;font-size: 12pt\">FORMACI\u00d3N EOE-E ATENCI\u00d3N TEMPRANA<\/span><\/a><\/h3>\n<\/li>\n<\/ul>\n<h3>&nbsp;<\/h3>\n<ul>\n<li>\n<h3><a href=\"https:\/\/blogsaverroes.juntadeandalucia.es\/eoeeatcadiz\/recursos\/formacion-1\/otra-formacion\/\"><span style=\"color: #00ccff;font-size: 12pt\">OTRA FORMACI\u00d3N<\/span><\/a><\/h3>\n<\/li>\n<\/ul>\n","protected":false},"excerpt":{"rendered":"<p>FORMACI\u00d3N EOE-E ATENCI\u00d3N TEMPRANA &nbsp; OTRA FORMACI\u00d3N<\/p>\n","protected":false},"author":11172,"featured_media":0,"parent":142,"menu_order":4,"comment_status":"closed","ping_status":"closed","template":"","meta":{"ngg_post_thumbnail":0,"footnotes":""},"aioseo_notices":[],"_links":{"self":[{"href":"https:\/\/blogsaverroes.juntadeandalucia.es\/eoeeatcadiz\/wp-json\/wp\/v2\/pages\/1114"}],"collection":[{"href":"https:\/\/blogsaverroes.juntadeandalucia.es\/eoeeatcadiz\/wp-json\/wp\/v2\/pages"}],"about":[{"href":"https:\/\/blogsaverroes.juntadeandalucia.es\/eoeeatcadiz\/wp-json\/wp\/v2\/types\/page"}],"author":[{"embeddable":true,"href":"https:\/\/blogsaverroes.juntadeandalucia.es\/eoeeatcadiz\/wp-json\/wp\/v2\/users\/11172"}],"replies":[{"embeddable":true,"href":"https:\/\/blogsaverroes.juntadeandalucia.es\/eoeeatcadiz\/wp-json\/wp\/v2\/comments?post=1114"}],"version-history":[{"count":4,"href":"https:\/\/blogsaverroes.juntadeandalucia.es\/eoeeatcadiz\/wp-json\/wp\/v2\/pages\/1114\/revisions"}],"predecessor-version":[{"id":1124,"href":"https:\/\/blogsaverroes.juntadeandalucia.es\/eoeeatcadiz\/wp-json\/wp\/v2\/pages\/1114\/revisions\/1124"}],"up":[{"embeddable":true,"href":"https:\/\/blogsaverroes.juntadeandalucia.es\/eoeeatcadiz\/wp-json\/wp\/v2\/pages\/142"}],"wp:attachment":[{"href":"https:\/\/blogsaverroes.juntadeandalucia.es\/eoeeatcadiz\/wp-json\/wp\/v2\/media?parent=1114"}],"curies":[{"name":"wp","href":"https:\/\/api.w.org\/{rel}","templated":true}]}}