{"id":200,"date":"2022-09-26T14:42:05","date_gmt":"2022-09-26T14:42:05","guid":{"rendered":"https:\/\/blogsaverroes.juntadeandalucia.es\/eoeeatcadiz\/?page_id=200"},"modified":"2022-09-28T12:11:20","modified_gmt":"2022-09-28T12:11:20","slug":"programa-metodologia-inclusiva","status":"publish","type":"page","link":"https:\/\/blogsaverroes.juntadeandalucia.es\/eoeeatcadiz\/programas\/programa-metodologia-inclusiva\/","title":{"rendered":"PROGRAMA METODOLOG\u00cdA INCLUSIVA"},"content":{"rendered":"<p style=\"text-align: center\"><span style=\"font-size: 14pt\"><strong>PROGRAMA METODOLOG\u00cdA INCLUSIVA<\/strong><\/span><\/p>\n<p><span style=\"font-family: 'times new roman', times, serif;font-size: 12pt\">Programa para compartir intervenciones y metodolog\u00edas inclusivas inter-Centros.<\/span><\/p>\n<p><span style=\"font-family: 'times new roman', times, serif\">Este Programa lo dise\u00f1amos y lo aplicamos <\/span><span style=\"color: #181818;font-family: 'times new roman', times, serif;font-size: 12pt\">en varios Centros el Curso 18\/19, con el que detectamos pr\u00e1cticas que se desarrollan en nuestros Centros y tras intercambiar informaci\u00f3n proponemos compartir experiencias inter-centros y ayudar a su desarrollo posterior. <\/span><\/p>\n<p><span style=\"color: #000000;font-family: 'times new roman', times, serif;font-size: 12pt\">Las actuaciones son desarrolladas tanto por la orientadora especialista en AT como por el docente de AT.<\/span><\/p>\n<p><span style=\"font-family: 'times new roman', times, serif\">Buscamos distintos Objetivos:<\/span><\/p>\n<ul>\n<li>\n<p align=\"justify\"><span style=\"color: #000000;font-family: 'times new roman', times, serif;font-size: 12pt\">Facilitar orientaciones generales y espec\u00edficas mediante la elaboraci\u00f3n de documentaci\u00f3n sobre c\u00f3mo favorecer el desarrollo de las distintas capacidades de los ni\u00f1os y ni\u00f1as que gu\u00eden tanto a la familia como a la escuela en la prevenci\u00f3n y estimulaci\u00f3n, incidiendo en el periodo de 0-3 a\u00f1os.<\/span><\/p>\n<\/li>\n<li>\n<p align=\"justify\"><span style=\"color: #000000;font-family: 'times new roman', times, serif;font-size: 12pt\">Difundir recursos espec\u00edficos y uso de metodolog\u00edas innovadoras que propicien la atenci\u00f3n a las necesidades del alumnado en un contexto de escuela inclusiva. <\/span><\/p>\n<\/li>\n<li>\n<p align=\"justify\"><span style=\"color: #000000;font-family: 'times new roman', times, serif;font-size: 12pt\">Recapitular, organizar y compartir materiales y metodolog\u00edas inclusivas que faciliten y potencien la integraci\u00f3n de todo el alumnado<\/span><\/p>\n<\/li>\n<li>\n<p align=\"justify\"><span style=\"color: #000000;font-family: 'times new roman', times, serif;font-size: 12pt\">Aportar recursos concretos, materiales, orientaciones y asesoramiento tras las valoraciones realizadas al alumnado.<\/span><\/p>\n<\/li>\n<\/ul>\n<p><span style=\"font-family: impact, sans-serif\">EN CONSTRUCCI\u00d3N&#8230;<img loading=\"lazy\" decoding=\"async\" class=\"alignnone size-full wp-image-131\" src=\"https:\/\/blogsaverroes.juntadeandalucia.es\/eoeeatcadiz\/files\/2022\/09\/GIF-CONSTRUCCION.gif\" alt=\"\" width=\"169\" height=\"235\"><\/span><\/p>\n","protected":false},"excerpt":{"rendered":"<p>PROGRAMA METODOLOG\u00cdA INCLUSIVA Programa para compartir intervenciones y metodolog\u00edas inclusivas inter-Centros. Este Programa lo dise\u00f1amos y lo aplicamos en varios Centros el Curso 18\/19, con el que detectamos pr\u00e1cticas que se desarrollan en nuestros Centros y tras intercambiar informaci\u00f3n proponemos compartir experiencias inter-centros y ayudar a su desarrollo posterior. Las actuaciones son desarrolladas tanto por &hellip; <\/p>\n<p class=\"link-more\"><a href=\"https:\/\/blogsaverroes.juntadeandalucia.es\/eoeeatcadiz\/programas\/programa-metodologia-inclusiva\/\" class=\"more-link\">Continuar leyendo<span class=\"screen-reader-text\"> \u00abPROGRAMA METODOLOG\u00cdA INCLUSIVA\u00bb<\/span><\/a><\/p>\n","protected":false},"author":11172,"featured_media":0,"parent":184,"menu_order":2,"comment_status":"closed","ping_status":"closed","template":"","meta":{"ngg_post_thumbnail":0,"footnotes":""},"aioseo_notices":[],"_links":{"self":[{"href":"https:\/\/blogsaverroes.juntadeandalucia.es\/eoeeatcadiz\/wp-json\/wp\/v2\/pages\/200"}],"collection":[{"href":"https:\/\/blogsaverroes.juntadeandalucia.es\/eoeeatcadiz\/wp-json\/wp\/v2\/pages"}],"about":[{"href":"https:\/\/blogsaverroes.juntadeandalucia.es\/eoeeatcadiz\/wp-json\/wp\/v2\/types\/page"}],"author":[{"embeddable":true,"href":"https:\/\/blogsaverroes.juntadeandalucia.es\/eoeeatcadiz\/wp-json\/wp\/v2\/users\/11172"}],"replies":[{"embeddable":true,"href":"https:\/\/blogsaverroes.juntadeandalucia.es\/eoeeatcadiz\/wp-json\/wp\/v2\/comments?post=200"}],"version-history":[{"count":4,"href":"https:\/\/blogsaverroes.juntadeandalucia.es\/eoeeatcadiz\/wp-json\/wp\/v2\/pages\/200\/revisions"}],"predecessor-version":[{"id":242,"href":"https:\/\/blogsaverroes.juntadeandalucia.es\/eoeeatcadiz\/wp-json\/wp\/v2\/pages\/200\/revisions\/242"}],"up":[{"embeddable":true,"href":"https:\/\/blogsaverroes.juntadeandalucia.es\/eoeeatcadiz\/wp-json\/wp\/v2\/pages\/184"}],"wp:attachment":[{"href":"https:\/\/blogsaverroes.juntadeandalucia.es\/eoeeatcadiz\/wp-json\/wp\/v2\/media?parent=200"}],"curies":[{"name":"wp","href":"https:\/\/api.w.org\/{rel}","templated":true}]}}