{"id":49,"date":"2021-10-08T10:32:26","date_gmt":"2021-10-08T10:32:26","guid":{"rendered":"https:\/\/blogsaverroes.juntadeandalucia.es\/eoeedislexia\/?page_id=49"},"modified":"2024-02-21T12:22:40","modified_gmt":"2024-02-21T12:22:40","slug":"normativa","status":"publish","type":"page","link":"https:\/\/blogsaverroes.juntadeandalucia.es\/eoeedislexia\/normativa\/","title":{"rendered":"NORMATIVA"},"content":{"rendered":"<p><a href=\"https:\/\/www.adideandalucia.es\/normas\/decretos\/Decreto101-2023EducacionPrimaria.pdf\" target=\"_blank\" rel=\"noopener noreferrer\"><span style=\"color: #3366ff\">DECRETO 101\/2023,de 9 de mayo, <span style=\"color: #000000\">por el que se establece la ordenaci\u00f3n y el curr\u00edculo de la etapa de Educaci\u00f3n Primaria en la Comunidad Aut\u00f3noma de Andaluc\u00eda (BOJA 15-05-2023).<\/span><\/span><\/a><\/p>\n<p><a href=\"https:\/\/www.adideandalucia.es\/normas\/ordenes\/Orden30mayo2023EducacionPrimaria.pdf\" target=\"_blank\" rel=\"noopener noreferrer\"><span style=\"color: #3366ff\">ORDEN de 30 de mayo de 2023,<\/span><\/a>&nbsp;por la que se desarrolla el curr\u00edculo correspondiente a la etapa de Educaci\u00f3n Primaria en la Comunidad Aut\u00f3noma de Andaluc\u00eda, se regulan determinados aspectos de la atenci\u00f3n a la diversidad y a las diferencias individuales, se establece la ordenaci\u00f3n de la evaluaci\u00f3n del proceso de aprendizaje del alumnado y se determina el proceso de tr\u00e1nsito entre las diferentes etapas educativas (BOJA 02-06-2023).&nbsp;<a href=\"https:\/\/www.adideandalucia.es\/normas\/ordenes\/Orden30mayo2023Primaria-Anexo1.pdf\" target=\"_blank\" rel=\"noopener noreferrer\">Anexo I<\/a>.&nbsp;<a href=\"https:\/\/www.adideandalucia.es\/normas\/ordenes\/Orden30mayo2023Primaria-Anexo2.pdf\" target=\"_blank\" rel=\"noopener noreferrer\">Anexo II<\/a>.&nbsp;<a href=\"https:\/\/www.adideandalucia.es\/normas\/ordenes\/Orden30mayo2023Primaria-Anexo3.pdf\" target=\"_blank\" rel=\"noopener noreferrer\">Anexo III<\/a>.&nbsp;<a href=\"https:\/\/www.adideandalucia.es\/normas\/ordenes\/Orden30mayo2023Primaria-Anexo4.pdf\" target=\"_blank\" rel=\"noopener noreferrer\">Anexo IV<\/a>.&nbsp;<a href=\"https:\/\/www.adideandalucia.es\/normas\/ordenes\/Orden30mayo2023Primaria-Anexo5.pdf\" target=\"_blank\" rel=\"noopener noreferrer\">Anexo V<\/a>.&nbsp;<a href=\"https:\/\/www.adideandalucia.es\/normas\/ordenes\/Orden30mayo2023Primaria-Anexo6.pdf\" target=\"_blank\" rel=\"noopener noreferrer\">Anexo VI<\/a>.<\/p>\n<p><a href=\"https:\/\/www.adideandalucia.es\/normas\/decretos\/Decreto102-2023EducacionSecundariaObligatoria.pdf\" target=\"_blank\" rel=\"noopener noreferrer\"><span style=\"color: #3366ff\">DECRETO 102\/2023,<\/span> <\/a>&nbsp;de 9 de mayo, por el que se establece la ordenaci\u00f3n y el curr\u00edculo de la etapa de Educaci\u00f3n Secundaria Obligatoria en la Comunidad Aut\u00f3noma de Andaluc\u00eda (BOJA 15-05-2023).<\/p>\n<p><a href=\"https:\/\/www.adideandalucia.es\/normas\/ordenes\/Orden30mayo2023EducacionSecundariaObligatoria.pdf\" target=\"_blank\" rel=\"noopener noreferrer\"><span style=\"color: #3366ff\">&nbsp;ORDEN de 30 de mayo de 2023,<\/span><\/a> por la que se desarrolla el curr\u00edculo correspondiente a la etapa de Educaci\u00f3n Secundaria Obligatoria en la Comunidad Aut\u00f3noma de Andaluc\u00eda, se regulan determinados aspectos de la atenci\u00f3n a la diversidad y a las diferencias individuales, se establece la ordenaci\u00f3n de la evaluaci\u00f3n del proceso de aprendizaje del alumnado y se determina el proceso de tr\u00e1nsito entre las diferentes etapas educativas (BOJA 02-06-2023). <a href=\"https:\/\/www.adideandalucia.es\/normas\/ordenes\/Orden30mayo2023ESO-Anexo1.pdf\" target=\"_blank\" rel=\"noopener noreferrer\">Anexo I<\/a>.&nbsp;<a href=\"https:\/\/www.adideandalucia.es\/normas\/ordenes\/Orden30mayo2023ESO-Anexo2.pdf\" target=\"_blank\" rel=\"noopener noreferrer\">Anexo II<\/a>.&nbsp;<a href=\"https:\/\/www.adideandalucia.es\/normas\/ordenes\/Orden30mayo2023ESO-Anexo3.pdf\" target=\"_blank\" rel=\"noopener noreferrer\">Anexo III<\/a>.&nbsp;<a href=\"https:\/\/www.adideandalucia.es\/normas\/ordenes\/Orden30mayo2023ESO-Anexo4.pdf\" target=\"_blank\" rel=\"noopener noreferrer\">Anexo IV<\/a>.&nbsp;<a href=\"https:\/\/www.adideandalucia.es\/normas\/ordenes\/Orden30mayo2023ESO-Anexo5.pdf\" target=\"_blank\" rel=\"noopener noreferrer\">Anexo V<\/a>.&nbsp;<a href=\"https:\/\/www.adideandalucia.es\/normas\/ordenes\/Orden30mayo2023ESO-Anexo6.pdf\" target=\"_blank\" rel=\"noopener noreferrer\">Anexo VI<\/a>.&nbsp;<a href=\"https:\/\/www.adideandalucia.es\/normas\/ordenes\/Orden30mayo2023ESO-Anexo7.pdf\" target=\"_blank\" rel=\"noopener noreferrer\">Anexo VII<\/a>.&nbsp;<a href=\"https:\/\/www.adideandalucia.es\/normas\/ordenes\/Orden30mayo2023ESO-Anexo8.pdf\" target=\"_blank\" rel=\"noopener noreferrer\">Anexo VIII<\/a>.&nbsp;<a href=\"https:\/\/www.adideandalucia.es\/normas\/ordenes\/Orden30mayo2023ESO-Anexo9.pdf\" target=\"_blank\" rel=\"noopener noreferrer\">Anexo IX<\/a>.&nbsp;<a href=\"https:\/\/www.adideandalucia.es\/normas\/ordenes\/Orden30mayo2023ESO-Anexo10.pdf\" target=\"_blank\" rel=\"noopener noreferrer\">Anexo X<\/a>.<\/p>\n<p><span style=\"color: #3366ff\"><a style=\"color: #3366ff\" href=\"https:\/\/www.adideandalucia.es\/normas\/decretos\/Decreto103-2023Bachillerato.pdf\" target=\"_blank\" rel=\"noopener noreferrer\">&nbsp;DECRETO 103\/2023,<\/a><\/span> de 9 de mayo, por el que se establece la ordenaci\u00f3n y el curr\u00edculo de la etapa de Bachillerato en la Comunidad Aut\u00f3noma de Andaluc\u00eda (BOJA 15-05-2023).<\/p>\n<p><a href=\"https:\/\/www.adideandalucia.es\/normas\/ordenes\/Orden30mayo2023Bachillerato.pdf\" target=\"_blank\" rel=\"noopener noreferrer\">ORDEN de 30 de mayo de 2023,<\/a>por la que se desarrolla el curr\u00edculo correspondiente a la etapa de Bachillerato en la Comunidad Aut\u00f3noma de Andaluc\u00eda, se regulan determinados aspectos de la atenci\u00f3n a la diversidad y a las diferencias individuales y se establece la ordenaci\u00f3n de la evaluaci\u00f3n del proceso de aprendizaje del alumnado (BOJA 02-06-2023).&nbsp;<a href=\"https:\/\/www.adideandalucia.es\/normas\/ordenes\/Orden30mayo2023Bachillerato-Anexo1.pdf\" target=\"_blank\" rel=\"noopener noreferrer\">Anexo I<\/a>.&nbsp;<a href=\"https:\/\/www.adideandalucia.es\/normas\/ordenes\/Orden30mayo2023Bachillerato-Anexo2.pdf\" target=\"_blank\" rel=\"noopener noreferrer\">Anexo II<\/a>.&nbsp;<a href=\"https:\/\/www.adideandalucia.es\/normas\/ordenes\/Orden30mayo2023Bachillerato-Anexo3.pdf\" target=\"_blank\" rel=\"noopener noreferrer\">Anexo III<\/a>.&nbsp;<a href=\"https:\/\/www.adideandalucia.es\/normas\/ordenes\/Orden30mayo2023Bachillerato-Anexo4.pdf\" target=\"_blank\" rel=\"noopener noreferrer\">Anexo IV<\/a>.&nbsp;<a href=\"https:\/\/www.adideandalucia.es\/normas\/ordenes\/Orden30mayo2023Bachillerato-Anexo5.pdf\" target=\"_blank\" rel=\"noopener noreferrer\">Anexo V<\/a>.&nbsp;<a href=\"https:\/\/www.adideandalucia.es\/normas\/ordenes\/Orden30mayo2023Bachillerato-Anexo6.pdf\" target=\"_blank\" rel=\"noopener noreferrer\">Anexo VI<\/a>.&nbsp;<a href=\"https:\/\/www.adideandalucia.es\/normas\/ordenes\/Orden30mayo2023Bachillerato-Anexo7.pdf\" target=\"_blank\" rel=\"noopener noreferrer\">Anexo VII<\/a>.&nbsp;<a href=\"https:\/\/www.adideandalucia.es\/normas\/ordenes\/Orden30mayo2023Bachillerato-Anexo8.pdf\" target=\"_blank\" rel=\"noopener noreferrer\">Anexo VIII<\/a>.<\/p>\n<p><a href=\"https:\/\/www.adideandalucia.es\/normas\/instruc\/Instrucciones8marzo2017ActualizacionProtocoloNEAE.pdf\" target=\"_blank\" rel=\"noopener noreferrer\">Instrucciones de 8 de Marzo de 2017<\/a> de la Direcci\u00f3n General de Participaci\u00f3n y Equidad, por las que se actualiza el protocolo de detecci\u00f3n, identificaci\u00f3n del alumnado con necesidades espec\u00edficas de apoyo educativo y organizaci\u00f3n de la respuesta educativa.<\/p>\n<p><a href=\"https:\/\/www.juntadeandalucia.es\/educacion\/portals\/delegate\/content\/9479a75b-f548-4101-90d9-d5f62860cd47\/Circular%204%20abril%202014%20adaptaci%C3%B3n%20de%20la%20Prueba%20de%20Acceso%20a%20la%20Universidad%20para%20alumnado%20con%20NEAE\" target=\"_blank\" rel=\"noopener noreferrer\">ADAPTACIONES EN LA PRUEBA DE ACCESO A LA UNIVERSIDAD<\/a><\/p>\n<p><a href=\"https:\/\/iesalhambra.es\/wp-content\/uploads\/2020\/06\/Aclaraciones-Circular-2019_2020F.pdf\" target=\"_blank\" rel=\"noopener noreferrer\"><span id=\"claro-line-container11\" class=\"claro-line-container\">NOTA ACLARATORIA DE 29 DE MAYO DE 2020 A LA CIRCULAR DE 4 DE ABRIL DE 2014, DE <\/span><span id=\"claro-line-container12\" class=\"claro-line-container\">LA DIRECCI\u00d3N GENERAL DE PARTICIPACI\u00d3N Y EQUIDAD POR LA QUE SE ESTABLECE EL <\/span><span id=\"claro-line-container13\" class=\"claro-line-container\">PROCEDIMIENTO PARA SOLICITAR LA ADAPTACI\u00d3N DE LA PRUEBA DE ACCESO A LA <\/span><span id=\"claro-line-container14\" class=\"claro-line-container\">UNIVERSIDAD (PAU) PARA EL ALUMNADO CON NECESIDADES ESPEC\u00cdFICAS DE APOYO <\/span><span id=\"claro-line-container15\" class=\"claro-line-container\">EDUCATIVO<\/span><\/a><\/p>\n<p>&nbsp;<\/p>\n<p>&nbsp;<\/p>\n<p>&nbsp;<\/p>\n","protected":false},"excerpt":{"rendered":"<p>DECRETO 101\/2023,de 9 de mayo, por el que se establece la ordenaci\u00f3n y el curr\u00edculo de la etapa de Educaci\u00f3n Primaria en la Comunidad Aut\u00f3noma de Andaluc\u00eda (BOJA 15-05-2023). ORDEN&#46;&#46;&#46;<\/p>\n","protected":false},"author":6235,"featured_media":0,"parent":0,"menu_order":0,"comment_status":"closed","ping_status":"closed","template":"","meta":{"ngg_post_thumbnail":0,"footnotes":""},"aioseo_notices":[],"_links":{"self":[{"href":"https:\/\/blogsaverroes.juntadeandalucia.es\/eoeedislexia\/wp-json\/wp\/v2\/pages\/49"}],"collection":[{"href":"https:\/\/blogsaverroes.juntadeandalucia.es\/eoeedislexia\/wp-json\/wp\/v2\/pages"}],"about":[{"href":"https:\/\/blogsaverroes.juntadeandalucia.es\/eoeedislexia\/wp-json\/wp\/v2\/types\/page"}],"author":[{"embeddable":true,"href":"https:\/\/blogsaverroes.juntadeandalucia.es\/eoeedislexia\/wp-json\/wp\/v2\/users\/6235"}],"replies":[{"embeddable":true,"href":"https:\/\/blogsaverroes.juntadeandalucia.es\/eoeedislexia\/wp-json\/wp\/v2\/comments?post=49"}],"version-history":[{"count":17,"href":"https:\/\/blogsaverroes.juntadeandalucia.es\/eoeedislexia\/wp-json\/wp\/v2\/pages\/49\/revisions"}],"predecessor-version":[{"id":1072,"href":"https:\/\/blogsaverroes.juntadeandalucia.es\/eoeedislexia\/wp-json\/wp\/v2\/pages\/49\/revisions\/1072"}],"wp:attachment":[{"href":"https:\/\/blogsaverroes.juntadeandalucia.es\/eoeedislexia\/wp-json\/wp\/v2\/media?parent=49"}],"curies":[{"name":"wp","href":"https:\/\/api.w.org\/{rel}","templated":true}]}}