{"id":623,"date":"2024-06-11T09:55:57","date_gmt":"2024-06-11T09:55:57","guid":{"rendered":"https:\/\/blogsaverroes.juntadeandalucia.es\/eoeetgccadiz\/?page_id=623"},"modified":"2024-06-11T09:58:38","modified_gmt":"2024-06-11T09:58:38","slug":"apoyo-visual","status":"publish","type":"page","link":"https:\/\/blogsaverroes.juntadeandalucia.es\/eoeetgccadiz\/apoyo-visual\/","title":{"rendered":"APOYO VISUAL"},"content":{"rendered":"<p>El apoyo visual forma parte de las estrategias fundamentales para adaptarse a un alumno con TDAH \/ TGC.<\/p>\n<p>La base emocional de nuestro alumnado es la ansiedad , el estr\u00e9s, la activaci\u00f3n emocional&#8230; y esta base necesita de apoyo visual porque:&nbsp;<\/p>\n<p>Permanece y se memoriza de forma m\u00e1s inmediata.<\/p>\n<p>Ayuda a organizarse.<\/p>\n<p>Porque lo oral se pierde m\u00e1s r\u00e1pidamente y podemos redirigir al alumno hacia el apoyo visual sin desgastar la palabra que se suele perder en la memoria m\u00e1s r\u00e1pidamente .&nbsp;<\/p>\n<p><img loading=\"lazy\" decoding=\"async\" class=\"alignnone wp-image-624\" src=\"https:\/\/blogsaverroes.juntadeandalucia.es\/eoeetgccadiz\/files\/2024\/06\/1-2-300x300.jpg\" alt=\"\" width=\"303\" height=\"303\" srcset=\"https:\/\/blogsaverroes.juntadeandalucia.es\/eoeetgccadiz\/files\/2024\/06\/1-2-300x300.jpg 300w, https:\/\/blogsaverroes.juntadeandalucia.es\/eoeetgccadiz\/files\/2024\/06\/1-2-1024x1024.jpg 1024w, https:\/\/blogsaverroes.juntadeandalucia.es\/eoeetgccadiz\/files\/2024\/06\/1-2-150x150.jpg 150w, https:\/\/blogsaverroes.juntadeandalucia.es\/eoeetgccadiz\/files\/2024\/06\/1-2-768x768.jpg 768w, https:\/\/blogsaverroes.juntadeandalucia.es\/eoeetgccadiz\/files\/2024\/06\/1-2-100x100.jpg 100w, https:\/\/blogsaverroes.juntadeandalucia.es\/eoeetgccadiz\/files\/2024\/06\/1-2.jpg 1080w\" sizes=\"(max-width: 303px) 100vw, 303px\" \/><img loading=\"lazy\" decoding=\"async\" class=\"alignnone size-medium wp-image-625\" style=\"font-size: 1rem\" src=\"https:\/\/blogsaverroes.juntadeandalucia.es\/eoeetgccadiz\/files\/2024\/06\/2-2-300x300.jpg\" alt=\"\" width=\"300\" height=\"300\" srcset=\"https:\/\/blogsaverroes.juntadeandalucia.es\/eoeetgccadiz\/files\/2024\/06\/2-2-300x300.jpg 300w, https:\/\/blogsaverroes.juntadeandalucia.es\/eoeetgccadiz\/files\/2024\/06\/2-2-1024x1024.jpg 1024w, https:\/\/blogsaverroes.juntadeandalucia.es\/eoeetgccadiz\/files\/2024\/06\/2-2-150x150.jpg 150w, https:\/\/blogsaverroes.juntadeandalucia.es\/eoeetgccadiz\/files\/2024\/06\/2-2-768x768.jpg 768w, https:\/\/blogsaverroes.juntadeandalucia.es\/eoeetgccadiz\/files\/2024\/06\/2-2-100x100.jpg 100w, https:\/\/blogsaverroes.juntadeandalucia.es\/eoeetgccadiz\/files\/2024\/06\/2-2.jpg 1080w\" sizes=\"(max-width: 300px) 100vw, 300px\" \/><span style=\"font-size: 1rem\">&nbsp;<\/span><img loading=\"lazy\" decoding=\"async\" class=\"alignnone size-medium wp-image-626\" style=\"font-size: 1rem\" src=\"https:\/\/blogsaverroes.juntadeandalucia.es\/eoeetgccadiz\/files\/2024\/06\/3-2-300x300.jpg\" alt=\"\" width=\"300\" height=\"300\" srcset=\"https:\/\/blogsaverroes.juntadeandalucia.es\/eoeetgccadiz\/files\/2024\/06\/3-2-300x300.jpg 300w, https:\/\/blogsaverroes.juntadeandalucia.es\/eoeetgccadiz\/files\/2024\/06\/3-2-1024x1024.jpg 1024w, https:\/\/blogsaverroes.juntadeandalucia.es\/eoeetgccadiz\/files\/2024\/06\/3-2-150x150.jpg 150w, https:\/\/blogsaverroes.juntadeandalucia.es\/eoeetgccadiz\/files\/2024\/06\/3-2-768x768.jpg 768w, https:\/\/blogsaverroes.juntadeandalucia.es\/eoeetgccadiz\/files\/2024\/06\/3-2-100x100.jpg 100w, https:\/\/blogsaverroes.juntadeandalucia.es\/eoeetgccadiz\/files\/2024\/06\/3-2.jpg 1080w\" sizes=\"(max-width: 300px) 100vw, 300px\" \/> <img loading=\"lazy\" decoding=\"async\" class=\"alignnone size-medium wp-image-627\" style=\"font-size: 1rem\" src=\"https:\/\/blogsaverroes.juntadeandalucia.es\/eoeetgccadiz\/files\/2024\/06\/4-2-300x300.jpg\" alt=\"\" width=\"300\" height=\"300\" srcset=\"https:\/\/blogsaverroes.juntadeandalucia.es\/eoeetgccadiz\/files\/2024\/06\/4-2-300x300.jpg 300w, https:\/\/blogsaverroes.juntadeandalucia.es\/eoeetgccadiz\/files\/2024\/06\/4-2-1024x1024.jpg 1024w, https:\/\/blogsaverroes.juntadeandalucia.es\/eoeetgccadiz\/files\/2024\/06\/4-2-150x150.jpg 150w, https:\/\/blogsaverroes.juntadeandalucia.es\/eoeetgccadiz\/files\/2024\/06\/4-2-768x768.jpg 768w, https:\/\/blogsaverroes.juntadeandalucia.es\/eoeetgccadiz\/files\/2024\/06\/4-2-100x100.jpg 100w, https:\/\/blogsaverroes.juntadeandalucia.es\/eoeetgccadiz\/files\/2024\/06\/4-2.jpg 1080w\" sizes=\"(max-width: 300px) 100vw, 300px\" \/> <img loading=\"lazy\" decoding=\"async\" class=\"alignnone size-medium wp-image-628\" style=\"font-size: 1rem\" src=\"https:\/\/blogsaverroes.juntadeandalucia.es\/eoeetgccadiz\/files\/2024\/06\/5-2-300x300.jpg\" alt=\"\" width=\"300\" height=\"300\" srcset=\"https:\/\/blogsaverroes.juntadeandalucia.es\/eoeetgccadiz\/files\/2024\/06\/5-2-300x300.jpg 300w, https:\/\/blogsaverroes.juntadeandalucia.es\/eoeetgccadiz\/files\/2024\/06\/5-2-1024x1024.jpg 1024w, https:\/\/blogsaverroes.juntadeandalucia.es\/eoeetgccadiz\/files\/2024\/06\/5-2-150x150.jpg 150w, https:\/\/blogsaverroes.juntadeandalucia.es\/eoeetgccadiz\/files\/2024\/06\/5-2-768x768.jpg 768w, https:\/\/blogsaverroes.juntadeandalucia.es\/eoeetgccadiz\/files\/2024\/06\/5-2-100x100.jpg 100w, https:\/\/blogsaverroes.juntadeandalucia.es\/eoeetgccadiz\/files\/2024\/06\/5-2.jpg 1080w\" sizes=\"(max-width: 300px) 100vw, 300px\" \/> <img loading=\"lazy\" decoding=\"async\" class=\"alignnone size-medium wp-image-629\" style=\"font-size: 1rem\" src=\"https:\/\/blogsaverroes.juntadeandalucia.es\/eoeetgccadiz\/files\/2024\/06\/6-2-300x300.jpg\" alt=\"\" width=\"300\" height=\"300\" srcset=\"https:\/\/blogsaverroes.juntadeandalucia.es\/eoeetgccadiz\/files\/2024\/06\/6-2-300x300.jpg 300w, https:\/\/blogsaverroes.juntadeandalucia.es\/eoeetgccadiz\/files\/2024\/06\/6-2-1024x1024.jpg 1024w, https:\/\/blogsaverroes.juntadeandalucia.es\/eoeetgccadiz\/files\/2024\/06\/6-2-150x150.jpg 150w, https:\/\/blogsaverroes.juntadeandalucia.es\/eoeetgccadiz\/files\/2024\/06\/6-2-768x768.jpg 768w, https:\/\/blogsaverroes.juntadeandalucia.es\/eoeetgccadiz\/files\/2024\/06\/6-2-100x100.jpg 100w, https:\/\/blogsaverroes.juntadeandalucia.es\/eoeetgccadiz\/files\/2024\/06\/6-2.jpg 1080w\" sizes=\"(max-width: 300px) 100vw, 300px\" \/> <img loading=\"lazy\" decoding=\"async\" class=\"alignnone size-medium wp-image-630\" style=\"font-size: 1rem\" src=\"https:\/\/blogsaverroes.juntadeandalucia.es\/eoeetgccadiz\/files\/2024\/06\/7-2-300x300.jpg\" alt=\"\" width=\"300\" height=\"300\" srcset=\"https:\/\/blogsaverroes.juntadeandalucia.es\/eoeetgccadiz\/files\/2024\/06\/7-2-300x300.jpg 300w, https:\/\/blogsaverroes.juntadeandalucia.es\/eoeetgccadiz\/files\/2024\/06\/7-2-1024x1024.jpg 1024w, https:\/\/blogsaverroes.juntadeandalucia.es\/eoeetgccadiz\/files\/2024\/06\/7-2-150x150.jpg 150w, https:\/\/blogsaverroes.juntadeandalucia.es\/eoeetgccadiz\/files\/2024\/06\/7-2-768x768.jpg 768w, https:\/\/blogsaverroes.juntadeandalucia.es\/eoeetgccadiz\/files\/2024\/06\/7-2-100x100.jpg 100w, https:\/\/blogsaverroes.juntadeandalucia.es\/eoeetgccadiz\/files\/2024\/06\/7-2.jpg 1080w\" sizes=\"(max-width: 300px) 100vw, 300px\" \/><\/p>\n","protected":false},"excerpt":{"rendered":"<p>El apoyo visual forma parte de las estrategias fundamentales para adaptarse a un alumno con TDAH \/ TGC. La base emocional de nuestro alumnado es la ansiedad , el estr\u00e9s, la activaci\u00f3n emocional&#8230; y esta base necesita de apoyo visual porque:&nbsp; Permanece y se memoriza de forma m\u00e1s inmediata. Ayuda a organizarse. Porque lo oral &hellip; <\/p>\n<p class=\"link-more\"><a href=\"https:\/\/blogsaverroes.juntadeandalucia.es\/eoeetgccadiz\/apoyo-visual\/\" class=\"more-link\">Continuar leyendo<span class=\"screen-reader-text\"> \u00abAPOYO VISUAL\u00bb<\/span><\/a><\/p>\n","protected":false},"author":15598,"featured_media":0,"parent":0,"menu_order":0,"comment_status":"closed","ping_status":"closed","template":"","meta":{"ngg_post_thumbnail":0,"footnotes":""},"aioseo_notices":[],"_links":{"self":[{"href":"https:\/\/blogsaverroes.juntadeandalucia.es\/eoeetgccadiz\/wp-json\/wp\/v2\/pages\/623"}],"collection":[{"href":"https:\/\/blogsaverroes.juntadeandalucia.es\/eoeetgccadiz\/wp-json\/wp\/v2\/pages"}],"about":[{"href":"https:\/\/blogsaverroes.juntadeandalucia.es\/eoeetgccadiz\/wp-json\/wp\/v2\/types\/page"}],"author":[{"embeddable":true,"href":"https:\/\/blogsaverroes.juntadeandalucia.es\/eoeetgccadiz\/wp-json\/wp\/v2\/users\/15598"}],"replies":[{"embeddable":true,"href":"https:\/\/blogsaverroes.juntadeandalucia.es\/eoeetgccadiz\/wp-json\/wp\/v2\/comments?post=623"}],"version-history":[{"count":2,"href":"https:\/\/blogsaverroes.juntadeandalucia.es\/eoeetgccadiz\/wp-json\/wp\/v2\/pages\/623\/revisions"}],"predecessor-version":[{"id":633,"href":"https:\/\/blogsaverroes.juntadeandalucia.es\/eoeetgccadiz\/wp-json\/wp\/v2\/pages\/623\/revisions\/633"}],"wp:attachment":[{"href":"https:\/\/blogsaverroes.juntadeandalucia.es\/eoeetgccadiz\/wp-json\/wp\/v2\/media?parent=623"}],"curies":[{"name":"wp","href":"https:\/\/api.w.org\/{rel}","templated":true}]}}