{"id":70,"date":"2022-10-09T07:47:52","date_gmt":"2022-10-09T07:47:52","guid":{"rendered":"https:\/\/blogsaverroes.juntadeandalucia.es\/eoeetgccadiz\/?page_id=70"},"modified":"2024-06-25T09:11:12","modified_gmt":"2024-06-25T09:11:12","slug":"que-leer-para-saber-mas","status":"publish","type":"page","link":"https:\/\/blogsaverroes.juntadeandalucia.es\/eoeetgccadiz\/que-leer-para-saber-mas\/","title":{"rendered":"QU\u00c9 LEER PARA SABER M\u00c1S"},"content":{"rendered":"<p>EL TRAUMA VISTO POR LOS NI\u00d1OS . PETER A. LEVINE Y MAGGIE KLINE.&nbsp; &nbsp;<\/p>\n<p><img loading=\"lazy\" decoding=\"async\" class=\"alignnone size-medium wp-image-87\" src=\"https:\/\/blogsaverroes.juntadeandalucia.es\/eoeetgccadiz\/files\/2023\/03\/el-trauma-visto-por-los-ni\u00f1os-193x300.jpg\" alt=\"\" width=\"193\" height=\"300\" srcset=\"https:\/\/blogsaverroes.juntadeandalucia.es\/eoeetgccadiz\/files\/2023\/03\/el-trauma-visto-por-los-ni\u00f1os-193x300.jpg 193w, https:\/\/blogsaverroes.juntadeandalucia.es\/eoeetgccadiz\/files\/2023\/03\/el-trauma-visto-por-los-ni\u00f1os.jpg 552w\" sizes=\"(max-width: 193px) 100vw, 193px\" \/><\/p>\n<p><span style=\"font-family: Arial, sans-serif\"><span style=\"font-size: large\">LA INTERVENCI\u00d3N ESTRAT\u00c9GICA EN CONTEXTOS EDUCATIVOS. ANDREA FIORENZA Y GIORGIO NARDONE. ED. HERDER.<\/span><\/span><\/p>\n<p><img loading=\"lazy\" decoding=\"async\" class=\"alignnone size-medium wp-image-90\" src=\"https:\/\/blogsaverroes.juntadeandalucia.es\/eoeetgccadiz\/files\/2023\/03\/LA-INTERVENCI\u00d3N-ESTRATEGICA-EN-CONTEXTOS-EDUCATIVOS-198x300.jpg\" alt=\"\" width=\"198\" height=\"300\" srcset=\"https:\/\/blogsaverroes.juntadeandalucia.es\/eoeetgccadiz\/files\/2023\/03\/LA-INTERVENCI\u00d3N-ESTRATEGICA-EN-CONTEXTOS-EDUCATIVOS-198x300.jpg 198w, https:\/\/blogsaverroes.juntadeandalucia.es\/eoeetgccadiz\/files\/2023\/03\/LA-INTERVENCI\u00d3N-ESTRATEGICA-EN-CONTEXTOS-EDUCATIVOS.jpg 552w\" sizes=\"(max-width: 198px) 100vw, 198px\" \/><\/p>\n<p><span style=\"font-family: Arial, sans-serif\"><span style=\"font-size: large\">INTERVENCI\u00d3N ESCOLAR CENTRADA EN SOLUCIONES. MARGA HERRERO DE LA VEGA Y MARK BEYEBACH. EDITORIAL HERDER.&nbsp;<\/span><\/span><\/p>\n<p><img loading=\"lazy\" decoding=\"async\" class=\"alignnone size-medium wp-image-92\" src=\"https:\/\/blogsaverroes.juntadeandalucia.es\/eoeetgccadiz\/files\/2023\/03\/LA-INTERVENCI\u00d3N-ESCOLAR-CENTRADA-EN-SOLUCIONES-190x300.jpg\" alt=\"\" width=\"190\" height=\"300\" srcset=\"https:\/\/blogsaverroes.juntadeandalucia.es\/eoeetgccadiz\/files\/2023\/03\/LA-INTERVENCI\u00d3N-ESCOLAR-CENTRADA-EN-SOLUCIONES-190x300.jpg 190w, https:\/\/blogsaverroes.juntadeandalucia.es\/eoeetgccadiz\/files\/2023\/03\/LA-INTERVENCI\u00d3N-ESCOLAR-CENTRADA-EN-SOLUCIONES.jpg 552w\" sizes=\"(max-width: 190px) 100vw, 190px\" \/><\/p>\n<p><span style=\"color: #0f1111\"><span style=\"font-family: Arial, sans-serif\"><span style=\"font-size: large\">LO QUE APREND\u00cd MIENTRAS TE PORTABAS MAL. MARGARITA DE LAS NIEVES ACOSTA RUBIO.&nbsp;<\/span><\/span><\/span><\/p>\n<p><img loading=\"lazy\" decoding=\"async\" class=\"alignnone size-medium wp-image-94\" src=\"https:\/\/blogsaverroes.juntadeandalucia.es\/eoeetgccadiz\/files\/2023\/03\/LO-QUE-APRENDI-MIENTRAS-TE-PORTABAS-MAL-202x300.jpg\" alt=\"\" width=\"202\" height=\"300\" srcset=\"https:\/\/blogsaverroes.juntadeandalucia.es\/eoeetgccadiz\/files\/2023\/03\/LO-QUE-APRENDI-MIENTRAS-TE-PORTABAS-MAL-202x300.jpg 202w, https:\/\/blogsaverroes.juntadeandalucia.es\/eoeetgccadiz\/files\/2023\/03\/LO-QUE-APRENDI-MIENTRAS-TE-PORTABAS-MAL.jpg 425w\" sizes=\"(max-width: 202px) 100vw, 202px\" \/><\/p>\n<p>EL NI\u00d1O INSOPORTABLE<\/p>\n<p><img loading=\"lazy\" decoding=\"async\" class=\"alignnone size-medium wp-image-312\" src=\"https:\/\/blogsaverroes.juntadeandalucia.es\/eoeetgccadiz\/files\/2023\/06\/el-ni\u00f1o-insoportable-184x300.jpg\" alt=\"\" width=\"184\" height=\"300\" srcset=\"https:\/\/blogsaverroes.juntadeandalucia.es\/eoeetgccadiz\/files\/2023\/06\/el-ni\u00f1o-insoportable-184x300.jpg 184w, https:\/\/blogsaverroes.juntadeandalucia.es\/eoeetgccadiz\/files\/2023\/06\/el-ni\u00f1o-insoportable.jpg 306w\" sizes=\"(max-width: 184px) 100vw, 184px\" \/><\/p>\n<p>LA ESCUELA QUE QUIERO<\/p>\n<p><img loading=\"lazy\" decoding=\"async\" class=\"alignnone size-medium wp-image-313\" src=\"https:\/\/blogsaverroes.juntadeandalucia.es\/eoeetgccadiz\/files\/2023\/06\/LA-ESCUELA-QUE-QUIERO-191x300.jpg\" alt=\"\" width=\"191\" height=\"300\" srcset=\"https:\/\/blogsaverroes.juntadeandalucia.es\/eoeetgccadiz\/files\/2023\/06\/LA-ESCUELA-QUE-QUIERO-191x300.jpg 191w, https:\/\/blogsaverroes.juntadeandalucia.es\/eoeetgccadiz\/files\/2023\/06\/LA-ESCUELA-QUE-QUIERO.jpg 552w\" sizes=\"(max-width: 191px) 100vw, 191px\" \/><\/p>\n<p>EL CEREBRO AFIRMATIVO DEL NI\u00d1O<\/p>\n<p><img loading=\"lazy\" decoding=\"async\" class=\"alignnone size-medium wp-image-314\" src=\"https:\/\/blogsaverroes.juntadeandalucia.es\/eoeetgccadiz\/files\/2023\/06\/el-cerebro-afirmativo-del-ni\u00f1o-200x300.jpg\" alt=\"\" width=\"200\" height=\"300\" srcset=\"https:\/\/blogsaverroes.juntadeandalucia.es\/eoeetgccadiz\/files\/2023\/06\/el-cerebro-afirmativo-del-ni\u00f1o-200x300.jpg 200w, https:\/\/blogsaverroes.juntadeandalucia.es\/eoeetgccadiz\/files\/2023\/06\/el-cerebro-afirmativo-del-ni\u00f1o.jpg 333w\" sizes=\"(max-width: 200px) 100vw, 200px\" \/><\/p>\n<p>EL VALOR DE LA ATENCI\u00d3N. JOHANN HARI<\/p>\n<p><img loading=\"lazy\" decoding=\"async\" class=\"alignnone size-medium wp-image-407\" src=\"https:\/\/blogsaverroes.juntadeandalucia.es\/eoeetgccadiz\/files\/2023\/11\/libro-el-valor-de-la-atenci\u00f3n-193x300.jpg\" alt=\"\" width=\"193\" height=\"300\" srcset=\"https:\/\/blogsaverroes.juntadeandalucia.es\/eoeetgccadiz\/files\/2023\/11\/libro-el-valor-de-la-atenci\u00f3n-193x300.jpg 193w, https:\/\/blogsaverroes.juntadeandalucia.es\/eoeetgccadiz\/files\/2023\/11\/libro-el-valor-de-la-atenci\u00f3n-659x1024.jpg 659w, https:\/\/blogsaverroes.juntadeandalucia.es\/eoeetgccadiz\/files\/2023\/11\/libro-el-valor-de-la-atenci\u00f3n-768x1193.jpg 768w, https:\/\/blogsaverroes.juntadeandalucia.es\/eoeetgccadiz\/files\/2023\/11\/libro-el-valor-de-la-atenci\u00f3n-989x1536.jpg 989w, https:\/\/blogsaverroes.juntadeandalucia.es\/eoeetgccadiz\/files\/2023\/11\/libro-el-valor-de-la-atenci\u00f3n-1319x2048.jpg 1319w, https:\/\/blogsaverroes.juntadeandalucia.es\/eoeetgccadiz\/files\/2023\/11\/libro-el-valor-de-la-atenci\u00f3n-scaled.jpg 1648w\" sizes=\"(max-width: 193px) 100vw, 193px\" \/><\/p>\n<p>EL CUERPO LLEVA LA CUENTA. CEREBRO, MENTE Y CUERPO EN LA SUPERACI\u00d3N DEL TRAUMA. BESSEL VAN DER KOLK,M.D.<\/p>\n<p>El autor permite comprender de una forma innovadora y los complejos efectos de los traumas, y constituye una gu\u00eda sobre una amplia variedad de enfoques basados en la ciencia no solo para reducir el sufrimiento, sino para ir m\u00e1s all\u00e1 de la mera supervivencia y para prosperar\u201d.<\/p>\n<p><img loading=\"lazy\" decoding=\"async\" class=\"alignnone size-medium wp-image-638\" src=\"https:\/\/blogsaverroes.juntadeandalucia.es\/eoeetgccadiz\/files\/2024\/06\/el-cuerpo-lleva-la-cuenta-198x300.jpg\" alt=\"\" width=\"198\" height=\"300\" srcset=\"https:\/\/blogsaverroes.juntadeandalucia.es\/eoeetgccadiz\/files\/2024\/06\/el-cuerpo-lleva-la-cuenta-198x300.jpg 198w, https:\/\/blogsaverroes.juntadeandalucia.es\/eoeetgccadiz\/files\/2024\/06\/el-cuerpo-lleva-la-cuenta.jpg 294w\" sizes=\"(max-width: 198px) 100vw, 198px\" \/><\/p>\n<p>EL CEREBRO DEL NI\u00d1O. 12 ESTRATEGIAS REVOLUCIONARIAS PARA CULTIVAR LA MENTE EN DESARROLLO DE TU HIJO. DANIEL J.SIEGEL.&nbsp;<\/p>\n<p>\u00abEl cerebro del ni\u00f1o ense\u00f1a a cultivar un desarrollo emocional e intelectual sano para que los ni\u00f1os puedan tener una vida equilibrada, significativa y conectada.\u00bb<\/p>\n<p><img loading=\"lazy\" decoding=\"async\" class=\"alignnone size-medium wp-image-639\" src=\"https:\/\/blogsaverroes.juntadeandalucia.es\/eoeetgccadiz\/files\/2024\/06\/el-cerebro-del-nino-195x300.jpg\" alt=\"\" width=\"195\" height=\"300\" srcset=\"https:\/\/blogsaverroes.juntadeandalucia.es\/eoeetgccadiz\/files\/2024\/06\/el-cerebro-del-nino-195x300.jpg 195w, https:\/\/blogsaverroes.juntadeandalucia.es\/eoeetgccadiz\/files\/2024\/06\/el-cerebro-del-nino.jpg 303w\" sizes=\"(max-width: 195px) 100vw, 195px\" \/><\/p>\n<p>VINC\u00daLATE. RELACIONES REPARADORAS DEL VINCULO EN LOS NI\u00d1OS ADPTADOS Y ACOGIDOS. JOSE LUIS GONZALO MARROD\u00c1N.&nbsp;<\/p>\n<p>\u00abVinc\u00falate ofrece a los profesionales que trabajan en la protecci\u00f3n de la infancia -y a los maestros- una inestimable ayuda en cuanto a tipolog\u00edas del apego, instrumentos de evaluaci\u00f3n y c\u00f3mo relacionarse con los menores adoptados y acogidos, una poblaci\u00f3n que suele presentar necesidades piscoeducativas espec\u00edficas.\u00bb<\/p>\n<p><img loading=\"lazy\" decoding=\"async\" class=\"alignnone size-medium wp-image-640\" src=\"https:\/\/blogsaverroes.juntadeandalucia.es\/eoeetgccadiz\/files\/2024\/06\/vinculate-217x300.jpg\" alt=\"\" width=\"217\" height=\"300\" srcset=\"https:\/\/blogsaverroes.juntadeandalucia.es\/eoeetgccadiz\/files\/2024\/06\/vinculate-217x300.jpg 217w, https:\/\/blogsaverroes.juntadeandalucia.es\/eoeetgccadiz\/files\/2024\/06\/vinculate-739x1024.jpg 739w, https:\/\/blogsaverroes.juntadeandalucia.es\/eoeetgccadiz\/files\/2024\/06\/vinculate-768x1064.jpg 768w, https:\/\/blogsaverroes.juntadeandalucia.es\/eoeetgccadiz\/files\/2024\/06\/vinculate.jpg 1083w\" sizes=\"(max-width: 217px) 100vw, 217px\" \/><\/p>\n<p>LA PEDAGOG\u00cdA SIST\u00c9MICA.FUNDAMENTOS Y PR\u00c1CTICA. MERC\u00c9 TRAVERS\u00c9 VILAGINES.<\/p>\n<p><em>\u00abLa pedagog\u00eda sist\u00e9mica<\/em> es una nueva forma de mirar que implica cambios profundos en nuestra forma de pensar la educaci\u00f3n y en nuestras actitudes hacia todos aquellos que intervienen en el acto educativo: familias, alumnos, docentes, etc.\u00bb<\/p>\n<p><img loading=\"lazy\" decoding=\"async\" class=\"alignnone size-medium wp-image-641\" src=\"https:\/\/blogsaverroes.juntadeandalucia.es\/eoeetgccadiz\/files\/2024\/06\/la-pedagogia-sistemica-221x300.jpg\" alt=\"\" width=\"221\" height=\"300\" srcset=\"https:\/\/blogsaverroes.juntadeandalucia.es\/eoeetgccadiz\/files\/2024\/06\/la-pedagogia-sistemica-221x300.jpg 221w, https:\/\/blogsaverroes.juntadeandalucia.es\/eoeetgccadiz\/files\/2024\/06\/la-pedagogia-sistemica.jpg 368w\" sizes=\"(max-width: 221px) 100vw, 221px\" \/><\/p>\n<p>&nbsp;<\/p>\n","protected":false},"excerpt":{"rendered":"<p>EL TRAUMA VISTO POR LOS NI\u00d1OS . PETER A. LEVINE Y MAGGIE KLINE.&nbsp; &nbsp; LA INTERVENCI\u00d3N ESTRAT\u00c9GICA EN CONTEXTOS EDUCATIVOS. ANDREA FIORENZA Y GIORGIO NARDONE. ED. HERDER. INTERVENCI\u00d3N ESCOLAR CENTRADA EN SOLUCIONES. MARGA HERRERO DE LA VEGA Y MARK BEYEBACH. EDITORIAL HERDER.&nbsp; LO QUE APREND\u00cd MIENTRAS TE PORTABAS MAL. MARGARITA DE LAS NIEVES ACOSTA RUBIO.&nbsp; &hellip; <\/p>\n<p class=\"link-more\"><a href=\"https:\/\/blogsaverroes.juntadeandalucia.es\/eoeetgccadiz\/que-leer-para-saber-mas\/\" class=\"more-link\">Continuar leyendo<span class=\"screen-reader-text\"> \u00abQU\u00c9 LEER PARA SABER M\u00c1S\u00bb<\/span><\/a><\/p>\n","protected":false},"author":15598,"featured_media":0,"parent":0,"menu_order":0,"comment_status":"closed","ping_status":"closed","template":"","meta":{"ngg_post_thumbnail":0,"footnotes":""},"aioseo_notices":[],"_links":{"self":[{"href":"https:\/\/blogsaverroes.juntadeandalucia.es\/eoeetgccadiz\/wp-json\/wp\/v2\/pages\/70"}],"collection":[{"href":"https:\/\/blogsaverroes.juntadeandalucia.es\/eoeetgccadiz\/wp-json\/wp\/v2\/pages"}],"about":[{"href":"https:\/\/blogsaverroes.juntadeandalucia.es\/eoeetgccadiz\/wp-json\/wp\/v2\/types\/page"}],"author":[{"embeddable":true,"href":"https:\/\/blogsaverroes.juntadeandalucia.es\/eoeetgccadiz\/wp-json\/wp\/v2\/users\/15598"}],"replies":[{"embeddable":true,"href":"https:\/\/blogsaverroes.juntadeandalucia.es\/eoeetgccadiz\/wp-json\/wp\/v2\/comments?post=70"}],"version-history":[{"count":9,"href":"https:\/\/blogsaverroes.juntadeandalucia.es\/eoeetgccadiz\/wp-json\/wp\/v2\/pages\/70\/revisions"}],"predecessor-version":[{"id":642,"href":"https:\/\/blogsaverroes.juntadeandalucia.es\/eoeetgccadiz\/wp-json\/wp\/v2\/pages\/70\/revisions\/642"}],"wp:attachment":[{"href":"https:\/\/blogsaverroes.juntadeandalucia.es\/eoeetgccadiz\/wp-json\/wp\/v2\/media?parent=70"}],"curies":[{"name":"wp","href":"https:\/\/api.w.org\/{rel}","templated":true}]}}