{"id":96,"date":"2023-03-21T11:39:54","date_gmt":"2023-03-21T11:39:54","guid":{"rendered":"https:\/\/blogsaverroes.juntadeandalucia.es\/eoeetgccadiz\/?page_id=96"},"modified":"2024-01-29T15:04:08","modified_gmt":"2024-01-29T15:04:08","slug":"que-ver-para-saber-mas","status":"publish","type":"page","link":"https:\/\/blogsaverroes.juntadeandalucia.es\/eoeetgccadiz\/que-ver-para-saber-mas\/","title":{"rendered":"QU\u00c9 VER PARA SABER M\u00c1S"},"content":{"rendered":"<h2><strong>Especialista en TDAH adulto y adolescentes<\/strong><\/h2>\n<p><strong>Javier Est\u00e9vez Rodr\u00edguez<\/strong>&nbsp;(Pontevedra, 1983) es un&nbsp;<strong>psic\u00f3logo y psicopedagogo especializado en TDAH y en trastornos de la conducta<\/strong>. Tras una adolescencia complicada fue diagnosticado de TDAH a los 17 a\u00f1os .<\/p>\n<p><iframe loading=\"lazy\" title=\"\u00bfQu\u00e9 es el Trastorno Negativista Desafiante? Conferencia completa Javier Est\u00e9vez\" width=\"525\" height=\"295\" src=\"https:\/\/www.youtube.com\/embed\/s1M2vAXIOYY?feature=oembed\" frameborder=\"0\" allow=\"accelerometer; autoplay; clipboard-write; encrypted-media; gyroscope; picture-in-picture; web-share\" allowfullscreen><\/iframe><\/p>\n<p><iframe loading=\"lazy\" title=\"Quiero mi bocadillo - Javier Estevez\" width=\"525\" height=\"295\" src=\"https:\/\/www.youtube.com\/embed\/2MaetroGqRU?feature=oembed\" frameborder=\"0\" allow=\"accelerometer; autoplay; clipboard-write; encrypted-media; gyroscope; picture-in-picture; web-share\" allowfullscreen><\/iframe><\/p>\n<p><strong>Jose Ram\u00f3n Gamo. Neuropsic\u00f3logo.<\/strong> Charlas BBVA.<strong> \u00bb Crecer con el TDAH\u00bb.&nbsp;<\/strong> Explica c\u00f3mo podemos incorporar la neurodid\u00e1ctica a la educaci\u00f3n y los conocimientos cient\u00edficos que mejorar\u00e1n el proceso educativo de los ni\u00f1os.<\/p>\n<p><iframe loading=\"lazy\" src=\"\/\/www.youtube.com\/embed\/7cUmBZ8wK7Q\" width=\"560\" height=\"314\"><\/iframe><\/p>\n<p><strong>Anabel Gonz\u00e1lez. \u00bf C\u00f3mo funcionan nuestros miedos?. Charlas BBVA<\/strong>. Anabel es doctora en Medicina y Psiquiatr\u00eda y psicoterapeuta. Trabaja en el Hospital Universitario de A Coru\u00f1a y coordina el Programa de Trauma y Disociaci\u00f3n. Es entrenadora acreditadad en terapia EMDR .<\/p>\n<p><iframe loading=\"lazy\" src=\"\/\/www.youtube.com\/embed\/de5m11tkezI\" width=\"560\" height=\"314\"><\/iframe><\/p>\n<p>A<strong>lma Serra. 7 materiales y 4 cuentos para trabajar la rabia.<\/strong> Actualmente, esta psic\u00f3loga, ha fundado y dirije el <a href=\"https:\/\/www.almaserra.com\/centro-psicologia-humanista-sevilla\/\" target=\"_blank\" rel=\"noopener noreferrer\">CENTRO DE PSICOLOG\u00cdA HUMANISTA DE SEVILLA<\/a> donde ejerce como psic\u00f3loga en consulta privada. Se dedica a escribir cuentos y crear materiales psicopedag\u00f3gicos.&nbsp;<\/p>\n<p><iframe loading=\"lazy\" title=\"7 materiales y 4 cuentos para trabajar la rabia\" width=\"525\" height=\"394\" src=\"https:\/\/www.youtube.com\/embed\/YZFX9jU1B-I?start=545&#038;feature=oembed\" frameborder=\"0\" allow=\"accelerometer; autoplay; clipboard-write; encrypted-media; gyroscope; picture-in-picture; web-share\" allowfullscreen><\/iframe><\/p>\n","protected":false},"excerpt":{"rendered":"<p>Especialista en TDAH adulto y adolescentes Javier Est\u00e9vez Rodr\u00edguez&nbsp;(Pontevedra, 1983) es un&nbsp;psic\u00f3logo y psicopedagogo especializado en TDAH y en trastornos de la conducta. Tras una adolescencia complicada fue diagnosticado de TDAH a los 17 a\u00f1os . Jose Ram\u00f3n Gamo. Neuropsic\u00f3logo. Charlas BBVA. \u00bb Crecer con el TDAH\u00bb.&nbsp; Explica c\u00f3mo podemos incorporar la neurodid\u00e1ctica a la &hellip; <\/p>\n<p class=\"link-more\"><a href=\"https:\/\/blogsaverroes.juntadeandalucia.es\/eoeetgccadiz\/que-ver-para-saber-mas\/\" class=\"more-link\">Continuar leyendo<span class=\"screen-reader-text\"> \u00abQU\u00c9 VER PARA SABER M\u00c1S\u00bb<\/span><\/a><\/p>\n","protected":false},"author":15598,"featured_media":0,"parent":0,"menu_order":0,"comment_status":"closed","ping_status":"closed","template":"","meta":{"ngg_post_thumbnail":0,"footnotes":""},"aioseo_notices":[],"_links":{"self":[{"href":"https:\/\/blogsaverroes.juntadeandalucia.es\/eoeetgccadiz\/wp-json\/wp\/v2\/pages\/96"}],"collection":[{"href":"https:\/\/blogsaverroes.juntadeandalucia.es\/eoeetgccadiz\/wp-json\/wp\/v2\/pages"}],"about":[{"href":"https:\/\/blogsaverroes.juntadeandalucia.es\/eoeetgccadiz\/wp-json\/wp\/v2\/types\/page"}],"author":[{"embeddable":true,"href":"https:\/\/blogsaverroes.juntadeandalucia.es\/eoeetgccadiz\/wp-json\/wp\/v2\/users\/15598"}],"replies":[{"embeddable":true,"href":"https:\/\/blogsaverroes.juntadeandalucia.es\/eoeetgccadiz\/wp-json\/wp\/v2\/comments?post=96"}],"version-history":[{"count":6,"href":"https:\/\/blogsaverroes.juntadeandalucia.es\/eoeetgccadiz\/wp-json\/wp\/v2\/pages\/96\/revisions"}],"predecessor-version":[{"id":446,"href":"https:\/\/blogsaverroes.juntadeandalucia.es\/eoeetgccadiz\/wp-json\/wp\/v2\/pages\/96\/revisions\/446"}],"wp:attachment":[{"href":"https:\/\/blogsaverroes.juntadeandalucia.es\/eoeetgccadiz\/wp-json\/wp\/v2\/media?parent=96"}],"curies":[{"name":"wp","href":"https:\/\/api.w.org\/{rel}","templated":true}]}}