{"id":1051,"date":"2022-11-20T20:36:18","date_gmt":"2022-11-20T19:36:18","guid":{"rendered":"https:\/\/blogsaverroes.juntadeandalucia.es\/eoepriegodecordoba\/?page_id=1051"},"modified":"2022-12-04T13:58:09","modified_gmt":"2022-12-04T12:58:09","slug":"historia","status":"publish","type":"page","link":"https:\/\/blogsaverroes.juntadeandalucia.es\/eoepriegodecordoba\/historia\/","title":{"rendered":"Historia"},"content":{"rendered":"<p><img loading=\"lazy\" decoding=\"async\" class=\"aligncenter wp-image-1219 size-large\" src=\"https:\/\/blogsaverroes.juntadeandalucia.es\/eoepriegodecordoba\/files\/2022\/11\/historia-EOE-Priego-1-1024x768.png\" alt=\"Historia EOE Priego\" width=\"1024\" height=\"768\" srcset=\"https:\/\/blogsaverroes.juntadeandalucia.es\/eoepriegodecordoba\/files\/2022\/11\/historia-EOE-Priego-1-1024x768.png 1024w, https:\/\/blogsaverroes.juntadeandalucia.es\/eoepriegodecordoba\/files\/2022\/11\/historia-EOE-Priego-1-300x225.png 300w, https:\/\/blogsaverroes.juntadeandalucia.es\/eoepriegodecordoba\/files\/2022\/11\/historia-EOE-Priego-1-768x576.png 768w, https:\/\/blogsaverroes.juntadeandalucia.es\/eoepriegodecordoba\/files\/2022\/11\/historia-EOE-Priego-1-1536x1152.png 1536w, https:\/\/blogsaverroes.juntadeandalucia.es\/eoepriegodecordoba\/files\/2022\/11\/historia-EOE-Priego-1-2048x1536.png 2048w\" sizes=\"(max-width: 1024px) 100vw, 1024px\" \/><\/p>\n<p>&nbsp;<\/p>\n<p><span style=\"font-size: 14pt\">El <strong>Equipo de Orientaci\u00f3n Educativa (EOE) de Priego de C\u00f3rdoba<\/strong> tiene sus or\u00edgenes en 1983, con la creaci\u00f3n del&nbsp;<strong>Equipo de Promoci\u00f3n y Orientaci\u00f3n Educativa (EPOE)<\/strong>&nbsp;el cual desarrollaba funciones generales de apoyo al profesorado, para la orientaci\u00f3n vocacional y profesional y la valoraci\u00f3n psicopedag\u00f3gica de los alumnos.<\/span><\/p>\n<p>&nbsp;<\/p>\n<p><span style=\"font-size: 14pt\">Tambi\u00e9n en 1983 se crea el&nbsp;<strong>Servicio de Apoyo Escolar (SAE)<\/strong>&nbsp;el cual centraba su intervenci\u00f3n en las zonas y centros declarados de Actuaci\u00f3n Educativa Preferente.<\/span><\/p>\n<p>&nbsp;<\/p>\n<p><span style=\"font-size: 14pt\">En el a\u00f1o 1985 se crea el&nbsp;<strong>Equipo de Atenci\u00f3n Temprana y Apoyo a la Integraci\u00f3n (EATAI)<\/strong>, para la atenci\u00f3n educativa del sector de poblaci\u00f3n escolar con necesidades educativas especiales.<\/span><\/p>\n<p>&nbsp;<\/p>\n<p><span style=\"font-size: 14pt\">Por \u00faltimo, en el a\u00f1o 1995 y a ra\u00edz de la publicaci\u00f3n del DECRETO 213\/1995, de 12 de septiembre de 1995, los anteriores servicios (EPOE, SAE y EATAI) y sus profesionales correspondientes quedan agrupados en una \u00fanica unidad o servicio educativo, el&nbsp;<strong>EQUIPO DE ORIENTACI\u00d3N EDUCATIVA (EOE).<\/strong><\/span><\/p>\n<p><em>&#8230;hasta la actualidad.&nbsp;<\/em><\/p>\n<p>&nbsp;<\/p>\n<p><img loading=\"lazy\" decoding=\"async\" class=\"aligncenter wp-image-1231 size-full\" src=\"https:\/\/blogsaverroes.juntadeandalucia.es\/eoepriegodecordoba\/files\/2022\/12\/histoira.jpeg\" alt=\"\" width=\"703\" height=\"898\" srcset=\"https:\/\/blogsaverroes.juntadeandalucia.es\/eoepriegodecordoba\/files\/2022\/12\/histoira.jpeg 703w, https:\/\/blogsaverroes.juntadeandalucia.es\/eoepriegodecordoba\/files\/2022\/12\/histoira-235x300.jpeg 235w\" sizes=\"(max-width: 703px) 100vw, 703px\" \/><\/p>\n","protected":false},"excerpt":{"rendered":"<p>&nbsp; El Equipo de Orientaci\u00f3n Educativa (EOE) de Priego de C\u00f3rdoba tiene sus or\u00edgenes en 1983, con la creaci\u00f3n del&nbsp;Equipo de Promoci\u00f3n y Orientaci\u00f3n Educativa (EPOE)&nbsp;el cual desarrollaba funciones generales de apoyo al profesorado,&#46;&#46;&#46;<\/p>\n","protected":false},"author":15677,"featured_media":0,"parent":0,"menu_order":0,"comment_status":"closed","ping_status":"closed","template":"","meta":{"_exactmetrics_skip_tracking":false,"_exactmetrics_sitenote_active":false,"_exactmetrics_sitenote_note":"","_exactmetrics_sitenote_category":0,"ngg_post_thumbnail":0,"footnotes":""},"aioseo_notices":[],"_links":{"self":[{"href":"https:\/\/blogsaverroes.juntadeandalucia.es\/eoepriegodecordoba\/wp-json\/wp\/v2\/pages\/1051"}],"collection":[{"href":"https:\/\/blogsaverroes.juntadeandalucia.es\/eoepriegodecordoba\/wp-json\/wp\/v2\/pages"}],"about":[{"href":"https:\/\/blogsaverroes.juntadeandalucia.es\/eoepriegodecordoba\/wp-json\/wp\/v2\/types\/page"}],"author":[{"embeddable":true,"href":"https:\/\/blogsaverroes.juntadeandalucia.es\/eoepriegodecordoba\/wp-json\/wp\/v2\/users\/15677"}],"replies":[{"embeddable":true,"href":"https:\/\/blogsaverroes.juntadeandalucia.es\/eoepriegodecordoba\/wp-json\/wp\/v2\/comments?post=1051"}],"version-history":[{"count":10,"href":"https:\/\/blogsaverroes.juntadeandalucia.es\/eoepriegodecordoba\/wp-json\/wp\/v2\/pages\/1051\/revisions"}],"predecessor-version":[{"id":1232,"href":"https:\/\/blogsaverroes.juntadeandalucia.es\/eoepriegodecordoba\/wp-json\/wp\/v2\/pages\/1051\/revisions\/1232"}],"wp:attachment":[{"href":"https:\/\/blogsaverroes.juntadeandalucia.es\/eoepriegodecordoba\/wp-json\/wp\/v2\/media?parent=1051"}],"curies":[{"name":"wp","href":"https:\/\/api.w.org\/{rel}","templated":true}]}}

<p><img loading="lazy" decoding="async" class="aligncenter wp-image-1219 size-large" src="https://blogsaverroes.juntadeandalucia.es/eoepriegodecordoba/files/2022/11/historia-EOE-Priego-1-1024x768.png" alt="Historia EOE Priego" width="1024" height="768" srcset="https://blogsaverroes.juntadeandalucia.es/eoepriegodecordoba/files/2022/11/historia-EOE-Priego-1-1024x768.png 1024w, https://blogsaverroes.juntadeandalucia.es/eoepriegodecordoba/files/2022/11/historia-EOE-Priego-1-300x225.png 300w, https://blogsaverroes.juntadeandalucia.es/eoepriegodecordoba/files/2022/11/historia-EOE-Priego-1-768x576.png 768w, https://blogsaverroes.juntadeandalucia.es/eoepriegodecordoba/files/2022/11/historia-EOE-Priego-1-1536x1152.png 1536w, https://blogsaverroes.juntadeandalucia.es/eoepriegodecordoba/files/2022/11/historia-EOE-Priego-1-2048x1536.png 2048w" sizes="(max-width: 1024px) 100vw, 1024px" /></p>
<p>&nbsp;</p>
<p><span style="font-size: 14pt">El <strong>Equipo de Orientación Educativa (EOE) de Priego de Córdoba</strong> tiene sus orígenes en 1983, con la creación del&nbsp;<strong>Equipo de Promoción y Orientación Educativa (EPOE)</strong>&nbsp;el cual desarrollaba funciones generales de apoyo al profesorado, para la orientación vocacional y profesional y la valoración psicopedagógica de los alumnos.</span></p>
<p>&nbsp;</p>
<p><span style="font-size: 14pt">También en 1983 se crea el&nbsp;<strong>Servicio de Apoyo Escolar (SAE)</strong>&nbsp;el cual centraba su intervención en las zonas y centros declarados de Actuación Educativa Preferente.</span></p>
<p>&nbsp;</p>
<p><span style="font-size: 14pt">En el año 1985 se crea el&nbsp;<strong>Equipo de Atención Temprana y Apoyo a la Integración (EATAI)</strong>, para la atención educativa del sector de población escolar con necesidades educativas especiales.</span></p>
<p>&nbsp;</p>
<p><span style="font-size: 14pt">Por último, en el año 1995 y a raíz de la publicación del DECRETO 213/1995, de 12 de septiembre de 1995, los anteriores servicios (EPOE, SAE y EATAI) y sus profesionales correspondientes quedan agrupados en una única unidad o servicio educativo, el&nbsp;<strong>EQUIPO DE ORIENTACIÓN EDUCATIVA (EOE).</strong></span></p>
<p><em>&#8230;hasta la actualidad.&nbsp;</em></p>
<p>&nbsp;</p>
<p><img loading="lazy" decoding="async" class="aligncenter wp-image-1231 size-full" src="https://blogsaverroes.juntadeandalucia.es/eoepriegodecordoba/files/2022/12/histoira.jpeg" alt="" width="703" height="898" srcset="https://blogsaverroes.juntadeandalucia.es/eoepriegodecordoba/files/2022/12/histoira.jpeg 703w, https://blogsaverroes.juntadeandalucia.es/eoepriegodecordoba/files/2022/12/histoira-235x300.jpeg 235w" sizes="(max-width: 703px) 100vw, 703px" /></p>

<p>&nbsp; El Equipo de Orientación Educativa (EOE) de Priego de Córdoba tiene sus orígenes en 1983, con la creación del&nbsp;Equipo de Promoción y Orientación Educativa (EPOE)&nbsp;el cual desarrollaba funciones generales de apoyo al profesorado,&#46;&#46;&#46;</p>
