{"id":1252,"date":"2022-12-09T17:44:46","date_gmt":"2022-12-09T16:44:46","guid":{"rendered":"https:\/\/blogsaverroes.juntadeandalucia.es\/eoepriegodecordoba\/?page_id=1252"},"modified":"2022-12-09T18:28:10","modified_gmt":"2022-12-09T17:28:10","slug":"priego-de-cordoba-2","status":"publish","type":"page","link":"https:\/\/blogsaverroes.juntadeandalucia.es\/eoepriegodecordoba\/priego-de-cordoba-2\/","title":{"rendered":"Priego de C\u00f3rdoba"},"content":{"rendered":"<p><span style=\"text-decoration: underline;font-size: 14pt\"><em><b><img loading=\"lazy\" decoding=\"async\" class=\"aligncenter wp-image-1297 size-full\" src=\"https:\/\/blogsaverroes.juntadeandalucia.es\/eoepriegodecordoba\/files\/2022\/12\/Priego.jpg\" alt=\"\" width=\"550\" height=\"224\" srcset=\"https:\/\/blogsaverroes.juntadeandalucia.es\/eoepriegodecordoba\/files\/2022\/12\/Priego.jpg 550w, https:\/\/blogsaverroes.juntadeandalucia.es\/eoepriegodecordoba\/files\/2022\/12\/Priego-300x122.jpg 300w\" sizes=\"(max-width: 550px) 100vw, 550px\" \/><\/b><\/em><\/span><\/p>\n<p><span style=\"text-decoration: underline;font-size: 14pt\"><em><b>Priego de C\u00f3rdoba<\/b><\/em><\/span>&nbsp;es un&nbsp;municipio&nbsp;y una&nbsp;ciudad&nbsp;espa\u00f1ola&nbsp;de la&nbsp;provincia de C\u00f3rdoba, en la comunidad aut\u00f3noma de&nbsp;Andaluc\u00eda. Perteneciente a la comarca de la&nbsp;Subb\u00e9tica, cuenta con una poblaci\u00f3n de&nbsp;22&nbsp;251 habitantes&nbsp;(INE 2021).<\/p>\n<p>Cabeza de&nbsp;partido judicial&nbsp;en la que se levantan 8&nbsp;aldeas&nbsp;y 17&nbsp;diseminados,\u200b pertenece a la comarca de la&nbsp;Mancomunidad de la Subb\u00e9tica, que se encuentra ubicada en la&nbsp;subb\u00e9tica andaluza&nbsp;y es integrante de la&nbsp;Ruta del Califato.<\/p>\n<p>Es conocida como&nbsp;<i>ciudad del agua<\/i>&nbsp;por la multitud de manantiales que brotan en su entorno y&nbsp;<i>joya del Barroco cordob\u00e9s<\/i>&nbsp;por el elevado n\u00famero de construcciones de&nbsp;estilo barroco&nbsp;que posee.<\/p>\n<p>M\u00e1s informaci\u00f3n <a href=\"https:\/\/es.wikipedia.org\/wiki\/Priego_de_C%C3%B3rdoba\" target=\"_blank\" rel=\"noopener noreferrer\">aqu\u00ed.<\/a><\/p>\n<p><a href=\"https:\/\/priegodecordoba.es\/\" target=\"_blank\" rel=\"noopener noreferrer\">Ayuntamiento de Priego de C\u00f3rdoba.&nbsp;<\/a><\/p>\n<p><a href=\"https:\/\/turismodepriego.com\/es\/index.php\" target=\"_blank\" rel=\"noopener noreferrer\">Turismo de Priego de C\u00f3rdoba.<\/a><\/p>\nngg_shortcode_0_placeholder\n","protected":false},"excerpt":{"rendered":"<p>Priego de C\u00f3rdoba&nbsp;es un&nbsp;municipio&nbsp;y una&nbsp;ciudad&nbsp;espa\u00f1ola&nbsp;de la&nbsp;provincia de C\u00f3rdoba, en la comunidad aut\u00f3noma de&nbsp;Andaluc\u00eda. Perteneciente a la comarca de la&nbsp;Subb\u00e9tica, cuenta con una poblaci\u00f3n de&nbsp;22&nbsp;251 habitantes&nbsp;(INE 2021). Cabeza de&nbsp;partido judicial&nbsp;en la que se levantan 8&nbsp;aldeas&nbsp;y&#46;&#46;&#46;<\/p>\n","protected":false},"author":15677,"featured_media":0,"parent":0,"menu_order":0,"comment_status":"closed","ping_status":"closed","template":"","meta":{"_exactmetrics_skip_tracking":false,"_exactmetrics_sitenote_active":false,"_exactmetrics_sitenote_note":"","_exactmetrics_sitenote_category":0,"ngg_post_thumbnail":0,"footnotes":""},"aioseo_notices":[],"_links":{"self":[{"href":"https:\/\/blogsaverroes.juntadeandalucia.es\/eoepriegodecordoba\/wp-json\/wp\/v2\/pages\/1252"}],"collection":[{"href":"https:\/\/blogsaverroes.juntadeandalucia.es\/eoepriegodecordoba\/wp-json\/wp\/v2\/pages"}],"about":[{"href":"https:\/\/blogsaverroes.juntadeandalucia.es\/eoepriegodecordoba\/wp-json\/wp\/v2\/types\/page"}],"author":[{"embeddable":true,"href":"https:\/\/blogsaverroes.juntadeandalucia.es\/eoepriegodecordoba\/wp-json\/wp\/v2\/users\/15677"}],"replies":[{"embeddable":true,"href":"https:\/\/blogsaverroes.juntadeandalucia.es\/eoepriegodecordoba\/wp-json\/wp\/v2\/comments?post=1252"}],"version-history":[{"count":3,"href":"https:\/\/blogsaverroes.juntadeandalucia.es\/eoepriegodecordoba\/wp-json\/wp\/v2\/pages\/1252\/revisions"}],"predecessor-version":[{"id":1298,"href":"https:\/\/blogsaverroes.juntadeandalucia.es\/eoepriegodecordoba\/wp-json\/wp\/v2\/pages\/1252\/revisions\/1298"}],"wp:attachment":[{"href":"https:\/\/blogsaverroes.juntadeandalucia.es\/eoepriegodecordoba\/wp-json\/wp\/v2\/media?parent=1252"}],"curies":[{"name":"wp","href":"https:\/\/api.w.org\/{rel}","templated":true}]}}

Priego de Córdoba

<p><span style="text-decoration: underline;font-size: 14pt"><em><b><img loading="lazy" decoding="async" class="aligncenter wp-image-1297 size-full" src="https://blogsaverroes.juntadeandalucia.es/eoepriegodecordoba/files/2022/12/Priego.jpg" alt="" width="550" height="224" srcset="https://blogsaverroes.juntadeandalucia.es/eoepriegodecordoba/files/2022/12/Priego.jpg 550w, https://blogsaverroes.juntadeandalucia.es/eoepriegodecordoba/files/2022/12/Priego-300x122.jpg 300w" sizes="(max-width: 550px) 100vw, 550px" /></b></em></span></p>
<p><span style="text-decoration: underline;font-size: 14pt"><em><b>Priego de Córdoba</b></em></span>&nbsp;es un&nbsp;municipio&nbsp;y una&nbsp;ciudad&nbsp;española&nbsp;de la&nbsp;provincia de Córdoba, en la comunidad autónoma de&nbsp;Andalucía. Perteneciente a la comarca de la&nbsp;Subbética, cuenta con una población de&nbsp;22&nbsp;251 habitantes&nbsp;(INE 2021).</p>
<p>Cabeza de&nbsp;partido judicial&nbsp;en la que se levantan 8&nbsp;aldeas&nbsp;y 17&nbsp;diseminados,​ pertenece a la comarca de la&nbsp;Mancomunidad de la Subbética, que se encuentra ubicada en la&nbsp;subbética andaluza&nbsp;y es integrante de la&nbsp;Ruta del Califato.</p>
<p>Es conocida como&nbsp;<i>ciudad del agua</i>&nbsp;por la multitud de manantiales que brotan en su entorno y&nbsp;<i>joya del Barroco cordobés</i>&nbsp;por el elevado número de construcciones de&nbsp;estilo barroco&nbsp;que posee.</p>
<p>Más información <a href="https://es.wikipedia.org/wiki/Priego_de_C%C3%B3rdoba" target="_blank" rel="noopener noreferrer">aquí.</a></p>
<p><a href="https://priegodecordoba.es/" target="_blank" rel="noopener noreferrer">Ayuntamiento de Priego de Córdoba.&nbsp;</a></p>
<p><a href="https://turismodepriego.com/es/index.php" target="_blank" rel="noopener noreferrer">Turismo de Priego de Córdoba.</a></p>
ngg_shortcode_0_placeholder

<p>Priego de Córdoba&nbsp;es un&nbsp;municipio&nbsp;y una&nbsp;ciudad&nbsp;española&nbsp;de la&nbsp;provincia de Córdoba, en la comunidad autónoma de&nbsp;Andalucía. Perteneciente a la comarca de la&nbsp;Subbética, cuenta con una población de&nbsp;22&nbsp;251 habitantes&nbsp;(INE 2021). Cabeza de&nbsp;partido judicial&nbsp;en la que se levantan 8&nbsp;aldeas&nbsp;y&#46;&#46;&#46;</p>
