{"id":1258,"date":"2022-12-09T17:46:31","date_gmt":"2022-12-09T16:46:31","guid":{"rendered":"https:\/\/blogsaverroes.juntadeandalucia.es\/eoepriegodecordoba\/?page_id=1258"},"modified":"2022-12-09T18:22:14","modified_gmt":"2022-12-09T17:22:14","slug":"iznajar","status":"publish","type":"page","link":"https:\/\/blogsaverroes.juntadeandalucia.es\/eoepriegodecordoba\/iznajar\/","title":{"rendered":"Izn\u00e1jar"},"content":{"rendered":"<p><img loading=\"lazy\" decoding=\"async\" class=\"aligncenter wp-image-1292 size-full\" src=\"https:\/\/blogsaverroes.juntadeandalucia.es\/eoepriegodecordoba\/files\/2022\/12\/Captura-de-pantalla-2022-12-09-a-las-18.21.11.png\" alt=\"\" width=\"1750\" height=\"512\" srcset=\"https:\/\/blogsaverroes.juntadeandalucia.es\/eoepriegodecordoba\/files\/2022\/12\/Captura-de-pantalla-2022-12-09-a-las-18.21.11.png 1750w, https:\/\/blogsaverroes.juntadeandalucia.es\/eoepriegodecordoba\/files\/2022\/12\/Captura-de-pantalla-2022-12-09-a-las-18.21.11-300x88.png 300w, https:\/\/blogsaverroes.juntadeandalucia.es\/eoepriegodecordoba\/files\/2022\/12\/Captura-de-pantalla-2022-12-09-a-las-18.21.11-1024x300.png 1024w, https:\/\/blogsaverroes.juntadeandalucia.es\/eoepriegodecordoba\/files\/2022\/12\/Captura-de-pantalla-2022-12-09-a-las-18.21.11-768x225.png 768w, https:\/\/blogsaverroes.juntadeandalucia.es\/eoepriegodecordoba\/files\/2022\/12\/Captura-de-pantalla-2022-12-09-a-las-18.21.11-1536x449.png 1536w\" sizes=\"(max-width: 1750px) 100vw, 1750px\" \/><\/p>\n<p><span style=\"font-size: 14pt\"><strong>Izn\u00e1jar<\/strong><\/span> es un municipio espa\u00f1ol de la provincia de C\u00f3rdoba, Andaluc\u00eda. La villa est\u00e1 coronada&nbsp;<\/p>\n<p>por el castillo de Hisn-Ashar y la parroquia de Santiago Ap\u00f3stol. A finales del siglo XIX, m\u00e1s de dos tercios de su poblaci\u00f3n estaba diseminada por cortijos, casas de campo y aldeas. En 2016 contaba con 4461 habitantes.&nbsp;<\/p>\n<p>Izn\u00e1jar es considerado uno de los pueblos m\u00e1s bonitos de Espa\u00f1a. La localizaci\u00f3n de Izn\u00e1jar, enclavado en lo alto de un cerro y rodeado por las aguas del embalse que lleva su nombre, convierten a este pueblo en una pen\u00ednsula que se une a tierra adem\u00e1s por dos puentes, el<\/p>\n<p>&nbsp;Agrom\u00e1n y el Fern\u00e1ndez, v\u00edas de acceso para quienes nos visitan desde el norte o el sur.<br \/>\nIzn\u00e1jar es uno de los pueblos con mayor dispersi\u00f3n de poblaci\u00f3n, contando con diecinueve aldeas o diseminados, haciendo de esta localidad un territorio rico en costumbres, tradiciones y un enclave privilegiado por su riqueza natural, cultural y patrimonial.<br \/>\nPasear por nuestras calles, plazas, rincones o alguna de las aldeas, visitar el barrio de la Villa, declarado Bien de Inter\u00e9s Cultural, con su Castillo nazar\u00ed, la Parroquia de Santiago o el Patio de las Comedias; disfrutar de las vistas desde los numerosos miradores al embalse, o de las puestas de sol desde la playa de Valdearenas; practicar deportes n\u00e1uticos, senderismo o cicloturismo en torno al Lago de Andaluc\u00eda, degustar nuestra rica gastronom\u00eda u hospedarte en alguno de los m\u00e1s de 130 alojamientos tur\u00edsticos repartidos por el extenso t\u00e9rmino municipal, son algunos de los motivos por los que te invitamos a conocernos.<br \/>\nIzn\u00e1jar Sorprende.<\/p>\n<p>M\u00e1s informaci\u00f3n:<\/p>\n<p><a href=\"https:\/\/iznajar.es\/\" target=\"_blank\" rel=\"noopener noreferrer\">Ayuntamiento de Izn\u00e1jar.&nbsp;<\/a><\/p>\n<p><a href=\"https:\/\/turismodelasubbetica.es\/iznajar\" target=\"_blank\" rel=\"noopener noreferrer\">Web turismo de Izn\u00e1jar.<\/a><\/p>\n","protected":false},"excerpt":{"rendered":"<p>Izn\u00e1jar es un municipio espa\u00f1ol de la provincia de C\u00f3rdoba, Andaluc\u00eda. La villa est\u00e1 coronada&nbsp; por el castillo de Hisn-Ashar y la parroquia de Santiago Ap\u00f3stol. A finales del siglo XIX, m\u00e1s de dos&#46;&#46;&#46;<\/p>\n","protected":false},"author":15677,"featured_media":0,"parent":0,"menu_order":0,"comment_status":"closed","ping_status":"closed","template":"","meta":{"_exactmetrics_skip_tracking":false,"_exactmetrics_sitenote_active":false,"_exactmetrics_sitenote_note":"","_exactmetrics_sitenote_category":0,"ngg_post_thumbnail":0,"footnotes":""},"aioseo_notices":[],"_links":{"self":[{"href":"https:\/\/blogsaverroes.juntadeandalucia.es\/eoepriegodecordoba\/wp-json\/wp\/v2\/pages\/1258"}],"collection":[{"href":"https:\/\/blogsaverroes.juntadeandalucia.es\/eoepriegodecordoba\/wp-json\/wp\/v2\/pages"}],"about":[{"href":"https:\/\/blogsaverroes.juntadeandalucia.es\/eoepriegodecordoba\/wp-json\/wp\/v2\/types\/page"}],"author":[{"embeddable":true,"href":"https:\/\/blogsaverroes.juntadeandalucia.es\/eoepriegodecordoba\/wp-json\/wp\/v2\/users\/15677"}],"replies":[{"embeddable":true,"href":"https:\/\/blogsaverroes.juntadeandalucia.es\/eoepriegodecordoba\/wp-json\/wp\/v2\/comments?post=1258"}],"version-history":[{"count":3,"href":"https:\/\/blogsaverroes.juntadeandalucia.es\/eoepriegodecordoba\/wp-json\/wp\/v2\/pages\/1258\/revisions"}],"predecessor-version":[{"id":1293,"href":"https:\/\/blogsaverroes.juntadeandalucia.es\/eoepriegodecordoba\/wp-json\/wp\/v2\/pages\/1258\/revisions\/1293"}],"wp:attachment":[{"href":"https:\/\/blogsaverroes.juntadeandalucia.es\/eoepriegodecordoba\/wp-json\/wp\/v2\/media?parent=1258"}],"curies":[{"name":"wp","href":"https:\/\/api.w.org\/{rel}","templated":true}]}}

Iznájar

<p><img loading="lazy" decoding="async" class="aligncenter wp-image-1292 size-full" src="https://blogsaverroes.juntadeandalucia.es/eoepriegodecordoba/files/2022/12/Captura-de-pantalla-2022-12-09-a-las-18.21.11.png" alt="" width="1750" height="512" srcset="https://blogsaverroes.juntadeandalucia.es/eoepriegodecordoba/files/2022/12/Captura-de-pantalla-2022-12-09-a-las-18.21.11.png 1750w, https://blogsaverroes.juntadeandalucia.es/eoepriegodecordoba/files/2022/12/Captura-de-pantalla-2022-12-09-a-las-18.21.11-300x88.png 300w, https://blogsaverroes.juntadeandalucia.es/eoepriegodecordoba/files/2022/12/Captura-de-pantalla-2022-12-09-a-las-18.21.11-1024x300.png 1024w, https://blogsaverroes.juntadeandalucia.es/eoepriegodecordoba/files/2022/12/Captura-de-pantalla-2022-12-09-a-las-18.21.11-768x225.png 768w, https://blogsaverroes.juntadeandalucia.es/eoepriegodecordoba/files/2022/12/Captura-de-pantalla-2022-12-09-a-las-18.21.11-1536x449.png 1536w" sizes="(max-width: 1750px) 100vw, 1750px" /></p>
<p><span style="font-size: 14pt"><strong>Iznájar</strong></span> es un municipio español de la provincia de Córdoba, Andalucía. La villa está coronada&nbsp;</p>
<p>por el castillo de Hisn-Ashar y la parroquia de Santiago Apóstol. A finales del siglo XIX, más de dos tercios de su población estaba diseminada por cortijos, casas de campo y aldeas. En 2016 contaba con 4461 habitantes.&nbsp;</p>
<p>Iznájar es considerado uno de los pueblos más bonitos de España. La localización de Iznájar, enclavado en lo alto de un cerro y rodeado por las aguas del embalse que lleva su nombre, convierten a este pueblo en una península que se une a tierra además por dos puentes, el</p>
<p>&nbsp;Agromán y el Fernández, vías de acceso para quienes nos visitan desde el norte o el sur.<br />
Iznájar es uno de los pueblos con mayor dispersión de población, contando con diecinueve aldeas o diseminados, haciendo de esta localidad un territorio rico en costumbres, tradiciones y un enclave privilegiado por su riqueza natural, cultural y patrimonial.<br />
Pasear por nuestras calles, plazas, rincones o alguna de las aldeas, visitar el barrio de la Villa, declarado Bien de Interés Cultural, con su Castillo nazarí, la Parroquia de Santiago o el Patio de las Comedias; disfrutar de las vistas desde los numerosos miradores al embalse, o de las puestas de sol desde la playa de Valdearenas; practicar deportes náuticos, senderismo o cicloturismo en torno al Lago de Andalucía, degustar nuestra rica gastronomía u hospedarte en alguno de los más de 130 alojamientos turísticos repartidos por el extenso término municipal, son algunos de los motivos por los que te invitamos a conocernos.<br />
Iznájar Sorprende.</p>
<p>Más información:</p>
<p><a href="https://iznajar.es/" target="_blank" rel="noopener noreferrer">Ayuntamiento de Iznájar.&nbsp;</a></p>
<p><a href="https://turismodelasubbetica.es/iznajar" target="_blank" rel="noopener noreferrer">Web turismo de Iznájar.</a></p>

<p>Iznájar es un municipio español de la provincia de Córdoba, Andalucía. La villa está coronada&nbsp; por el castillo de Hisn-Ashar y la parroquia de Santiago Apóstol. A finales del siglo XIX, más de dos&#46;&#46;&#46;</p>
