{"id":1260,"date":"2022-12-09T17:47:00","date_gmt":"2022-12-09T16:47:00","guid":{"rendered":"https:\/\/blogsaverroes.juntadeandalucia.es\/eoepriegodecordoba\/?page_id=1260"},"modified":"2022-12-09T18:26:24","modified_gmt":"2022-12-09T17:26:24","slug":"rute","status":"publish","type":"page","link":"https:\/\/blogsaverroes.juntadeandalucia.es\/eoepriegodecordoba\/rute\/","title":{"rendered":"Rute"},"content":{"rendered":"<p><img loading=\"lazy\" decoding=\"async\" class=\"aligncenter wp-image-1295 size-full\" src=\"https:\/\/blogsaverroes.juntadeandalucia.es\/eoepriegodecordoba\/files\/2022\/12\/Captura-de-pantalla-2022-12-09-a-las-18.25.36.png\" alt=\"\" width=\"1730\" height=\"441\" srcset=\"https:\/\/blogsaverroes.juntadeandalucia.es\/eoepriegodecordoba\/files\/2022\/12\/Captura-de-pantalla-2022-12-09-a-las-18.25.36.png 1730w, https:\/\/blogsaverroes.juntadeandalucia.es\/eoepriegodecordoba\/files\/2022\/12\/Captura-de-pantalla-2022-12-09-a-las-18.25.36-300x76.png 300w, https:\/\/blogsaverroes.juntadeandalucia.es\/eoepriegodecordoba\/files\/2022\/12\/Captura-de-pantalla-2022-12-09-a-las-18.25.36-1024x261.png 1024w, https:\/\/blogsaverroes.juntadeandalucia.es\/eoepriegodecordoba\/files\/2022\/12\/Captura-de-pantalla-2022-12-09-a-las-18.25.36-768x196.png 768w, https:\/\/blogsaverroes.juntadeandalucia.es\/eoepriegodecordoba\/files\/2022\/12\/Captura-de-pantalla-2022-12-09-a-las-18.25.36-1536x392.png 1536w\" sizes=\"(max-width: 1730px) 100vw, 1730px\" \/><\/p>\n<p><span style=\"font-size: 14pt\"><strong>Rute<\/strong> <\/span>es un municipio espa\u00f1ol de la provincia de C\u00f3rdoba, Andaluc\u00eda. Contaba con 10 042 habitantes, seg\u00fan el padr\u00f3n del INE del a\u00f1o 2017. Su extensi\u00f3n superficial es de 132,1 km\u00b2 y tiene una densidad de 75,85 hab\/km\u00b2.<\/p>\n<p>Rute, vive con la sierra a sus espaldas y un mar de olivos a sus pies. Hermosa villa que recibe al viajero con el aroma de sus anisados y el sabor de sus riqu\u00edsimos dulces de Navidad, constituyendo las destiler\u00edas de an\u00eds una tradici\u00f3n de gran solera que lo ha hecho famoso a lo largo de nuestra geograf\u00eda. Su ubicaci\u00f3n, pr\u00e1cticamente equidistante de cuatro capitales andaluzas, su legado hist\u00f3rico, su gastronom\u00eda, as\u00ed como el medio natural en el que se enclava (con gran parte de su t\u00e9rmino municipal incluido en el Geoparque de las Sierras Subb\u00e9ticas), hacen de Rute un destino ideal para disfrutar del tiempo de ocio.<\/p>\n<p>M\u00e1s informaci\u00f3n:<\/p>\n<p><a href=\"https:\/\/rute.es\/\" target=\"_blank\" rel=\"noopener noreferrer\">Ayuntamiento de Rute.&nbsp;<\/a><\/p>\n<p><a href=\"https:\/\/turismodelasubbetica.es\/rute\" target=\"_blank\" rel=\"noopener noreferrer\">Turismo de Rute.&nbsp;<\/a><\/p>\n","protected":false},"excerpt":{"rendered":"<p>Rute es un municipio espa\u00f1ol de la provincia de C\u00f3rdoba, Andaluc\u00eda. Contaba con 10 042 habitantes, seg\u00fan el padr\u00f3n del INE del a\u00f1o 2017. Su extensi\u00f3n superficial es de 132,1 km\u00b2 y tiene una&#46;&#46;&#46;<\/p>\n","protected":false},"author":15677,"featured_media":0,"parent":0,"menu_order":0,"comment_status":"closed","ping_status":"closed","template":"","meta":{"_exactmetrics_skip_tracking":false,"_exactmetrics_sitenote_active":false,"_exactmetrics_sitenote_note":"","_exactmetrics_sitenote_category":0,"ngg_post_thumbnail":0,"footnotes":""},"aioseo_notices":[],"_links":{"self":[{"href":"https:\/\/blogsaverroes.juntadeandalucia.es\/eoepriegodecordoba\/wp-json\/wp\/v2\/pages\/1260"}],"collection":[{"href":"https:\/\/blogsaverroes.juntadeandalucia.es\/eoepriegodecordoba\/wp-json\/wp\/v2\/pages"}],"about":[{"href":"https:\/\/blogsaverroes.juntadeandalucia.es\/eoepriegodecordoba\/wp-json\/wp\/v2\/types\/page"}],"author":[{"embeddable":true,"href":"https:\/\/blogsaverroes.juntadeandalucia.es\/eoepriegodecordoba\/wp-json\/wp\/v2\/users\/15677"}],"replies":[{"embeddable":true,"href":"https:\/\/blogsaverroes.juntadeandalucia.es\/eoepriegodecordoba\/wp-json\/wp\/v2\/comments?post=1260"}],"version-history":[{"count":3,"href":"https:\/\/blogsaverroes.juntadeandalucia.es\/eoepriegodecordoba\/wp-json\/wp\/v2\/pages\/1260\/revisions"}],"predecessor-version":[{"id":1296,"href":"https:\/\/blogsaverroes.juntadeandalucia.es\/eoepriegodecordoba\/wp-json\/wp\/v2\/pages\/1260\/revisions\/1296"}],"wp:attachment":[{"href":"https:\/\/blogsaverroes.juntadeandalucia.es\/eoepriegodecordoba\/wp-json\/wp\/v2\/media?parent=1260"}],"curies":[{"name":"wp","href":"https:\/\/api.w.org\/{rel}","templated":true}]}}