{"id":973,"date":"2022-11-06T16:49:00","date_gmt":"2022-11-06T15:49:00","guid":{"rendered":"https:\/\/blogsaverroes.juntadeandalucia.es\/eoepriegodecordoba\/?page_id=973"},"modified":"2022-12-01T17:53:48","modified_gmt":"2022-12-01T16:53:48","slug":"enlaces","status":"publish","type":"page","link":"https:\/\/blogsaverroes.juntadeandalucia.es\/eoepriegodecordoba\/enlaces\/","title":{"rendered":"Enlaces"},"content":{"rendered":"<p><strong>NORMATIVA VIGENTE. ADIDE ANDALUC\u00cdA:<\/strong><\/p>\n<p><a href=\"https:\/\/www.adideandalucia.es\/index.php?view=normativa\" target=\"_blank\" rel=\"noopener noreferrer\">https:\/\/www.adideandalucia.es\/index.php?view=normativa<\/a><\/p>\n<p>&nbsp;<\/p>\n<p><strong>EQUIPO T\u00c9CNICO PROVINCIAL PARA LA ORIENTACI\u00d3N EDUCATIVA Y PROFESIONAL (ETPOEP) DE C\u00d3RDOBA:<\/strong><\/p>\n<p><a href=\"https:\/\/blogsaverroes.juntadeandalucia.es\/etpoepcordoba\/inicio\/\">https:\/\/blogsaverroes.juntadeandalucia.es\/etpoepcordoba\/inicio\/<\/a><\/p>\n<p>&nbsp;<\/p>\n<p><strong>PADLET EOE ESPECIALIZADO DE C\u00d3RDOBA:<\/strong><\/p>\n<p><a href=\"https:\/\/padlet.com\/eoee\/cordoba\">https:\/\/padlet.com\/eoee\/cordoba<\/a><\/p>\n<p>&nbsp;<\/p>\n<p><strong>PADLET EOE ESPECIALIZADO EN TRASTORNOS DE CONDUCTA DE C\u00d3RDOBA:<\/strong><\/p>\n<p><a href=\"https:\/\/padlet.com\/tgccordoba\/eoeespecializado\">https:\/\/padlet.com\/tgccordoba\/eoeespecializado<\/a><\/p>\n<p>&nbsp;<\/p>\n<p><strong>BLOG EOE ESPECIALIZADO EN DEA DE C\u00d3RDOBA:<\/strong><\/p>\n<blockquote class=\"wp-embedded-content\" data-secret=\"jZ7RPcrflm\"><p><a href=\"https:\/\/blogsaverroes.juntadeandalucia.es\/diacordoba\/\">\u00a1BIENVENIDOS!<\/a><\/p><\/blockquote>\n<p><iframe class=\"wp-embedded-content\" sandbox=\"allow-scripts\" security=\"restricted\" style=\"position: absolute; clip: rect(1px, 1px, 1px, 1px);\" title=\"\u00ab\u00a1BIENVENIDOS!\u00bb \u2014 DES-DIFICULTA EL APRENDIZAJE\" src=\"https:\/\/blogsaverroes.juntadeandalucia.es\/diacordoba\/embed\/#?secret=jZ7RPcrflm\" data-secret=\"jZ7RPcrflm\" width=\"500\" height=\"282\" frameborder=\"0\" marginwidth=\"0\" marginheight=\"0\" scrolling=\"no\"><\/iframe><\/p>\n<p>&nbsp;<\/p>\n<p><strong>GRUPO AMBEZAR:<\/strong><\/p>\n<p><a href=\"https:\/\/www.ambezar.com\/\">https:\/\/www.ambezar.com\/<\/a><\/p>\n<p>&nbsp;<\/p>\n<p><strong>GRUPO AMBEZAR 2:<\/strong><\/p>\n<p><a href=\"http:\/\/agrega.juntadeandalucia.es\/repositorio\/01022016\/84\/es-an_2016020114_9135612\/ambezar\/index.html\">http:\/\/agrega.juntadeandalucia.es\/repositorio\/01022016\/84\/es-an_2016020114_9135612\/ambezar\/index.html<\/a><\/p>\n<p>&nbsp;<\/p>\n<p><strong>EQUIPO T\u00c9CNICO PROVINCIAL PARA LA ORIENTACI\u00d3N EDUCATIVA Y PROFESIONAL (ETPOEP) DE M\u00c1LAGA:<\/strong><br \/>\n<a href=\"https:\/\/blogsaverroes.juntadeandalucia.es\/orientadelegacionmalaga\/e-o-e-e\/\">https:\/\/blogsaverroes.juntadeandalucia.es\/orientadelegacionmalaga\/e-o-e-e\/<\/a><\/p>\n<p>&nbsp;<\/p>\n<p><strong>EOE ESPECIALIZADO EN DIFICULTADES ESPEC\u00cdFICAS DEL APRENDIZAJE DE M\u00c1LAGA:<\/strong><\/p>\n<p><a href=\"https:\/\/blogsaverroes.juntadeandalucia.es\/deamalaga\/\">https:\/\/blogsaverroes.juntadeandalucia.es\/deamalaga\/<\/a><\/p>\n<p>&nbsp;<\/p>\n<p><strong>BLOG DIFICULTADES ESPEC\u00cdFICAS DEL APRENDIZAJE. JULI\u00c1N PALAZ\u00d3N:<\/strong><\/p>\n<p><a href=\"http:\/\/dificultadesespecificasdelaprendizaje.blogspot.com\/\">http:\/\/dificultadesespecificasdelaprendizaje.blogspot.com\/<\/a><\/p>\n<p>&nbsp;<\/p>\n<p><strong>DE LA EVIDENCIA AL AULA. MILAGROS M. TAPIA. Divulgaci\u00f3n de teor\u00edas actualizadas sobre la lectura y escritura:<\/strong><\/p>\n<p><a href=\"https:\/\/delaevidenciaalaula.wordpress.com\/\" target=\"_blank\" rel=\"noopener noreferrer\">https:\/\/delaevidenciaalaula.wordpress.com\/<\/a><\/p>\n<p>&nbsp;<\/p>\n<p><strong>COMPRENSI\u00d3N LECTORA BASADA EN EVIDENCIAS. Investigaci\u00f3n sobre lectura y comprensi\u00f3n:<\/strong><\/p>\n<p><a href=\"https:\/\/clbe.wordpress.com\/\">https:\/\/clbe.wordpress.com\/<\/a><\/p>\n<p>&nbsp;<\/p>\n<p><strong>ORIENTACI\u00d3N PRIEGO: Blog de recursos de orientaci\u00f3n educativa:<\/strong><\/p>\n<p><a href=\"http:\/\/orientacionpriego.blogspot.com\/\">http:\/\/orientacionpriego.blogspot.com\/<\/a><\/p>\n","protected":false},"excerpt":{"rendered":"<p>NORMATIVA VIGENTE. ADIDE ANDALUC\u00cdA: https:\/\/www.adideandalucia.es\/index.php?view=normativa &nbsp; EQUIPO T\u00c9CNICO PROVINCIAL PARA LA ORIENTACI\u00d3N EDUCATIVA Y PROFESIONAL (ETPOEP) DE C\u00d3RDOBA: https:\/\/blogsaverroes.juntadeandalucia.es\/etpoepcordoba\/inicio\/ &nbsp; PADLET EOE ESPECIALIZADO DE C\u00d3RDOBA: https:\/\/padlet.com\/eoee\/cordoba &nbsp; PADLET EOE ESPECIALIZADO EN TRASTORNOS DE CONDUCTA&#46;&#46;&#46;<\/p>\n","protected":false},"author":15677,"featured_media":0,"parent":0,"menu_order":0,"comment_status":"closed","ping_status":"closed","template":"","meta":{"_exactmetrics_skip_tracking":false,"_exactmetrics_sitenote_active":false,"_exactmetrics_sitenote_note":"","_exactmetrics_sitenote_category":0,"ngg_post_thumbnail":0,"footnotes":""},"aioseo_notices":[],"_links":{"self":[{"href":"https:\/\/blogsaverroes.juntadeandalucia.es\/eoepriegodecordoba\/wp-json\/wp\/v2\/pages\/973"}],"collection":[{"href":"https:\/\/blogsaverroes.juntadeandalucia.es\/eoepriegodecordoba\/wp-json\/wp\/v2\/pages"}],"about":[{"href":"https:\/\/blogsaverroes.juntadeandalucia.es\/eoepriegodecordoba\/wp-json\/wp\/v2\/types\/page"}],"author":[{"embeddable":true,"href":"https:\/\/blogsaverroes.juntadeandalucia.es\/eoepriegodecordoba\/wp-json\/wp\/v2\/users\/15677"}],"replies":[{"embeddable":true,"href":"https:\/\/blogsaverroes.juntadeandalucia.es\/eoepriegodecordoba\/wp-json\/wp\/v2\/comments?post=973"}],"version-history":[{"count":6,"href":"https:\/\/blogsaverroes.juntadeandalucia.es\/eoepriegodecordoba\/wp-json\/wp\/v2\/pages\/973\/revisions"}],"predecessor-version":[{"id":1224,"href":"https:\/\/blogsaverroes.juntadeandalucia.es\/eoepriegodecordoba\/wp-json\/wp\/v2\/pages\/973\/revisions\/1224"}],"wp:attachment":[{"href":"https:\/\/blogsaverroes.juntadeandalucia.es\/eoepriegodecordoba\/wp-json\/wp\/v2\/media?parent=973"}],"curies":[{"name":"wp","href":"https:\/\/api.w.org\/{rel}","templated":true}]}}